000
CDUS43 KLMK 250626
CLIBWG


CLIMATE REPORT
NATIONAL WEATHER SERVICE LOUISVILLE KY
226 AM EDT WED MAY 25 2016


...................................

...THE BOWLING GREEN KY CLIMATE SUMMARY FOR MAY 24 2016...

CLIMATE NORMAL PERIOD 1981 TO 2010
CLIMATE RECORD PERIOD 1870 TO 2016


WEATHER ITEM   OBSERVED TIME   RECORD YEAR NORMAL DEPARTURE LAST
                VALUE   (LST)  VALUE       VALUE  FROM      YEAR
                                                  NORMAL
..................................................................
TEMPERATURE (F)
 YESTERDAY
  MAXIMUM         85    157 PM  96    1912  80      5       86
  MINIMUM         50    446 AM  39    1931  57     -7       57
                                      1893
  AVERAGE         68                        69     -1       72

PRECIPITATION (IN)
  YESTERDAY        0.00          1.92 2000   0.17  -0.17     0.00
  MONTH TO DATE    4.43                      4.39   0.04     2.20
  SINCE MAR 1      9.78                     13.14  -3.36    17.55
  SINCE JAN 1     16.36                     20.71  -4.35    23.43

SNOWFALL (IN)
  YESTERDAY        0.0           0.0    MM   0.0    0.0      0.0
  MONTH TO DATE    0.0                       0.0    0.0      0.0
  SINCE MAR 1      T                         1.3   -1.3      7.2
  SINCE JUL 1     24.0                       9.1   14.9     23.5
  SNOW DEPTH       0

DEGREE DAYS
 HEATING
  YESTERDAY        0                         1     -1        0
  MONTH TO DATE   93                        67     26       38
  SINCE MAR 1    630                       838   -208      750
  SINCE JUL 1   3230                      4036   -806     4285

 COOLING
  YESTERDAY        3                         5     -2        7
  MONTH TO DATE   53                        77    -24      107
  SINCE MAR 1     97                       113    -16      142
  SINCE JAN 1     97                       113    -16      142
..................................................................


WIND (MPH)
  HIGHEST WIND SPEED    16   HIGHEST WIND DIRECTION    SW (220)
  HIGHEST GUST SPEED    20   HIGHEST GUST DIRECTION    SW (210)
  AVERAGE WIND SPEED     2.9


SKY COVER
  POSSIBLE SUNSHINE  MM
  AVERAGE SKY COVER 0.1


WEATHER CONDITIONS
 THE FOLLOWING WEATHER WAS RECORDED YESTERDAY.
  FOG


RELATIVE HUMIDITY (PERCENT)
 HIGHEST    96           300 AM
 LOWEST     34           100 PM
 AVERAGE    65

..........................................................


THE BOWLING GREEN KY CLIMATE NORMALS FOR TODAY
                         NORMAL    RECORD    YEAR
 MAXIMUM TEMPERATURE (F)   80        99      1926
 MINIMUM TEMPERATURE (F)   58        38      1925


SUNRISE AND SUNSET
MAY 25 2016...........SUNRISE   531 AM CDT   SUNSET   755 PM CDT
MAY 26 2016...........SUNRISE   530 AM CDT   SUNSET   756 PM CDT


-  INDICATES NEGATIVE NUMBERS.
R  INDICATES RECORD WAS SET OR TIED.
MM INDICATES DATA IS MISSING.
T  INDICATES TRACE AMOUNT.




$$
