000
CDUS43 KLMK 260630
CLIBWG


CLIMATE REPORT
NATIONAL WEATHER SERVICE LOUISVILLE KY
128 AM EST FRI DEC 26 2014


...................................

...THE BOWLING GREEN KY CLIMATE SUMMARY FOR DECEMBER 25 2014...

CLIMATE NORMAL PERIOD 1981 TO 2010
CLIMATE RECORD PERIOD 1870 TO 2014


WEATHER ITEM   OBSERVED TIME   RECORD YEAR NORMAL DEPARTURE LAST
                VALUE   (LST)  VALUE       VALUE  FROM      YEAR
                                                  NORMAL
..................................................................
TEMPERATURE (F)
 YESTERDAY
  MAXIMUM         48    302 PM  70    1982  46      2       43
  MINIMUM         30   1146 PM  -7    1983  28      2       16
  AVERAGE         39                        36      3       30

PRECIPITATION (IN)
  YESTERDAY        0.01          2.96 1987   0.15  -0.14     0.00
  MONTH TO DATE    1.46                      3.99  -2.53     4.54
  SINCE DEC 1      1.46                      3.99  -2.53     4.54
  SINCE JAN 1     45.89                     49.08  -3.19    59.19

SNOWFALL (IN)
  YESTERDAY        0.0           4.5  1935   0.1   -0.1      0.0
  MONTH TO DATE    T                         0.8   -0.8      0.1
  SINCE DEC 1      T                         0.8   -0.8      0.1
  SINCE JUL 1      0.3                       0.8   -0.5      1.2
  SNOW DEPTH       0

DEGREE DAYS
 HEATING
  YESTERDAY       26                        28     -2       35
  MONTH TO DATE  558                       645    -87      621
  SINCE DEC 1    558                       645    -87      621
  SINCE JUL 1   1455                      1408     47     1501

 COOLING
  YESTERDAY        0                         0      0        0
  MONTH TO DATE    0                         0      0        2
  SINCE DEC 1      0                         0      0        2
  SINCE JAN 1   1488                      1491     -3     1501
..................................................................


WIND (MPH)
  HIGHEST WIND SPEED    15   HIGHEST WIND DIRECTION     S (180)
  HIGHEST GUST SPEED    18   HIGHEST GUST DIRECTION    SW (230)
  AVERAGE WIND SPEED     6.0


SKY COVER
  POSSIBLE SUNSHINE  MM
  AVERAGE SKY COVER 0.6


WEATHER CONDITIONS
 THE FOLLOWING WEATHER WAS RECORDED YESTERDAY.
  LIGHT RAIN


RELATIVE HUMIDITY (PERCENT)
 HIGHEST    92          1100 PM
 LOWEST     60           100 PM
 AVERAGE    76

..........................................................


THE BOWLING GREEN KY CLIMATE NORMALS FOR TODAY
                         NORMAL    RECORD    YEAR
 MAXIMUM TEMPERATURE (F)   46        71      1942
 MINIMUM TEMPERATURE (F)   27         3      1903


SUNRISE AND SUNSET
DECEMBER 26 2014......SUNRISE   657 AM CST   SUNSET   435 PM CST
DECEMBER 27 2014......SUNRISE   658 AM CST   SUNSET   436 PM CST


-  INDICATES NEGATIVE NUMBERS.
R  INDICATES RECORD WAS SET OR TIED.
MM INDICATES DATA IS MISSING.
T  INDICATES TRACE AMOUNT.

$$

SCHOETTMER
