056
CDUS43 KLMK 210641
CLIBWG


CLIMATE REPORT
NATIONAL WEATHER SERVICE LOUISVILLE KY
141 AM EST SAT JAN 21 2017


...................................

...THE BOWLING GREEN KY CLIMATE SUMMARY FOR JANUARY 20 2017...

CLIMATE NORMAL PERIOD 1981 TO 2010
CLIMATE RECORD PERIOD 1870 TO 2017


WEATHER ITEM   OBSERVED TIME   RECORD YEAR NORMAL DEPARTURE LAST
                VALUE   (LST)  VALUE       VALUE  FROM      YEAR
                                                  NORMAL
..................................................................
TEMPERATURE (F)
 YESTERDAY
  MAXIMUM         66    325 PM  72    1906  45     21       32
  MINIMUM         56    645 PM -14    1985  26     30       24
  AVERAGE         61                        36     25       28

PRECIPITATION (IN)
  YESTERDAY        0.01          2.35 1927   0.12  -0.11     0.21
  MONTH TO DATE    4.15                      2.29   1.86     0.78
  SINCE DEC 1      9.79                      7.09   2.70     6.01
  SINCE JAN 1      4.15                      2.29   1.86     0.78

SNOWFALL (IN)
  YESTERDAY        0.0           3.0  1977   0.1   -0.1      2.5
                                      1918
  MONTH TO DATE    0.7                       1.9   -1.2      2.6
  SINCE DEC 1      0.7                       3.1   -2.4      2.6
  SINCE JUL 1      0.7                       3.1   -2.4      2.6
  SNOW DEPTH       0

DEGREE DAYS
 HEATING
  YESTERDAY        4                        29    -25       37
  MONTH TO DATE  427                       593   -166      617
  SINCE DEC 1   1222                      1414   -192     1058
  SINCE JUL 1   1708                      2177   -469     1596

 COOLING
  YESTERDAY        0                         0      0        0
  MONTH TO DATE    0                         0      0        0
  SINCE DEC 1      0                         1     -1        2
  SINCE JAN 1      0                         0      0        0
..................................................................


WIND (MPH)
  HIGHEST WIND SPEED    14   HIGHEST WIND DIRECTION    SW (210)
  HIGHEST GUST SPEED    21   HIGHEST GUST DIRECTION    SW (210)
  AVERAGE WIND SPEED     8.3


SKY COVER
  POSSIBLE SUNSHINE  MM
  AVERAGE SKY COVER 0.6


WEATHER CONDITIONS
 THE FOLLOWING WEATHER WAS RECORDED YESTERDAY.
  LIGHT RAIN


RELATIVE HUMIDITY (PERCENT)
 HIGHEST    93          1200 AM
 LOWEST     67          1200 PM
 AVERAGE    80

..........................................................


THE BOWLING GREEN KY CLIMATE NORMALS FOR TODAY
                         NORMAL    RECORD    YEAR
 MAXIMUM TEMPERATURE (F)   45        71      1999
                                             1916
 MINIMUM TEMPERATURE (F)   26       -12      1985


SUNRISE AND SUNSET
JANUARY 21 2017.......SUNRISE   655 AM CST   SUNSET   459 PM CST
JANUARY 22 2017.......SUNRISE   655 AM CST   SUNSET   500 PM CST


-  INDICATES NEGATIVE NUMBERS.
R  INDICATES RECORD WAS SET OR TIED.
MM INDICATES DATA IS MISSING.
T  INDICATES TRACE AMOUNT.




$$
