590
CDUS43 KLMK 120639
CLIBWG


CLIMATE REPORT
NATIONAL WEATHER SERVICE LOUISVILLE KY
139 AM EST TUE DEC 12 2017


...................................

...THE BOWLING GREEN KY CLIMATE SUMMARY FOR DECEMBER 11 2017...

CLIMATE NORMAL PERIOD 1981 TO 2010
CLIMATE RECORD PERIOD 1870 TO 2017


WEATHER ITEM   OBSERVED TIME   RECORD YEAR NORMAL DEPARTURE LAST
                VALUE   (LST)  VALUE       VALUE  FROM      YEAR
                                                  NORMAL
..................................................................
TEMPERATURE (F)
 YESTERDAY
  MAXIMUM         58    307 PM  75    2007  49      9       55
  MINIMUM         24    701 AM   0    1962  30     -6       24
  AVERAGE         41                        39      2       40

PRECIPITATION (IN)
  YESTERDAY        0.00          2.84 1949   0.17  -0.17     0.46
  MONTH TO DATE    0.57                      1.80  -1.23     1.39
  SINCE DEC 1      0.57                      1.80  -1.23     1.39
  SINCE JAN 1     49.55                     46.89   2.66    43.35

SNOWFALL (IN)
  YESTERDAY        0.0           3.4  1898   0.0    0.0      0.0
  MONTH TO DATE    T                         0.2   -0.2      0.0
  SINCE DEC 1      T                         0.2   -0.2      0.0
  SINCE JUL 1      T                         0.2   -0.2      0.0
  SNOW DEPTH       0

DEGREE DAYS
 HEATING
  YESTERDAY       24                        26     -2       25
  MONTH TO DATE  266                       264      2      296
  SINCE DEC 1    266                       264      2      296
  SINCE JUL 1    967                      1027    -60      782

 COOLING
  YESTERDAY        0                         0      0        0
  MONTH TO DATE    0                         0      0        0
  SINCE DEC 1      0                         0      0        0
  SINCE JAN 1   1600                      1491    109     1979
..................................................................


WIND (MPH)
  HIGHEST WIND SPEED    22   HIGHEST WIND DIRECTION     W (260)
  HIGHEST GUST SPEED    34   HIGHEST GUST DIRECTION     W (270)
  AVERAGE WIND SPEED     8.1


SKY COVER
  POSSIBLE SUNSHINE  MM
  AVERAGE SKY COVER 0.0


WEATHER CONDITIONS
 THE FOLLOWING WEATHER WAS RECORDED YESTERDAY.
  NO SIGNIFICANT WEATHER WAS OBSERVED.


RELATIVE HUMIDITY (PERCENT)
 HIGHEST    88           600 AM
 LOWEST     36           200 PM
 AVERAGE    62

..........................................................


THE BOWLING GREEN KY CLIMATE NORMALS FOR TODAY
                         NORMAL    RECORD    YEAR
 MAXIMUM TEMPERATURE (F)   49        70      2015
 MINIMUM TEMPERATURE (F)   30        -5      1962


SUNRISE AND SUNSET
DECEMBER 12 2017......SUNRISE   650 AM CST   SUNSET   429 PM CST
DECEMBER 13 2017......SUNRISE   650 AM CST   SUNSET   430 PM CST


-  INDICATES NEGATIVE NUMBERS.
R  INDICATES RECORD WAS SET OR TIED.
MM INDICATES DATA IS MISSING.
T  INDICATES TRACE AMOUNT.




$$
