000
CDUS43 KLMK 210627
CLIBWG


CLIMATE REPORT
NATIONAL WEATHER SERVICE LOUISVILLE KY
226 AM EDT MON APR 21 2014


...................................

...THE BOWLING GREEN KY CLIMATE SUMMARY FOR APRIL 20 2014...

CLIMATE NORMAL PERIOD 1981 TO 2010
CLIMATE RECORD PERIOD 1870 TO 2014


WEATHER ITEM   OBSERVED TIME   RECORD YEAR NORMAL DEPARTURE LAST
                VALUE   (LST)  VALUE       VALUE  FROM      YEAR
                                                  NORMAL
..................................................................
TEMPERATURE (F)
 YESTERDAY
  MAXIMUM         77    344 PM  87    1964  71      6       61
  MINIMUM         43    504 AM  28    1926  47     -4       37
                                      1983
  AVERAGE         60                        59      1       49

PRECIPITATION (IN)
  YESTERDAY        0.00          1.86 1995   0.16  -0.16     0.00
  MONTH TO DATE    3.05                      2.76   0.29     3.29
  SINCE MAR 1      6.78                      7.17  -0.39     8.50
  SINCE JAN 1     13.95                     14.74  -0.79    16.19

SNOWFALL (IN)
  YESTERDAY        0.0           5.0  1904   0.0    0.0      0.0
  MONTH TO DATE    T                         0.2   -0.2      0.0
  SINCE MAR 1      5.1                       1.3    3.8      2.5
  SINCE JUL 1     10.4                       9.1    1.3      3.8
  SNOW DEPTH       0

DEGREE DAYS
 HEATING
  YESTERDAY        5                         7     -2       16
  MONTH TO DATE  160                       193    -33      166
  SINCE MAR 1    813                       713    100      843
  SINCE JUL 1   4422                      3911    511     3738

 COOLING
  YESTERDAY        0                         1     -1        0
  MONTH TO DATE   12                        19     -7       53
  SINCE MAR 1     12                        24    -12       53
  SINCE JAN 1     12                        24    -12       53
..................................................................


WIND (MPH)
  HIGHEST WIND SPEED    10   HIGHEST WIND DIRECTION    SW (220)
  HIGHEST GUST SPEED    13   HIGHEST GUST DIRECTION    SW (210)
  AVERAGE WIND SPEED     1.3


SKY COVER
  POSSIBLE SUNSHINE  MM
  AVERAGE SKY COVER 0.0


WEATHER CONDITIONS
 THE FOLLOWING WEATHER WAS RECORDED YESTERDAY.
  NO SIGNIFICANT WEATHER WAS OBSERVED.


RELATIVE HUMIDITY (PERCENT)
 HIGHEST    82           500 AM
 LOWEST     23           400 PM
 AVERAGE    53

..........................................................


THE BOWLING GREEN KY CLIMATE NORMALS FOR TODAY
                         NORMAL    RECORD    YEAR
 MAXIMUM TEMPERATURE (F)   71        89      1963
 MINIMUM TEMPERATURE (F)   47        24      1888


SUNRISE AND SUNSET
APRIL 21 2014.........SUNRISE   604 AM CDT   SUNSET   726 PM CDT
APRIL 22 2014.........SUNRISE   602 AM CDT   SUNSET   727 PM CDT


-  INDICATES NEGATIVE NUMBERS.
R  INDICATES RECORD WAS SET OR TIED.
MM INDICATES DATA IS MISSING.
T  INDICATES TRACE AMOUNT.




$$
