000
CDUS43 KLMK 190629
CLIBWG


CLIMATE REPORT
NATIONAL WEATHER SERVICE LOUISVILLE KY
129 AM EST MON FEB 19 2018


...................................

...THE BOWLING GREEN KY CLIMATE SUMMARY FOR FEBRUARY 18 2018...

CLIMATE NORMAL PERIOD 1981 TO 2010
CLIMATE RECORD PERIOD 1870 TO 2018


WEATHER ITEM   OBSERVED TIME   RECORD YEAR NORMAL DEPARTURE LAST
                VALUE   (LST)  VALUE       VALUE  FROM      YEAR
                                                  NORMAL
..................................................................
TEMPERATURE (F)
 YESTERDAY
  MAXIMUM         58   1159 PM  72    1913  51      7       55
  MINIMUM         29    649 AM  -7    1958  30     -1       42
  AVERAGE         44                        40      4       49

PRECIPITATION (IN)
  YESTERDAY        0.00          1.15 2009   0.14  -0.14     0.06
  MONTH TO DATE    4.21                      2.57   1.64     2.10
  SINCE DEC 1      9.98                     10.98  -1.00    11.90
  SINCE JAN 1      6.49                      6.18   0.31     6.26

SNOWFALL (IN)
  YESTERDAY        0.0           5.0  1979   0.1   -0.1      0.0
  MONTH TO DATE    0.2                       2.5   -2.3      0.0
  SINCE DEC 1      8.4                       7.0    1.4      0.7
  SINCE JUL 1      8.4                       7.0    1.4      0.7
  SNOW DEPTH       0

DEGREE DAYS
 HEATING
  YESTERDAY       21                        24     -3       16
  MONTH TO DATE  426                       476    -50      369
  SINCE DEC 1   2250                      2205     45     1804
  SINCE JUL 1   2951                      2968    -17     2290

 COOLING
  YESTERDAY        0                         0      0        0
  MONTH TO DATE    5                         0      5        0
  SINCE DEC 1      5                         1      4        0
  SINCE JAN 1      5                         0      5        0
..................................................................


WIND (MPH)
  HIGHEST WIND SPEED    15   HIGHEST WIND DIRECTION     S (180)
  HIGHEST GUST SPEED    21   HIGHEST GUST DIRECTION     S (190)
  AVERAGE WIND SPEED     4.1


SKY COVER
  POSSIBLE SUNSHINE  MM
  AVERAGE SKY COVER 0.1


WEATHER CONDITIONS
 THE FOLLOWING WEATHER WAS RECORDED YESTERDAY.
  FOG


RELATIVE HUMIDITY (PERCENT)
 HIGHEST   100           700 AM
 LOWEST     39           400 PM
 AVERAGE    70

..........................................................


THE BOWLING GREEN KY CLIMATE NORMALS FOR TODAY
                         NORMAL    RECORD    YEAR
 MAXIMUM TEMPERATURE (F)   51        73      1994
                                             1939
                                             1913
 MINIMUM TEMPERATURE (F)   31        -7      2015


SUNRISE AND SUNSET
FEBRUARY 19 2018......SUNRISE   629 AM CST   SUNSET   530 PM CST
FEBRUARY 20 2018......SUNRISE   628 AM CST   SUNSET   531 PM CST


-  INDICATES NEGATIVE NUMBERS.
R  INDICATES RECORD WAS SET OR TIED.
MM INDICATES DATA IS MISSING.
T  INDICATES TRACE AMOUNT.




$$
