000
CDUS43 KLMK 162030
CLIBWG


CLIMATE REPORT
NATIONAL WEATHER SERVICE LOUISVILLE KY
430 PM EDT SAT SEP 16 2017


...................................

...THE BOWLING GREEN CLIMATE SUMMARY FOR SEPTEMBER 16 2017...
VALID TODAY AS OF 0400 PM LOCAL TIME.

CLIMATE NORMAL PERIOD 1981 TO 2010
CLIMATE RECORD PERIOD 1870 TO 2017


WEATHER ITEM   OBSERVED TIME   RECORD YEAR NORMAL DEPARTURE LAST
                VALUE   (LST)  VALUE       VALUE  FROM      YEAR
                                                  NORMAL
..................................................................
TEMPERATURE (F)
 TODAY
  MAXIMUM         86    300 PM 101    1927  82      4       94
  MINIMUM         59    605 AM  38    1916  58      1       67
                                      1904
  AVERAGE         73                        70      3       81

PRECIPITATION (IN)
  TODAY            0.00          1.98 1894   0.13  -0.13     0.11
  MONTH TO DATE    5.76                      2.11   3.65     0.14
  SINCE SEP 1      5.76                      2.11   3.65     0.14
  SINCE JAN 1     42.84                     35.67   7.17    38.06

SNOWFALL (IN)
  TODAY            0.0           0.0    MM   0.0    0.0      0.0
  MONTH TO DATE    0.0                       0.0    0.0      0.0
  SINCE SEP 1      0.0                       0.0    0.0      0.0
  SINCE JUL 1      0.0                       0.0    0.0      0.0
  SNOW DEPTH       0

DEGREE DAYS
 HEATING
  TODAY            0                         1     -1        0
  MONTH TO DATE   18                         3     15        0
  SINCE SEP 1     18                         3     15        0
  SINCE JUL 1     18                         4     14        0

 COOLING
  TODAY            8                         6      2       16
  MONTH TO DATE   40                       129    -89      199
  SINCE SEP 1     40                       129    -89      199
  SINCE JAN 1   1392                      1398     -6     1758
..................................................................


WIND (MPH)
  HIGHEST WIND SPEED     6   HIGHEST WIND DIRECTION    NE (50)
  HIGHEST GUST SPEED    10   HIGHEST GUST DIRECTION     E (100)
  AVERAGE WIND SPEED     0.6


SKY COVER
  POSSIBLE SUNSHINE  MM
  AVERAGE SKY COVER 0.5


WEATHER CONDITIONS
 THE FOLLOWING WEATHER WAS RECORDED TODAY.
  FOG
  FOG W/VISIBILITY <= 1/4 MILE


RELATIVE HUMIDITY (PERCENT)
 HIGHEST   100          1200 AM
 LOWEST     51           200 PM
 AVERAGE    76

..........................................................


THE BOWLING GREEN CLIMATE NORMALS FOR TOMORROW
                         NORMAL    RECORD    YEAR
 MAXIMUM TEMPERATURE (F)   82       101      1931
 MINIMUM TEMPERATURE (F)   58        38      1916


SUNRISE AND SUNSET
SEPTEMBER 16 2017.....SUNRISE   629 AM CDT   SUNSET   651 PM CDT
SEPTEMBER 17 2017.....SUNRISE   630 AM CDT   SUNSET   650 PM CDT


-  INDICATES NEGATIVE NUMBERS.
R  INDICATES RECORD WAS SET OR TIED.
MM INDICATES DATA IS MISSING.
T  INDICATES TRACE AMOUNT.




$$
