235
CDUS43 KLMK 222126
CLIBWG


CLIMATE REPORT
NATIONAL WEATHER SERVICE LOUISVILLE KY
425 PM EST WED NOV 22 2017


...................................

...THE BOWLING GREEN CLIMATE SUMMARY FOR NOVEMBER 22 2017...
VALID TODAY AS OF 0400 PM LOCAL TIME.

CLIMATE NORMAL PERIOD 1981 TO 2010
CLIMATE RECORD PERIOD 1870 TO 2017


WEATHER ITEM   OBSERVED TIME   RECORD YEAR NORMAL DEPARTURE LAST
                VALUE   (LST)  VALUE       VALUE  FROM      YEAR
                                                  NORMAL
..................................................................
TEMPERATURE (F)
 TODAY
  MAXIMUM         47    227 PM  78    1934  57    -10       57
                                      1931
  MINIMUM         30    647 AM   8    1880  36     -6       30
  AVERAGE         39                        46     -7       44

PRECIPITATION (IN)
  TODAY            0.00          1.89 1940   0.14  -0.14     0.00
  MONTH TO DATE    1.91                      2.98  -1.07     0.23
  SINCE SEP 1     11.85                     10.29   1.56     2.36
  SINCE JAN 1     48.93                     43.85   5.08    40.28

SNOWFALL (IN)
  TODAY            0.0           3.8  1929   0.0    0.0      0.0
  MONTH TO DATE    0.0                       0.0    0.0      0.0
  SINCE SEP 1      T                         T      0.0      0.0
  SINCE JUL 1      T                         T      0.0      0.0
  SNOW DEPTH       0

DEGREE DAYS
 HEATING
  TODAY           26                        19      7       21
  MONTH TO DATE  334                       334      0      269
  SINCE SEP 1    554                       596    -42      355
  SINCE JUL 1    554                       597    -43      355

 COOLING
  TODAY            0                         0      0        0
  MONTH TO DATE   12                         0     12       15
  SINCE SEP 1    248                       219     29      420
  SINCE JAN 1   1600                      1488    112     1979
..................................................................


WIND (MPH)
  HIGHEST WIND SPEED    12   HIGHEST WIND DIRECTION     N (350)
  HIGHEST GUST SPEED    21   HIGHEST GUST DIRECTION    NW (330)
  AVERAGE WIND SPEED     6.8


SKY COVER
  POSSIBLE SUNSHINE  MM
  AVERAGE SKY COVER 0.0


WEATHER CONDITIONS
 THE FOLLOWING WEATHER WAS RECORDED TODAY.
  NO SIGNIFICANT WEATHER WAS OBSERVED.


RELATIVE HUMIDITY (PERCENT)
 HIGHEST    78           600 AM
 LOWEST     42           200 PM
 AVERAGE    60

..........................................................


THE BOWLING GREEN CLIMATE NORMALS FOR TOMORROW
                         NORMAL    RECORD    YEAR
 MAXIMUM TEMPERATURE (F)   56        78      1931
 MINIMUM TEMPERATURE (F)   35        10      1880


SUNRISE AND SUNSET
NOVEMBER 22 2017......SUNRISE   632 AM CST   SUNSET   432 PM CST
NOVEMBER 23 2017......SUNRISE   633 AM CST   SUNSET   431 PM CST


-  INDICATES NEGATIVE NUMBERS.
R  INDICATES RECORD WAS SET OR TIED.
MM INDICATES DATA IS MISSING.
T  INDICATES TRACE AMOUNT.




$$
