000
CDUS43 KLMK 062129
CLIBWG


CLIMATE REPORT
NATIONAL WEATHER SERVICE LOUISVILLE KY
429 PM EST TUE DEC 6 2016


...................................

...THE BOWLING GREEN CLIMATE SUMMARY FOR DECEMBER 6 2016...
VALID TODAY AS OF 0400 PM LOCAL TIME.

CLIMATE NORMAL PERIOD 1981 TO 2010
CLIMATE RECORD PERIOD 1870 TO 2016


WEATHER ITEM   OBSERVED TIME   RECORD YEAR NORMAL DEPARTURE LAST
                VALUE   (LST)  VALUE       VALUE  FROM      YEAR
                                                  NORMAL
..................................................................
TEMPERATURE (F)
 TODAY
  MAXIMUM         50    604 AM  75    1998  51     -1       61
  MINIMUM         45   1243 AM   6    1886  31     14       26
  AVERAGE         48                        41      7       44

PRECIPITATION (IN)
  TODAY            0.86          2.15 1924   0.16   0.70     0.00
  MONTH TO DATE    0.93                      0.96  -0.03     0.60
  SINCE DEC 1      0.93                      0.96  -0.03     0.60
  SINCE JAN 1     42.89                     46.05  -3.16    49.85

SNOWFALL (IN)
  TODAY            0.0           2.8  1910   0.0    0.0      0.0
  MONTH TO DATE    0.0                       0.1   -0.1      0.0
  SINCE DEC 1      0.0                       0.1   -0.1      0.0
  SINCE JUL 1      0.0                       0.1   -0.1      0.0
  SNOW DEPTH       0

DEGREE DAYS
 HEATING
  TODAY           17                        24     -7       21
  MONTH TO DATE  135                       139     -4      127
  SINCE DEC 1    135                       139     -4      127
  SINCE JUL 1    621                       902   -281      665

 COOLING
  TODAY            0                         0      0        0
  MONTH TO DATE    0                         0      0        0
  SINCE DEC 1      0                         0      0        0
  SINCE JAN 1   1979                      1491    488     1671
..................................................................


WIND (MPH)
  HIGHEST WIND SPEED    16   HIGHEST WIND DIRECTION     W (290)
  HIGHEST GUST SPEED    23   HIGHEST GUST DIRECTION     W (270)
  AVERAGE WIND SPEED     4.7


SKY COVER
  POSSIBLE SUNSHINE  MM
  AVERAGE SKY COVER 1.0


WEATHER CONDITIONS
 THE FOLLOWING WEATHER WAS RECORDED TODAY.
  HEAVY RAIN
  RAIN
  LIGHT RAIN
  FOG


RELATIVE HUMIDITY (PERCENT)
 HIGHEST   100           900 AM
 LOWEST     86          1200 AM
 AVERAGE    93

..........................................................


THE BOWLING GREEN CLIMATE NORMALS FOR TOMORROW
                         NORMAL    RECORD    YEAR
 MAXIMUM TEMPERATURE (F)   50        70      1951
                                             1916
 MINIMUM TEMPERATURE (F)   31         7      1977


SUNRISE AND SUNSET
DECEMBER  6 2016......SUNRISE   645 AM CST   SUNSET   429 PM CST
DECEMBER  7 2016......SUNRISE   646 AM CST   SUNSET   429 PM CST


-  INDICATES NEGATIVE NUMBERS.
R  INDICATES RECORD WAS SET OR TIED.
MM INDICATES DATA IS MISSING.
T  INDICATES TRACE AMOUNT.




$$
