000
CDUS43 KLMK 260631
CLIBWG


CLIMATE REPORT
NATIONAL WEATHER SERVICE LOUISVILLE KY
229 AM EDT SUN MAR 26 2017


...................................

...THE BOWLING GREEN KY CLIMATE SUMMARY FOR MARCH 25 2017...

CLIMATE NORMAL PERIOD 1981 TO 2010
CLIMATE RECORD PERIOD 1870 TO 2017


WEATHER ITEM   OBSERVED TIME   RECORD YEAR NORMAL DEPARTURE LAST
                VALUE   (LST)  VALUE       VALUE  FROM      YEAR
                                                  NORMAL
..................................................................
TEMPERATURE (F)
 YESTERDAY
  MAXIMUM         77    238 PM  90    1929  63     14       50
                                      1907
  MINIMUM         59   1159 PM  20    1960  39     20       36
  AVERAGE         68                        51     17       43

PRECIPITATION (IN)
  YESTERDAY        0.19          1.65 1965   0.15   0.04     0.00
  MONTH TO DATE    2.61                      3.50  -0.89     2.40
  SINCE MAR 1      2.61                      3.50  -0.89     2.40
  SINCE JAN 1      9.19                     11.07  -1.88     8.98

SNOWFALL (IN)
  YESTERDAY        0.0           0.5  2013   0.0    0.0      0.0
  MONTH TO DATE    T                         0.9   -0.9       T
  SINCE MAR 1      T                         0.9   -0.9       T
  SINCE JUL 1      0.7                       8.7   -8.0     24.0
  SNOW DEPTH       0

DEGREE DAYS
 HEATING
  YESTERDAY        0                        14    -14       22
  MONTH TO DATE  417                       442    -25      296
  SINCE MAR 1    417                       442    -25      296
  SINCE JUL 1   2798                      3640   -842     2896

 COOLING
  YESTERDAY        3                         0      3        0
  MONTH TO DATE    5                         0      5        0
  SINCE MAR 1      5                         0      5        0
  SINCE JAN 1      9                         0      9        0
..................................................................


WIND (MPH)
  HIGHEST WIND SPEED    30   HIGHEST WIND DIRECTION     S (190)
  HIGHEST GUST SPEED    43   HIGHEST GUST DIRECTION     S (200)
  AVERAGE WIND SPEED    15.4


SKY COVER
  POSSIBLE SUNSHINE  MM
  AVERAGE SKY COVER 0.2


WEATHER CONDITIONS
 THE FOLLOWING WEATHER WAS RECORDED YESTERDAY.
  RAIN
  LIGHT RAIN
  FOG


RELATIVE HUMIDITY (PERCENT)
 HIGHEST    84          1000 PM
 LOWEST     43          1200 PM
 AVERAGE    64

..........................................................


THE BOWLING GREEN KY CLIMATE NORMALS FOR TODAY
                         NORMAL    RECORD    YEAR
 MAXIMUM TEMPERATURE (F)   63        87      1910
 MINIMUM TEMPERATURE (F)   40        14      1955


SUNRISE AND SUNSET
MARCH 26 2017.........SUNRISE   640 AM CDT   SUNSET   703 PM CDT
MARCH 27 2017.........SUNRISE   639 AM CDT   SUNSET   704 PM CDT


-  INDICATES NEGATIVE NUMBERS.
R  INDICATES RECORD WAS SET OR TIED.
MM INDICATES DATA IS MISSING.
T  INDICATES TRACE AMOUNT.




$$
