000
CDUS43 KLMK 280627
CLIBWG


CLIMATE REPORT
NATIONAL WEATHER SERVICE LOUISVILLE KY
227 AM EDT FRI APR 28 2017


...................................

...THE BOWLING GREEN KY CLIMATE SUMMARY FOR APRIL 27 2017...

CLIMATE NORMAL PERIOD 1981 TO 2010
CLIMATE RECORD PERIOD 1870 TO 2017


WEATHER ITEM   OBSERVED TIME   RECORD YEAR NORMAL DEPARTURE LAST
                VALUE   (LST)  VALUE       VALUE  FROM      YEAR
                                                  NORMAL
..................................................................
TEMPERATURE (F)
 YESTERDAY
  MAXIMUM         74   1203 AM  90    1989  73      1       83
  MINIMUM         49   1144 PM  31    1946  49      0       61
  AVERAGE         62                        61      1       72

PRECIPITATION (IN)
  YESTERDAY        0.37          2.43 2011   0.16   0.21     0.20
  MONTH TO DATE    4.41                      3.87   0.54     1.22
  SINCE MAR 1      8.20                      8.28  -0.08     5.04
  SINCE JAN 1     14.78                     15.85  -1.07    11.62

SNOWFALL (IN)
  YESTERDAY        0.0           0.0    MM   0.0    0.0      0.0
  MONTH TO DATE    0.0                       0.2   -0.2      0.0
  SINCE MAR 1      T                         1.3   -1.3       T
  SINCE JUL 1      0.7                       9.1   -8.4     24.0
  SNOW DEPTH       0

DEGREE DAYS
 HEATING
  YESTERDAY        3                         5     -2        0
  MONTH TO DATE  109                       236   -127      187
  SINCE MAR 1    548                       756   -208      536
  SINCE JUL 1   2929                      3954  -1025     3136

 COOLING
  YESTERDAY        0                         1     -1        7
  MONTH TO DATE   57                        26     31       37
  SINCE MAR 1     63                        31     32       38
  SINCE JAN 1     67                        31     36       38
..................................................................


WIND (MPH)
  HIGHEST WIND SPEED    29   HIGHEST WIND DIRECTION     E (110)
  HIGHEST GUST SPEED    35   HIGHEST GUST DIRECTION     E (110)
  AVERAGE WIND SPEED     8.8


SKY COVER
  POSSIBLE SUNSHINE  MM
  AVERAGE SKY COVER 0.6


WEATHER CONDITIONS
 THE FOLLOWING WEATHER WAS RECORDED YESTERDAY.
  HEAVY RAIN
  LIGHT RAIN
  FOG


RELATIVE HUMIDITY (PERCENT)
 HIGHEST   100           200 AM
 LOWEST     61          1200 AM
 AVERAGE    81

..........................................................


THE BOWLING GREEN KY CLIMATE NORMALS FOR TODAY
                         NORMAL    RECORD    YEAR
 MAXIMUM TEMPERATURE (F)   73        91      1906
 MINIMUM TEMPERATURE (F)   50        33      1934


SUNRISE AND SUNSET
APRIL 28 2017.........SUNRISE   555 AM CDT   SUNSET   732 PM CDT
APRIL 29 2017.........SUNRISE   553 AM CDT   SUNSET   733 PM CDT


-  INDICATES NEGATIVE NUMBERS.
R  INDICATES RECORD WAS SET OR TIED.
MM INDICATES DATA IS MISSING.
T  INDICATES TRACE AMOUNT.




$$
