000
CDUS43 KLMK 190642
CLIBWG


CLIMATE REPORT
NATIONAL WEATHER SERVICE LOUISVILLE KY
142 AM EST FRI JAN 19 2018


...................................

...THE BOWLING GREEN KY CLIMATE SUMMARY FOR JANUARY 18 2018...

CLIMATE NORMAL PERIOD 1981 TO 2010
CLIMATE RECORD PERIOD 1870 TO 2018


WEATHER ITEM   OBSERVED TIME   RECORD YEAR NORMAL DEPARTURE LAST
                VALUE   (LST)  VALUE       VALUE  FROM      YEAR
                                                  NORMAL
..................................................................
TEMPERATURE (F)
 YESTERDAY
  MAXIMUM         30    453 PM  74    1929  45    -15       51
  MINIMUM          5    513 AM -11    1948  26    -21       42
  AVERAGE         18                        36    -18       47

PRECIPITATION (IN)
  YESTERDAY        0.00          3.75 1937   0.11  -0.11     0.00
  MONTH TO DATE    1.18                      2.05  -0.87     3.14
  SINCE DEC 1      4.67                      6.85  -2.18     8.78
  SINCE JAN 1      1.18                      2.05  -0.87     3.14

SNOWFALL (IN)
  YESTERDAY        0.0           4.5  1984   0.1   -0.1      0.0
  MONTH TO DATE    8.2                       1.7    6.5      0.7
  SINCE DEC 1      8.2                       2.9    5.3      0.7
  SINCE JUL 1      8.2                       2.9    5.3      0.7
  SNOW DEPTH       5

DEGREE DAYS
 HEATING
  YESTERDAY       47                        30     17       18
  MONTH TO DATE  705                       535    170      409
  SINCE DEC 1   1542                      1356    186     1204
  SINCE JUL 1   2243                      2119    124     1690

 COOLING
  YESTERDAY        0                         0      0        0
  MONTH TO DATE    0                         0      0        0
  SINCE DEC 1      0                         1     -1        0
  SINCE JAN 1      0                         0      0        0
..................................................................


WIND (MPH)
  HIGHEST WIND SPEED    15   HIGHEST WIND DIRECTION    SW (220)
  HIGHEST GUST SPEED    18   HIGHEST GUST DIRECTION    SW (220)
  AVERAGE WIND SPEED     5.4


SKY COVER
  POSSIBLE SUNSHINE  MM
  AVERAGE SKY COVER 0.0


WEATHER CONDITIONS
 THE FOLLOWING WEATHER WAS RECORDED YESTERDAY.
  FOG
  HAZE


RELATIVE HUMIDITY (PERCENT)
 HIGHEST    88           500 AM
 LOWEST     49           400 PM
 AVERAGE    69

..........................................................


THE BOWLING GREEN KY CLIMATE NORMALS FOR TODAY
                         NORMAL    RECORD    YEAR
 MAXIMUM TEMPERATURE (F)   45        75      1907
 MINIMUM TEMPERATURE (F)   26       -11      1994


SUNRISE AND SUNSET
JANUARY 19 2018.......SUNRISE   656 AM CST   SUNSET   457 PM CST
JANUARY 20 2018.......SUNRISE   656 AM CST   SUNSET   458 PM CST


-  INDICATES NEGATIVE NUMBERS.
R  INDICATES RECORD WAS SET OR TIED.
MM INDICATES DATA IS MISSING.
T  INDICATES TRACE AMOUNT.




$$
