000
CDUS43 KLMK 302131
CLIBWG


CLIMATE REPORT
NATIONAL WEATHER SERVICE LOUISVILLE KY
430 PM EST FRI JAN 30 2015


...................................

...THE BOWLING GREEN CLIMATE SUMMARY FOR JANUARY 30 2015...
VALID TODAY AS OF 0400 PM LOCAL TIME.

CLIMATE NORMAL PERIOD 1981 TO 2010
CLIMATE RECORD PERIOD 1870 TO 2015


WEATHER ITEM   OBSERVED TIME   RECORD YEAR NORMAL DEPARTURE LAST
                VALUE   (LST)  VALUE       VALUE  FROM      YEAR
                                                  NORMAL
..................................................................
TEMPERATURE (F)
 TODAY
  MAXIMUM         44    300 PM  72    2013  46     -2       41
  MINIMUM         34    755 AM -11    1966  27      7        6
  AVERAGE         39                        37      2       24

PRECIPITATION (IN)
  TODAY            0.00          2.41 1939   0.13  -0.13     0.00
  MONTH TO DATE    1.88                      3.47  -1.59     1.75
  SINCE DEC 1      3.57                      8.27  -4.70     6.76
  SINCE JAN 1      1.88                      3.47  -1.59     1.75

SNOWFALL (IN)
  TODAY            0.0           4.0  1981   0.2   -0.2      0.0
  MONTH TO DATE    3.4                       3.2    0.2      2.1
  SINCE DEC 1      3.4                       4.4   -1.0      2.2
  SINCE JUL 1      3.7                       4.4   -0.7      3.3
  SNOW DEPTH       0

DEGREE DAYS
 HEATING
  TODAY           26                        28     -2       41
  MONTH TO DATE  896                       882     14     1066
  SINCE DEC 1   1612                      1703    -91     1873
  SINCE JUL 1   2509                      2466     43     2753

 COOLING
  TODAY            0                         0      0        0
  MONTH TO DATE    0                         0      0        0
  SINCE DEC 1      0                         1     -1        2
  SINCE JAN 1      0                         0      0        0
..................................................................


WIND (MPH)
  HIGHEST WIND SPEED    10   HIGHEST WIND DIRECTION    NW (320)
  HIGHEST GUST SPEED    18   HIGHEST GUST DIRECTION    NW (320)
  AVERAGE WIND SPEED     7.6


SKY COVER
  POSSIBLE SUNSHINE  MM
  AVERAGE SKY COVER 0.6


WEATHER CONDITIONS
 THE FOLLOWING WEATHER WAS RECORDED TODAY.
  NO SIGNIFICANT WEATHER WAS OBSERVED.


RELATIVE HUMIDITY (PERCENT)
 HIGHEST    82          1200 AM
 LOWEST     37           300 PM
 AVERAGE    60

..........................................................


THE BOWLING GREEN CLIMATE NORMALS FOR TOMORROW
                         NORMAL    RECORD    YEAR
 MAXIMUM TEMPERATURE (F)   46        72      2002
 MINIMUM TEMPERATURE (F)   27        -8      1965


SUNRISE AND SUNSET
JANUARY 30 2015.......SUNRISE   650 AM CST   SUNSET   508 PM CST
JANUARY 31 2015.......SUNRISE   649 AM CST   SUNSET   510 PM CST


-  INDICATES NEGATIVE NUMBERS.
R  INDICATES RECORD WAS SET OR TIED.
MM INDICATES DATA IS MISSING.
T  INDICATES TRACE AMOUNT.




$$
