000
CDUS43 KLMK 270627
CLIBWG


CLIMATE REPORT
NATIONAL WEATHER SERVICE LOUISVILLE KY
227 AM EDT THU APR 27 2017


...................................

...THE BOWLING GREEN KY CLIMATE SUMMARY FOR APRIL 26 2017...

CLIMATE NORMAL PERIOD 1981 TO 2010
CLIMATE RECORD PERIOD 1870 TO 2017


WEATHER ITEM   OBSERVED TIME   RECORD YEAR NORMAL DEPARTURE LAST
                VALUE   (LST)  VALUE       VALUE  FROM      YEAR
                                                  NORMAL
..................................................................
TEMPERATURE (F)
 YESTERDAY
  MAXIMUM         83    338 PM  91    1915  73     10       87
  MINIMUM         51    519 AM  25    1873  49      2       64
  AVERAGE         67                        61      6       76

PRECIPITATION (IN)
  YESTERDAY        0.00          2.25 1914   0.16  -0.16     0.19
  MONTH TO DATE    4.04                      3.71   0.33     1.02
  SINCE MAR 1      7.83                      8.12  -0.29     4.84
  SINCE JAN 1     14.41                     15.69  -1.28    11.42

SNOWFALL (IN)
  YESTERDAY        0.0           0.0    MM   0.0    0.0      0.0
  MONTH TO DATE    0.0                       0.2   -0.2      0.0
  SINCE MAR 1      T                         1.3   -1.3       T
  SINCE JUL 1      0.7                       9.1   -8.4     24.0
  SNOW DEPTH       0

DEGREE DAYS
 HEATING
  YESTERDAY        0                         6     -6        0
  MONTH TO DATE  106                       231   -125      187
  SINCE MAR 1    545                       751   -206      536
  SINCE JUL 1   2926                      3949  -1023     3136

 COOLING
  YESTERDAY        2                         1      1       11
  MONTH TO DATE   57                        25     32       30
  SINCE MAR 1     63                        30     33       31
  SINCE JAN 1     67                        30     37       31
..................................................................


WIND (MPH)
  HIGHEST WIND SPEED    22   HIGHEST WIND DIRECTION     S (190)
  HIGHEST GUST SPEED    29   HIGHEST GUST DIRECTION     S (170)
  AVERAGE WIND SPEED    10.5


SKY COVER
  POSSIBLE SUNSHINE  MM
  AVERAGE SKY COVER 0.0


WEATHER CONDITIONS
 THE FOLLOWING WEATHER WAS RECORDED YESTERDAY.
  FOG


RELATIVE HUMIDITY (PERCENT)
 HIGHEST   100           200 AM
 LOWEST     40           400 PM
 AVERAGE    70

..........................................................


THE BOWLING GREEN KY CLIMATE NORMALS FOR TODAY
                         NORMAL    RECORD    YEAR
 MAXIMUM TEMPERATURE (F)   73        90      1989
 MINIMUM TEMPERATURE (F)   49        31      1946


SUNRISE AND SUNSET
APRIL 27 2017.........SUNRISE   556 AM CDT   SUNSET   731 PM CDT
APRIL 28 2017.........SUNRISE   555 AM CDT   SUNSET   732 PM CDT


-  INDICATES NEGATIVE NUMBERS.
R  INDICATES RECORD WAS SET OR TIED.
MM INDICATES DATA IS MISSING.
T  INDICATES TRACE AMOUNT.




$$
