000
CDUS43 KLMK 292033
CLIBWG


CLIMATE REPORT
NATIONAL WEATHER SERVICE LOUISVILLE KY
432 PM EDT FRI MAY 29 2015


...................................

...THE BOWLING GREEN CLIMATE SUMMARY FOR MAY 29 2015...
VALID TODAY AS OF 0400 PM LOCAL TIME.

CLIMATE NORMAL PERIOD 1981 TO 2010
CLIMATE RECORD PERIOD 1870 TO 2015


WEATHER ITEM   OBSERVED TIME   RECORD YEAR NORMAL DEPARTURE LAST
                VALUE   (LST)  VALUE       VALUE  FROM      YEAR
                                                  NORMAL
..................................................................
TEMPERATURE (F)
 TODAY
  MAXIMUM         83    217 PM  98    1911  82      1       86
  MINIMUM         65    500 AM  41    1902  59      6       64
  AVERAGE         74                        70      4       75

PRECIPITATION (IN)
  TODAY            0.00          2.91 1992   0.17  -0.17      T
  MONTH TO DATE    2.77                      5.26  -2.49     3.11
  SINCE MAR 1     18.12                     14.01   4.11    13.41
  SINCE JAN 1     24.00                     21.58   2.42    20.58

SNOWFALL (IN)
  TODAY            0.0           0.0    MM   0.0    0.0      0.0
  MONTH TO DATE    0.0                       0.0    0.0      0.0
  SINCE MAR 1      7.2                       1.3    5.9      5.1
  SINCE JUL 1     23.5                       9.1   14.4     10.4
  SNOW DEPTH       0

DEGREE DAYS
 HEATING
  TODAY            0                         1     -1        0
  MONTH TO DATE   38                        72    -34       76
  SINCE MAR 1    750                       843    -93      924
  SINCE JUL 1   4285                      4041    244     4533

 COOLING
  TODAY            9                         6      3       10
  MONTH TO DATE  147                       105     42      158
  SINCE MAR 1    182                       141     41      172
  SINCE JAN 1    182                       141     41      172
..................................................................


WIND (MPH)
  HIGHEST WIND SPEED    17   HIGHEST WIND DIRECTION    SW (210)
  HIGHEST GUST SPEED    23   HIGHEST GUST DIRECTION    SW (210)
  AVERAGE WIND SPEED     8.1


SKY COVER
  POSSIBLE SUNSHINE  MM
  AVERAGE SKY COVER 0.4


WEATHER CONDITIONS
 THE FOLLOWING WEATHER WAS RECORDED TODAY.
  NO SIGNIFICANT WEATHER WAS OBSERVED.


RELATIVE HUMIDITY (PERCENT)
 HIGHEST    93           400 AM
 LOWEST     62           100 PM
 AVERAGE    78

..........................................................


THE BOWLING GREEN CLIMATE NORMALS FOR TOMORROW
                         NORMAL    RECORD    YEAR
 MAXIMUM TEMPERATURE (F)   82        97      1911
 MINIMUM TEMPERATURE (F)   59        40      1947


SUNRISE AND SUNSET
MAY 29 2015...........SUNRISE   529 AM CDT   SUNSET   758 PM CDT
MAY 30 2015...........SUNRISE   529 AM CDT   SUNSET   758 PM CDT


-  INDICATES NEGATIVE NUMBERS.
R  INDICATES RECORD WAS SET OR TIED.
MM INDICATES DATA IS MISSING.
T  INDICATES TRACE AMOUNT.




$$
