000
CDUS43 KLMK 312132
CLIBWG


CLIMATE REPORT
NATIONAL WEATHER SERVICE LOUISVILLE KY
431 PM EST SAT JAN 31 2015


...................................

...THE BOWLING GREEN CLIMATE SUMMARY FOR JANUARY 31 2015...
VALID TODAY AS OF 0400 PM LOCAL TIME.

CLIMATE NORMAL PERIOD 1981 TO 2010
CLIMATE RECORD PERIOD 1870 TO 2015


WEATHER ITEM   OBSERVED TIME   RECORD YEAR NORMAL DEPARTURE LAST
                VALUE   (LST)  VALUE       VALUE  FROM      YEAR
                                                  NORMAL
..................................................................
TEMPERATURE (F)
 TODAY
  MAXIMUM         45    247 PM  72    2002  46     -1       46
  MINIMUM         20    534 AM  -8    1965  27     -7       24
  AVERAGE         33                        37     -4       35

PRECIPITATION (IN)
  TODAY            0.00          1.81 1951   0.14  -0.14     0.00
  MONTH TO DATE    1.88                      3.61  -1.73     1.75
  SINCE DEC 1      3.57                      8.41  -4.84     6.76
  SINCE JAN 1      1.88                      3.61  -1.73     1.75

SNOWFALL (IN)
  TODAY            0.0           8.0  1899   0.1   -0.1      0.0
  MONTH TO DATE    3.4                       3.3    0.1      2.1
  SINCE DEC 1      3.4                       4.5   -1.1      2.2
  SINCE JUL 1      3.7                       4.5   -0.8      3.3
  SNOW DEPTH       0

DEGREE DAYS
 HEATING
  TODAY           32                        28      4       30
  MONTH TO DATE  932                       910     22     1096
  SINCE DEC 1   1648                      1729    -81     1903
  SINCE JUL 1   2545                      2492     53     2783

 COOLING
  TODAY            0                         0      0        0
  MONTH TO DATE    0                         0      0        0
  SINCE DEC 1      0                         1     -1        2
  SINCE JAN 1      0                         0      0        0
..................................................................


WIND (MPH)
  HIGHEST WIND SPEED     9   HIGHEST WIND DIRECTION    SW (210)
  HIGHEST GUST SPEED    12   HIGHEST GUST DIRECTION    SW (210)
  AVERAGE WIND SPEED     1.4


SKY COVER
  POSSIBLE SUNSHINE   0 PERCENT
  AVERAGE SKY COVER 0.0


WEATHER CONDITIONS
 THE FOLLOWING WEATHER WAS RECORDED TODAY.
  NO SIGNIFICANT WEATHER WAS OBSERVED.


RELATIVE HUMIDITY (PERCENT)
 HIGHEST     0          1200 AM
 LOWEST      0          1200 AM
 AVERAGE     0

..........................................................


THE BOWLING GREEN CLIMATE NORMALS FOR TOMORROW
                         NORMAL    RECORD    YEAR
 MAXIMUM TEMPERATURE (F)   47        74      1911
 MINIMUM TEMPERATURE (F)   27        -9      1951


SUNRISE AND SUNSET
JANUARY 31 2015.......SUNRISE   649 AM CST   SUNSET   510 PM CST
FEBRUARY  1 2015......SUNRISE   648 AM CST   SUNSET   511 PM CST


-  INDICATES NEGATIVE NUMBERS.
R  INDICATES RECORD WAS SET OR TIED.
MM INDICATES DATA IS MISSING.
T  INDICATES TRACE AMOUNT.




$$
