000
CDUS43 KLMK 212130
CLIBWG


CLIMATE REPORT
NATIONAL WEATHER SERVICE LOUISVILLE KY
430 PM EST SUN JAN 21 2018


...................................

...THE BOWLING GREEN CLIMATE SUMMARY FOR JANUARY 21 2018...
VALID TODAY AS OF 0400 PM LOCAL TIME.

CLIMATE NORMAL PERIOD 1981 TO 2010
CLIMATE RECORD PERIOD 1870 TO 2018


WEATHER ITEM   OBSERVED TIME   RECORD YEAR NORMAL DEPARTURE LAST
                VALUE   (LST)  VALUE       VALUE  FROM      YEAR
                                                  NORMAL
..................................................................
TEMPERATURE (F)
 TODAY
  MAXIMUM         64    259 PM  71    1999  45     19       70
                                      1916
  MINIMUM         49    457 AM -12    1985  26     23       52
  AVERAGE         57                        36     21       61

PRECIPITATION (IN)
  TODAY            0.00          2.96 1959   0.11  -0.11      T
  MONTH TO DATE    1.18                      2.40  -1.22     4.15
  SINCE DEC 1      4.67                      7.20  -2.53     9.79
  SINCE JAN 1      1.18                      2.40  -1.22     4.15

SNOWFALL (IN)
  TODAY            0.0           2.0  1979   0.1   -0.1      0.0
                                      1961
  MONTH TO DATE    8.2                       2.0    6.2      0.7
  SINCE DEC 1      8.2                       3.2    5.0      0.7
  SINCE JUL 1      8.2                       3.2    5.0      0.7
  SNOW DEPTH       0

DEGREE DAYS
 HEATING
  TODAY            8                        29    -21        4
  MONTH TO DATE  769                       622    147      431
  SINCE DEC 1   1606                      1443    163     1226
  SINCE JUL 1   2307                      2206    101     1712

 COOLING
  TODAY            0                         0      0        0
  MONTH TO DATE    0                         0      0        0
  SINCE DEC 1      0                         1     -1        0
  SINCE JAN 1      0                         0      0        0
..................................................................


WIND (MPH)
  HIGHEST WIND SPEED    17   HIGHEST WIND DIRECTION    SW (220)
  HIGHEST GUST SPEED    25   HIGHEST GUST DIRECTION    SW (210)
  AVERAGE WIND SPEED    10.4


SKY COVER
  POSSIBLE SUNSHINE  MM
  AVERAGE SKY COVER 0.8


WEATHER CONDITIONS
 THE FOLLOWING WEATHER WAS RECORDED TODAY.
  NO SIGNIFICANT WEATHER WAS OBSERVED.


RELATIVE HUMIDITY (PERCENT)
 HIGHEST    69           100 PM
 LOWEST     63           100 AM
 AVERAGE    66

..........................................................


THE BOWLING GREEN CLIMATE NORMALS FOR TOMORROW
                         NORMAL    RECORD    YEAR
 MAXIMUM TEMPERATURE (F)   45        71      1999
 MINIMUM TEMPERATURE (F)   26        -7      1984


SUNRISE AND SUNSET
JANUARY 21 2018.......SUNRISE   655 AM CST   SUNSET   459 PM CST
JANUARY 22 2018.......SUNRISE   655 AM CST   SUNSET   500 PM CST


-  INDICATES NEGATIVE NUMBERS.
R  INDICATES RECORD WAS SET OR TIED.
MM INDICATES DATA IS MISSING.
T  INDICATES TRACE AMOUNT.




$$
