000
CDUS43 KLMK 010626
CLIBWG


CLIMATE REPORT
NATIONAL WEATHER SERVICE LOUISVILLE KY
226 AM EDT TUE SEP 1 2015


...................................

...THE BOWLING GREEN KY CLIMATE SUMMARY FOR AUGUST 31 2015...

CLIMATE NORMAL PERIOD 1981 TO 2010
CLIMATE RECORD PERIOD 1870 TO 2015


WEATHER ITEM   OBSERVED TIME   RECORD YEAR NORMAL DEPARTURE LAST
                VALUE   (LST)  VALUE       VALUE  FROM      YEAR
                                                  NORMAL
..................................................................
TEMPERATURE (F)
 YESTERDAY
  MAXIMUM         89    333 PM 102    1932  87      2       80
  MINIMUM         62    531 AM  42    1946  64     -2       71
  AVERAGE         76                        75      1       76

PRECIPITATION (IN)
  YESTERDAY        0.00          1.58 1933   0.12  -0.12     1.08
  MONTH TO DATE    1.54                      3.33  -1.79    11.33
  SINCE JUN 1     10.82                     11.63  -0.81    15.58
  SINCE JAN 1     35.01                     33.56   1.45    36.16

SNOWFALL (IN)
  YESTERDAY        0.0           0.0    MM   0.0    0.0      0.0
  MONTH TO DATE    0.0                       0.0    0.0      0.0
  SINCE JUN 1      0.0                       0.0    0.0      0.0
  SINCE JUL 1      0.0                       0.0    0.0      0.0
  SNOW DEPTH       0

DEGREE DAYS
 HEATING
  YESTERDAY        0                         0      0        0
  MONTH TO DATE    0                         0      0        0
  SINCE JUN 1      3                         6     -3        0
  SINCE JUL 1      0                         1     -1        0

 COOLING
  YESTERDAY       11                        10      1       11
  MONTH TO DATE  319                       388    -69      414
  SINCE JUN 1   1180                      1116     64     1080
  SINCE JAN 1   1383                      1269    114     1277
..................................................................


WIND (MPH)
  HIGHEST WIND SPEED    10   HIGHEST WIND DIRECTION    SE (120)
  HIGHEST GUST SPEED    15   HIGHEST GUST DIRECTION     E (110)
  AVERAGE WIND SPEED     2.4


SKY COVER
  POSSIBLE SUNSHINE  MM
  AVERAGE SKY COVER 0.0


WEATHER CONDITIONS
 THE FOLLOWING WEATHER WAS RECORDED YESTERDAY.
  FOG
  FOG W/VISIBILITY <= 1/4 MILE


RELATIVE HUMIDITY (PERCENT)
 HIGHEST    93           100 AM
 LOWEST     38           300 PM
 AVERAGE    66

..........................................................


THE BOWLING GREEN KY CLIMATE NORMALS FOR TODAY
                         NORMAL    RECORD    YEAR
 MAXIMUM TEMPERATURE (F)   87       104      1943
 MINIMUM TEMPERATURE (F)   63        44      1887


SUNRISE AND SUNSET
SEPTEMBER  1 2015.....SUNRISE   616 AM CDT   SUNSET   715 PM CDT
SEPTEMBER  2 2015.....SUNRISE   617 AM CDT   SUNSET   713 PM CDT


-  INDICATES NEGATIVE NUMBERS.
R  INDICATES RECORD WAS SET OR TIED.
MM INDICATES DATA IS MISSING.
T  INDICATES TRACE AMOUNT.




$$
