000
CDUS43 KLMK 162130
CLIBWG


CLIMATE REPORT
NATIONAL WEATHER SERVICE LOUISVILLE KY
429 PM EST TUE DEC 16 2014


...................................

...THE BOWLING GREEN CLIMATE SUMMARY FOR DECEMBER 16 2014...
VALID TODAY AS OF 0400 PM LOCAL TIME.

CLIMATE NORMAL PERIOD 1981 TO 2010
CLIMATE RECORD PERIOD 1870 TO 2014


WEATHER ITEM   OBSERVED TIME   RECORD YEAR NORMAL DEPARTURE LAST
                VALUE   (LST)  VALUE       VALUE  FROM      YEAR
                                                  NORMAL
..................................................................
TEMPERATURE (F)
 TODAY
  MAXIMUM         57   1207 AM  72    1984  47     10       51
  MINIMUM         46    322 PM  -5    1901  29     17       30
  AVERAGE         52                        38     14       41

PRECIPITATION (IN)
  TODAY            0.02          2.50 1996   0.16  -0.14     0.00
  MONTH TO DATE    1.08                      2.61  -1.53     2.97
  SINCE DEC 1      1.08                      2.61  -1.53     2.97
  SINCE JAN 1     45.51                     47.70  -2.19    57.62

SNOWFALL (IN)
  TODAY            0.0           T    2010   0.1   -0.1      0.0
                                      2007
  MONTH TO DATE    0.0                       0.4   -0.4      0.1
  SINCE DEC 1      0.0                       0.4   -0.4      0.1
  SINCE JUL 1      0.3                       0.4   -0.1      1.2
  SNOW DEPTH       0

DEGREE DAYS
 HEATING
  TODAY           13                        27    -14       24
  MONTH TO DATE  332                       396    -64      420
  SINCE DEC 1    332                       396    -64      420
  SINCE JUL 1   1229                      1159     70     1300

 COOLING
  TODAY            0                         0      0        0
  MONTH TO DATE    0                         0      0        0
  SINCE DEC 1      0                         0      0        0
  SINCE JAN 1   1488                      1491     -3     1499
..................................................................


WIND (MPH)
  HIGHEST WIND SPEED    20   HIGHEST WIND DIRECTION    SW (240)
  HIGHEST GUST SPEED    26   HIGHEST GUST DIRECTION    SW (240)
  AVERAGE WIND SPEED     0.0


SKY COVER
  POSSIBLE SUNSHINE  MM
  AVERAGE SKY COVER 1.0


WEATHER CONDITIONS
 THE FOLLOWING WEATHER WAS RECORDED TODAY.
  LIGHT RAIN


RELATIVE HUMIDITY (PERCENT)
 HIGHEST    83          1200 AM
 LOWEST     65          1200 PM
 AVERAGE    74

..........................................................


THE BOWLING GREEN CLIMATE NORMALS FOR TOMORROW
                         NORMAL    RECORD    YEAR
 MAXIMUM TEMPERATURE (F)   47        75      1924
 MINIMUM TEMPERATURE (F)   29         3      1901


SUNRISE AND SUNSET
DECEMBER 16 2014......SUNRISE   652 AM CST   SUNSET   431 PM CST
DECEMBER 17 2014......SUNRISE   653 AM CST   SUNSET   431 PM CST


-  INDICATES NEGATIVE NUMBERS.
R  INDICATES RECORD WAS SET OR TIED.
MM INDICATES DATA IS MISSING.
T  INDICATES TRACE AMOUNT.




$$
