000
CDUS43 KLMK 232028
CLIBWG


CLIMATE REPORT
NATIONAL WEATHER SERVICE LOUISVILLE KY
428 PM EDT FRI SEP 23 2016


...................................

...THE BOWLING GREEN CLIMATE SUMMARY FOR SEPTEMBER 23 2016...
VALID TODAY AS OF 0400 PM LOCAL TIME.

CLIMATE NORMAL PERIOD 1981 TO 2010
CLIMATE RECORD PERIOD 1870 TO 2016


WEATHER ITEM   OBSERVED TIME   RECORD YEAR NORMAL DEPARTURE LAST
                VALUE   (LST)  VALUE       VALUE  FROM      YEAR
                                                  NORMAL
..................................................................
TEMPERATURE (F)
 TODAY
  MAXIMUM         91    100 PM  95    2010  79     12       87
                                      1931
                                      1910
  MINIMUM         64        MM  37    1927  55      9       51
                                      1918
  AVERAGE         78                        67     11       69

PRECIPITATION (IN)
  TODAY            0.00          2.83 2006   0.13  -0.13     0.00
  MONTH TO DATE    1.02                      3.00  -1.98     0.71
  SINCE SEP 1      1.02                      3.00  -1.98     0.71
  SINCE JAN 1     38.94                     36.56   2.38    35.75

SNOWFALL (IN)
  TODAY            0.0           0.0    MM   0.0    0.0      0.0
  MONTH TO DATE    0.0                       0.0    0.0      0.0
  SINCE SEP 1      0.0                       0.0    0.0      0.0
  SINCE JUL 1      0.0                       0.0    0.0      0.0
  SNOW DEPTH       0

DEGREE DAYS
 HEATING
  TODAY            0                         2     -2        0
  MONTH TO DATE    0                        13    -13        8
  SINCE SEP 1      0                        13    -13        8
  SINCE JUL 1      0                        14    -14        8

 COOLING
  TODAY           13                         4      9        4
  MONTH TO DATE  278                       163    115      197
  SINCE SEP 1    278                       163    115      197
  SINCE JAN 1   1837                      1432    405     1578
..................................................................


WIND (MPH)
  HIGHEST WIND SPEED     8   HIGHEST WIND DIRECTION    NW (310)
  HIGHEST GUST SPEED    12   HIGHEST GUST DIRECTION    NW (320)
  AVERAGE WIND SPEED     1.9


SKY COVER
  POSSIBLE SUNSHINE  MM
  AVERAGE SKY COVER 0.0


WEATHER CONDITIONS
 THE FOLLOWING WEATHER WAS RECORDED TODAY.
  FOG
  FOG W/VISIBILITY <= 1/4 MILE


RELATIVE HUMIDITY (PERCENT)
 HIGHEST   100           300 AM
 LOWEST     41           100 PM
 AVERAGE    71

..........................................................


THE BOWLING GREEN CLIMATE NORMALS FOR TOMORROW
                         NORMAL    RECORD    YEAR
 MAXIMUM TEMPERATURE (F)   79        96      1910
 MINIMUM TEMPERATURE (F)   55        33      1983


SUNRISE AND SUNSET
SEPTEMBER 23 2016.....SUNRISE   635 AM CDT   SUNSET   640 PM CDT
SEPTEMBER 24 2016.....SUNRISE   636 AM CDT   SUNSET   639 PM CDT


-  INDICATES NEGATIVE NUMBERS.
R  INDICATES RECORD WAS SET OR TIED.
MM INDICATES DATA IS MISSING.
T  INDICATES TRACE AMOUNT.




$$
