000
CDUS43 KLMK 182128 RRB
CLIBWG

CLIMATE REPORT
NATIONAL WEATHER SERVICE LOUISVILLE KY
425 PM EST SAT NOV 18 2017


...................................

...THE BOWLING GREEN CLIMATE SUMMARY FOR NOVEMBER 18 2017...
VALID TODAY AS OF 0400 PM LOCAL TIME.

CLIMATE NORMAL PERIOD 1981 TO 2010
CLIMATE RECORD PERIOD 1870 TO 2017


WEATHER ITEM   OBSERVED TIME   RECORD YEAR NORMAL DEPARTURE LAST
                VALUE   (LST)  VALUE       VALUE  FROM      YEAR
                                                  NORMAL
..................................................................
TEMPERATURE (F)
 TODAY
  MAXIMUM         67    259 PM  82    1930  58      9       80
  MINIMUM         60    423 AM  10    1891  37     23       49
  AVERAGE         64                        48     16       65

PRECIPITATION (IN)
  TODAY            0.04          3.00 1906   0.15  -0.11     0.15
  MONTH TO DATE    1.57                      2.38  -0.81     0.17
  SINCE SEP 1     11.51                      9.69   1.82     2.30
  SINCE JAN 1     48.59                     43.25   5.34    40.22

SNOWFALL (IN)
  TODAY            0.0           T    2014   0.0    0.0      0.0
                                      1980
                                      1968
  MONTH TO DATE    0.0                       0.0    0.0      0.0
  SINCE SEP 1      T                         T      0.0      0.0
  SINCE JUL 1      T                         T      0.0      0.0
  SNOW DEPTH       0

DEGREE DAYS
 HEATING
  TODAY            1                        17    -16        0
  MONTH TO DATE  224                       260    -36      169
  SINCE SEP 1    444                       522    -78      255
  SINCE JUL 1    444                       523    -79      255

 COOLING
  TODAY            0                         0      0        0
  MONTH TO DATE   12                         0     12       15
  SINCE SEP 1    248                       219     29      420
  SINCE JAN 1   1600                      1488    112     1979
..................................................................


WIND (MPH)
  HIGHEST WIND SPEED    28   HIGHEST WIND DIRECTION     S (190)
  HIGHEST GUST SPEED    35   HIGHEST GUST DIRECTION     S (190)
  AVERAGE WIND SPEED    19.3


SKY COVER
  POSSIBLE SUNSHINE  MM
  AVERAGE SKY COVER 1.0


WEATHER CONDITIONS
 THE FOLLOWING WEATHER WAS RECORDED TODAY.
  LIGHT RAIN
  FOG
  HAZE


RELATIVE HUMIDITY (PERCENT)
 HIGHEST   100          1100 AM
 LOWEST     39          1200 AM
 AVERAGE    70

..........................................................


THE BOWLING GREEN CLIMATE NORMALS FOR TOMORROW
                         NORMAL    RECORD    YEAR
 MAXIMUM TEMPERATURE (F)   58        83      1930
 MINIMUM TEMPERATURE (F)   37        17      1951


SUNRISE AND SUNSET
NOVEMBER 18 2017......SUNRISE   628 AM CST   SUNSET   434 PM CST
NOVEMBER 19 2017......SUNRISE   629 AM CST   SUNSET   433 PM CST


-  INDICATES NEGATIVE NUMBERS.
R  INDICATES RECORD WAS SET OR TIED.
MM INDICATES DATA IS MISSING.
T  INDICATES TRACE AMOUNT.




$$
