000
CDUS43 KLMK 230634
CLIBWG


CLIMATE REPORT
NATIONAL WEATHER SERVICE LOUISVILLE KY
133 AM EST THU FEB 23 2017


...................................

...THE BOWLING GREEN KY CLIMATE SUMMARY FOR FEBRUARY 22 2017...

CLIMATE NORMAL PERIOD 1981 TO 2010
CLIMATE RECORD PERIOD 1870 TO 2017


WEATHER ITEM   OBSERVED TIME   RECORD YEAR NORMAL DEPARTURE LAST
                VALUE   (LST)  VALUE       VALUE  FROM      YEAR
                                                  NORMAL
..................................................................
TEMPERATURE (F)
 YESTERDAY
  MAXIMUM         73    206 PM  74    1922  52     21       54
  MINIMUM         54    529 AM   0    1963  31     23       42
  AVERAGE         64                        42     22       48

PRECIPITATION (IN)
  YESTERDAY        0.03          1.87 1994   0.14  -0.11     0.00
  MONTH TO DATE    2.21                      3.13  -0.92     3.72
  SINCE DEC 1     12.01                     11.54   0.47    10.76
  SINCE JAN 1      6.37                      6.74  -0.37     5.53

SNOWFALL (IN)
  YESTERDAY        0.0           0.4  1989   0.1   -0.1      0.0
  MONTH TO DATE    0.0                       2.9   -2.9      9.2
  SINCE DEC 1      0.7                       7.4   -6.7     24.0
  SINCE JUL 1      0.7                       7.4   -6.7     24.0
  SNOW DEPTH       0

DEGREE DAYS
 HEATING
  YESTERDAY        1                        23    -22       17
  MONTH TO DATE  393                       571   -178      549
  SINCE DEC 1   1828                      2300   -472     1934
  SINCE JUL 1   2314                      3063   -749     2472

 COOLING
  YESTERDAY        0                         0      0        0
  MONTH TO DATE    0                         0      0        0
  SINCE DEC 1      0                         1     -1        2
  SINCE JAN 1      0                         0      0        0
..................................................................


WIND (MPH)
  HIGHEST WIND SPEED    14   HIGHEST WIND DIRECTION     S (200)
  HIGHEST GUST SPEED    18   HIGHEST GUST DIRECTION     S (200)
  AVERAGE WIND SPEED     5.6


SKY COVER
  POSSIBLE SUNSHINE  MM
  AVERAGE SKY COVER 0.6


WEATHER CONDITIONS
 THE FOLLOWING WEATHER WAS RECORDED YESTERDAY.
  LIGHT RAIN
  FOG


RELATIVE HUMIDITY (PERCENT)
 HIGHEST    93           200 AM
 LOWEST     61           200 PM
 AVERAGE    77

..........................................................


THE BOWLING GREEN KY CLIMATE NORMALS FOR TODAY
                         NORMAL    RECORD    YEAR
 MAXIMUM TEMPERATURE (F)   52        79      1982
 MINIMUM TEMPERATURE (F)   32         4      1929


SUNRISE AND SUNSET
FEBRUARY 23 2017......SUNRISE   624 AM CST   SUNSET   534 PM CST
FEBRUARY 24 2017......SUNRISE   623 AM CST   SUNSET   535 PM CST


-  INDICATES NEGATIVE NUMBERS.
R  INDICATES RECORD WAS SET OR TIED.
MM INDICATES DATA IS MISSING.
T  INDICATES TRACE AMOUNT.




$$
