000
CDUS43 KLMK 250636
CLIBWG


CLIMATE REPORT
NATIONAL WEATHER SERVICE LOUISVILLE KY
226 AM EDT TUE APR 25 2017


...................................

...THE BOWLING GREEN KY CLIMATE SUMMARY FOR APRIL 24 2017...

CLIMATE NORMAL PERIOD 1981 TO 2010
CLIMATE RECORD PERIOD 1870 TO 2017


WEATHER ITEM   OBSERVED TIME   RECORD YEAR NORMAL DEPARTURE LAST
                VALUE   (LST)  VALUE       VALUE  FROM      YEAR
                                                  NORMAL
..................................................................
TEMPERATURE (F)
 YESTERDAY
  MAXIMUM         72    507 PM  96    1925  72      0       80
  MINIMUM         53    222 AM  28    1887  48      5       45
  AVERAGE         63                        60      3       63

PRECIPITATION (IN)
  YESTERDAY        0.00          2.07 2010   0.16  -0.16     0.00
  MONTH TO DATE    4.04                      3.38   0.66     0.83
  SINCE MAR 1      7.83                      7.79   0.04     4.65
  SINCE JAN 1     14.41                     15.36  -0.95    11.23

SNOWFALL (IN)
  YESTERDAY        0.0           0.0    MM   0.0    0.0      0.0
  MONTH TO DATE    0.0                       0.2   -0.2      0.0
  SINCE MAR 1      T                         1.3   -1.3       T
  SINCE JUL 1      0.7                       9.1   -8.4     24.0
  SNOW DEPTH       0

DEGREE DAYS
 HEATING
  YESTERDAY        2                         6     -4        2
  MONTH TO DATE  105                       219   -114      187
  SINCE MAR 1    544                       739   -195      536
  SINCE JUL 1   2925                      3937  -1012     3136

 COOLING
  YESTERDAY        0                         1     -1        0
  MONTH TO DATE   55                        23     32       13
  SINCE MAR 1     61                        28     33       14
  SINCE JAN 1     65                        28     37       14
..................................................................


WIND (MPH)
  HIGHEST WIND SPEED    12   HIGHEST WIND DIRECTION     E (90)
  HIGHEST GUST SPEED    15   HIGHEST GUST DIRECTION     E (80)
  AVERAGE WIND SPEED     4.2


SKY COVER
  POSSIBLE SUNSHINE  MM
  AVERAGE SKY COVER 0.8


WEATHER CONDITIONS
 THE FOLLOWING WEATHER WAS RECORDED YESTERDAY.
  NO SIGNIFICANT WEATHER WAS OBSERVED.


RELATIVE HUMIDITY (PERCENT)
 HIGHEST    93           300 AM
 LOWEST     57           100 PM
 AVERAGE    75

..........................................................


THE BOWLING GREEN KY CLIMATE NORMALS FOR TODAY
                         NORMAL    RECORD    YEAR
 MAXIMUM TEMPERATURE (F)   72        92      1915
 MINIMUM TEMPERATURE (F)   49        32      2013
                                             1927
                                             1910


SUNRISE AND SUNSET
APRIL 25 2017.........SUNRISE   558 AM CDT   SUNSET   730 PM CDT
APRIL 26 2017.........SUNRISE   557 AM CDT   SUNSET   730 PM CDT


-  INDICATES NEGATIVE NUMBERS.
R  INDICATES RECORD WAS SET OR TIED.
MM INDICATES DATA IS MISSING.
T  INDICATES TRACE AMOUNT.




$$
