000
CDUS43 KLMK 202130
CLIBWG


CLIMATE REPORT
NATIONAL WEATHER SERVICE LOUISVILLE KY
430 PM EST TUE FEB 20 2018


...................................

...THE BOWLING GREEN CLIMATE SUMMARY FOR FEBRUARY 20 2018...
VALID TODAY AS OF 0400 PM LOCAL TIME.

CLIMATE NORMAL PERIOD 1981 TO 2010
CLIMATE RECORD PERIOD 1870 TO 2018


WEATHER ITEM   OBSERVED TIME   RECORD YEAR NORMAL DEPARTURE LAST
                VALUE   (LST)  VALUE       VALUE  FROM      YEAR
                                                  NORMAL
..................................................................
TEMPERATURE (F)
 TODAY
  MAXIMUM         79R   238 PM  76    2017  51     28       76
  MINIMUM         63    608 AM  -4    2015  31     32       39
  AVERAGE         71                        41     30       58

PRECIPITATION (IN)
  TODAY            0.00          1.81 1989   0.14  -0.14     0.00
  MONTH TO DATE    4.21                      2.85   1.36     2.10
  SINCE DEC 1      9.98                     11.26  -1.28    11.90
  SINCE JAN 1      6.49                      6.46   0.03     6.26

SNOWFALL (IN)
  TODAY            0.0           6.0  1921   0.1   -0.1      0.0
  MONTH TO DATE    0.2                       2.7   -2.5      0.0
  SINCE DEC 1      8.4                       7.2    1.2      0.7
  SINCE JUL 1      8.4                       7.2    1.2      0.7
  SNOW DEPTH       0

DEGREE DAYS
 HEATING
  TODAY            0                        24    -24        7
  MONTH TO DATE  426                       524    -98      387
  SINCE DEC 1   2250                      2253     -3     1822
  SINCE JUL 1   2951                      3016    -65     2308

 COOLING
  TODAY            6                         0      6        0
  MONTH TO DATE   13                         0     13        0
  SINCE DEC 1     13                         1     12        0
  SINCE JAN 1     13                         0     13        0
..................................................................


WIND (MPH)
  HIGHEST WIND SPEED    29   HIGHEST WIND DIRECTION     S (190)
  HIGHEST GUST SPEED    41   HIGHEST GUST DIRECTION     S (200)
  AVERAGE WIND SPEED    16.0


SKY COVER
  POSSIBLE SUNSHINE  MM
  AVERAGE SKY COVER 0.1


WEATHER CONDITIONS
 THE FOLLOWING WEATHER WAS RECORDED TODAY.
  NO SIGNIFICANT WEATHER WAS OBSERVED.


RELATIVE HUMIDITY (PERCENT)
 HIGHEST    78           400 AM
 LOWEST     52           200 PM
 AVERAGE    65

..........................................................


THE BOWLING GREEN CLIMATE NORMALS FOR TOMORROW
                         NORMAL    RECORD    YEAR
 MAXIMUM TEMPERATURE (F)   52        75      1930
                                             1897
 MINIMUM TEMPERATURE (F)   31        -2      1870


SUNRISE AND SUNSET
FEBRUARY 20 2018......SUNRISE   628 AM CST   SUNSET   531 PM CST
FEBRUARY 21 2018......SUNRISE   627 AM CST   SUNSET   532 PM CST


-  INDICATES NEGATIVE NUMBERS.
R  INDICATES RECORD WAS SET OR TIED.
MM INDICATES DATA IS MISSING.
T  INDICATES TRACE AMOUNT.




$$
