190
CDUS43 KLMK 110628
CLIBWG


CLIMATE REPORT
NATIONAL WEATHER SERVICE LOUISVILLE KY
128 AM EST THU FEB 11 2016


...................................

...THE BOWLING GREEN KY CLIMATE SUMMARY FOR FEBRUARY 10 2016...

CLIMATE NORMAL PERIOD 1981 TO 2010
CLIMATE RECORD PERIOD 1870 TO 2016


WEATHER ITEM   OBSERVED TIME   RECORD YEAR NORMAL DEPARTURE LAST
                VALUE   (LST)  VALUE       VALUE  FROM      YEAR
                                                  NORMAL
..................................................................
TEMPERATURE (F)
 YESTERDAY
  MAXIMUM         27    526 PM  79    1932  49    -22       44
  MINIMUM         16    725 AM -16    1899  29    -13       25
  AVERAGE         22                        38    -16       35

PRECIPITATION (IN)
  YESTERDAY        0.01          1.43 1966   0.15  -0.14     0.00
  MONTH TO DATE    1.83                      1.46   0.37     1.00
  SINCE DEC 1      8.87                      9.87  -1.00     4.57
  SINCE JAN 1      3.64                      5.07  -1.43     2.88

SNOWFALL (IN)
  YESTERDAY        0.4           5.0  1986   0.2    0.2      0.0
  MONTH TO DATE    2.0                       1.5    0.5       T
  SINCE DEC 1     16.8                       6.0   10.8      3.4
  SINCE JUL 1     16.8                       6.0   10.8      3.7
  SNOW DEPTH       1

DEGREE DAYS
 HEATING
  YESTERDAY       43                        26     17       30
  MONTH TO DATE  262                       273    -11      258
  SINCE DEC 1   1647                      2002   -355     1906
  SINCE JUL 1   2185                      2765   -580     2803

 COOLING
  YESTERDAY        0                         0      0        0
  MONTH TO DATE    0                         0      0        0
  SINCE DEC 1      2                         1      1        0
  SINCE JAN 1      0                         0      0        0
..................................................................


WIND (MPH)
  HIGHEST WIND SPEED    17   HIGHEST WIND DIRECTION    SW (230)
  HIGHEST GUST SPEED    21   HIGHEST GUST DIRECTION     W (280)
  AVERAGE WIND SPEED     9.4


SKY COVER
  POSSIBLE SUNSHINE  MM
  AVERAGE SKY COVER 0.8


WEATHER CONDITIONS
 THE FOLLOWING WEATHER WAS RECORDED YESTERDAY.
  LIGHT SNOW
  FOG


RELATIVE HUMIDITY (PERCENT)
 HIGHEST    74           900 PM
 LOWEST     46           200 PM
 AVERAGE    60

..........................................................


THE BOWLING GREEN KY CLIMATE NORMALS FOR TODAY
                         NORMAL    RECORD    YEAR
 MAXIMUM TEMPERATURE (F)   49        72      1999
                                             1938
 MINIMUM TEMPERATURE (F)   29        -4      1885


SUNRISE AND SUNSET
FEBRUARY 11 2016......SUNRISE   639 AM CST   SUNSET   521 PM CST
FEBRUARY 12 2016......SUNRISE   638 AM CST   SUNSET   522 PM CST


-  INDICATES NEGATIVE NUMBERS.
R  INDICATES RECORD WAS SET OR TIED.
MM INDICATES DATA IS MISSING.
T  INDICATES TRACE AMOUNT.




$$
