000
CDUS43 KLMK 252133
CLIBWG


CLIMATE REPORT
NATIONAL WEATHER SERVICE LOUISVILLE KY
431 PM EST WED FEB 25 2015


...................................

...THE BOWLING GREEN CLIMATE SUMMARY FOR FEBRUARY 25 2015...
VALID TODAY AS OF 0400 PM LOCAL TIME.

CLIMATE NORMAL PERIOD 1981 TO 2010
CLIMATE RECORD PERIOD 1870 TO 2015


WEATHER ITEM   OBSERVED TIME   RECORD YEAR NORMAL DEPARTURE LAST
                VALUE   (LST)  VALUE       VALUE  FROM      YEAR
                                                  NORMAL
..................................................................
TEMPERATURE (F)
 TODAY
  MAXIMUM         37    300 PM  79    1930  53    -16       46
  MINIMUM         16    453 AM   2    1967  32    -16       28
  AVERAGE         27                        42    -15       37

PRECIPITATION (IN)
  TODAY            0.00          1.55 1962   0.14  -0.14     0.00
  MONTH TO DATE    4.00                      3.56   0.44     5.42
  SINCE DEC 1      7.57                     11.97  -4.40    12.18
  SINCE JAN 1      5.88                      7.17  -1.29     7.17

SNOWFALL (IN)
  TODAY            0.0           5.0  1965   0.0    0.0      0.0
  MONTH TO DATE   12.6                       3.1    9.5      2.0
  SINCE DEC 1     16.0                       7.6    8.4      4.2
  SINCE JUL 1     16.3                       7.6    8.7      5.3
  SNOW DEPTH       2

DEGREE DAYS
 HEATING
  TODAY           38                        22     16       28
  MONTH TO DATE  883                       639    244      716
  SINCE DEC 1   2531                      2368    163     2619
  SINCE JUL 1   3428                      3131    297     3499

 COOLING
  TODAY            0                         0      0        0
  MONTH TO DATE    0                         0      0        0
  SINCE DEC 1      0                         1     -1        2
  SINCE JAN 1      0                         0      0        0
..................................................................


WIND (MPH)
  HIGHEST WIND SPEED     8   HIGHEST WIND DIRECTION     E (70)
  HIGHEST GUST SPEED     9   HIGHEST GUST DIRECTION    NE (60)
  AVERAGE WIND SPEED     1.7


SKY COVER
  POSSIBLE SUNSHINE   0 PERCENT
  AVERAGE SKY COVER 0.0


WEATHER CONDITIONS
 THE FOLLOWING WEATHER WAS RECORDED TODAY.
  NO SIGNIFICANT WEATHER WAS OBSERVED.


RELATIVE HUMIDITY (PERCENT)
 HIGHEST    MM
 LOWEST     MM
 AVERAGE    MM

..........................................................


THE BOWLING GREEN CLIMATE NORMALS FOR TOMORROW
                         NORMAL    RECORD    YEAR
 MAXIMUM TEMPERATURE (F)   53        78      1917
 MINIMUM TEMPERATURE (F)   32         7      1967


SUNRISE AND SUNSET
FEBRUARY 25 2015......SUNRISE   622 AM CST   SUNSET   536 PM CST
FEBRUARY 26 2015......SUNRISE   621 AM CST   SUNSET   537 PM CST


-  INDICATES NEGATIVE NUMBERS.
R  INDICATES RECORD WAS SET OR TIED.
MM INDICATES DATA IS MISSING.
T  INDICATES TRACE AMOUNT.




$$
