000
CDUS43 KLMK 240628
CLIBWG


CLIMATE REPORT
NATIONAL WEATHER SERVICE LOUISVILLE KY
228 AM EDT SUN MAY 24 2015


...................................

...THE BOWLING GREEN KY CLIMATE SUMMARY FOR MAY 23 2015...

CLIMATE NORMAL PERIOD 1981 TO 2010
CLIMATE RECORD PERIOD 1870 TO 2015


WEATHER ITEM   OBSERVED TIME   RECORD YEAR NORMAL DEPARTURE LAST
                VALUE   (LST)  VALUE       VALUE  FROM      YEAR
                                                  NORMAL
..................................................................
TEMPERATURE (F)
 YESTERDAY
  MAXIMUM         80    434 PM  96    1921  80      0       81
  MINIMUM         51    154 AM  38    1889  57     -6       61
  AVERAGE         66                        68     -2       71

PRECIPITATION (IN)
  YESTERDAY        0.00          1.00 1984   0.18  -0.18      T
  MONTH TO DATE    2.20                      4.22  -2.02     2.90
  SINCE MAR 1     17.55                     12.97   4.58    13.20
  SINCE JAN 1     23.43                     20.54   2.89    20.37

SNOWFALL (IN)
  YESTERDAY        0.0           0.0    MM   0.0    0.0      0.0
  MONTH TO DATE    0.0                       0.0    0.0      0.0
  SINCE MAR 1      7.2                       1.3    5.9      5.1
  SINCE JUL 1     23.5                       9.1   14.4     10.4
  SNOW DEPTH       0

DEGREE DAYS
 HEATING
  YESTERDAY        0                         1     -1        0
  MONTH TO DATE   38                        66    -28       76
  SINCE MAR 1    750                       837    -87      924
  SINCE JUL 1   4285                      4035    250     4533

 COOLING
  YESTERDAY        1                         5     -4        6
  MONTH TO DATE  100                        72     28      107
  SINCE MAR 1    135                       108     27      121
  SINCE JAN 1    135                       108     27      121
..................................................................


WIND (MPH)
  HIGHEST WIND SPEED    12   HIGHEST WIND DIRECTION     S (200)
  HIGHEST GUST SPEED    18   HIGHEST GUST DIRECTION     S (180)
  AVERAGE WIND SPEED     3.2


SKY COVER
  POSSIBLE SUNSHINE  MM
  AVERAGE SKY COVER 0.1


WEATHER CONDITIONS
 THE FOLLOWING WEATHER WAS RECORDED YESTERDAY.
  NO SIGNIFICANT WEATHER WAS OBSERVED.


RELATIVE HUMIDITY (PERCENT)
 HIGHEST    93           500 AM
 LOWEST     28           300 PM
 AVERAGE    61

..........................................................


THE BOWLING GREEN KY CLIMATE NORMALS FOR TODAY
                         NORMAL    RECORD    YEAR
 MAXIMUM TEMPERATURE (F)   80        96      1912
 MINIMUM TEMPERATURE (F)   57        39      1931
                                             1893


SUNRISE AND SUNSET
MAY 24 2015...........SUNRISE   532 AM CDT   SUNSET   754 PM CDT
MAY 25 2015...........SUNRISE   531 AM CDT   SUNSET   755 PM CDT


-  INDICATES NEGATIVE NUMBERS.
R  INDICATES RECORD WAS SET OR TIED.
MM INDICATES DATA IS MISSING.
T  INDICATES TRACE AMOUNT.




$$
