326
CDUS43 KLMK 192127 RRC
CLIBWG

CLIMATE REPORT
NATIONAL WEATHER SERVICE LOUISVILLE KY
426 PM EST THU JAN 19 2017


...................................

...THE BOWLING GREEN CLIMATE SUMMARY FOR JANUARY 19 2017...
VALID TODAY AS OF 0400 PM LOCAL TIME.

CLIMATE NORMAL PERIOD 1981 TO 2010
CLIMATE RECORD PERIOD 1870 TO 2017


WEATHER ITEM   OBSERVED TIME   RECORD YEAR NORMAL DEPARTURE LAST
                VALUE   (LST)  VALUE       VALUE  FROM      YEAR
                                                  NORMAL
..................................................................
TEMPERATURE (F)
 TODAY
  MAXIMUM         55    300 PM  75    1907  45     10       26
  MINIMUM         43    522 AM -11    1994  26     17       11
  AVERAGE         49                        36     13       19

PRECIPITATION (IN)
  TODAY            0.05          2.83 1935   0.12  -0.07     0.00
  MONTH TO DATE    3.19                      2.17   1.02     0.57
  SINCE DEC 1      8.83                      6.97   1.86     5.80
  SINCE JAN 1      3.19                      2.17   1.02     0.57

SNOWFALL (IN)
  TODAY            0.0           6.0  1978   0.1   -0.1      0.0
  MONTH TO DATE    0.7                       1.8   -1.1      0.1
  SINCE DEC 1      0.7                       3.0   -2.3      0.1
  SINCE JUL 1      0.7                       3.0   -2.3      0.1
  SNOW DEPTH       0

DEGREE DAYS
 HEATING
  TODAY           16                        29    -13       46
  MONTH TO DATE  425                       564   -139      580
  SINCE DEC 1   1220                      1385   -165     1021
  SINCE JUL 1   1706                      2148   -442     1559

 COOLING
  TODAY            0                         0      0        0
  MONTH TO DATE    0                         0      0        0
  SINCE DEC 1      0                         1     -1        2
  SINCE JAN 1      0                         0      0        0
..................................................................


WIND (MPH)
  HIGHEST WIND SPEED    10   HIGHEST WIND DIRECTION     E (90)
  HIGHEST GUST SPEED    13   HIGHEST GUST DIRECTION    SE (120)
  AVERAGE WIND SPEED     4.3


SKY COVER
  POSSIBLE SUNSHINE  MM
  AVERAGE SKY COVER 0.9


WEATHER CONDITIONS
 THE FOLLOWING WEATHER WAS RECORDED TODAY.
  RAIN
  LIGHT RAIN
  FOG


RELATIVE HUMIDITY (PERCENT)
 HIGHEST    93          1200 PM
 LOWEST     76           500 AM
 AVERAGE    85

..........................................................


THE BOWLING GREEN CLIMATE NORMALS FOR TOMORROW
                         NORMAL    RECORD    YEAR
 MAXIMUM TEMPERATURE (F)   45        72      1906
 MINIMUM TEMPERATURE (F)   26       -14      1985


SUNRISE AND SUNSET
JANUARY 19 2017.......SUNRISE   656 AM CST   SUNSET   457 PM CST
JANUARY 20 2017.......SUNRISE   656 AM CST   SUNSET   458 PM CST


-  INDICATES NEGATIVE NUMBERS.
R  INDICATES RECORD WAS SET OR TIED.
MM INDICATES DATA IS MISSING.
T  INDICATES TRACE AMOUNT.




$$
