000
CDUS43 KLMK 182031
CLIBWG


CLIMATE REPORT
NATIONAL WEATHER SERVICE LOUISVILLE KY
430 PM EDT THU MAY 18 2017


...................................

...THE BOWLING GREEN CLIMATE SUMMARY FOR MAY 18 2017...
VALID TODAY AS OF 0400 PM LOCAL TIME.

CLIMATE NORMAL PERIOD 1981 TO 2010
CLIMATE RECORD PERIOD 1870 TO 2017


WEATHER ITEM   OBSERVED TIME   RECORD YEAR NORMAL DEPARTURE LAST
                VALUE   (LST)  VALUE       VALUE  FROM      YEAR
                                                  NORMAL
..................................................................
TEMPERATURE (F)
 TODAY
  MAXIMUM         88    212 PM  96    1911  78     10       65
  MINIMUM         72    503 AM  39    1894  56     16       48
  AVERAGE         80                        67     13       57

PRECIPITATION (IN)
  TODAY            0.00          3.14 1995   0.17  -0.17     0.36
  MONTH TO DATE    1.75                      3.35  -1.60     3.10
  SINCE MAR 1     10.12                     12.10  -1.98     8.45
  SINCE JAN 1     16.70                     19.67  -2.97    15.03

SNOWFALL (IN)
  TODAY            0.0           0.0    MM   0.0    0.0      0.0
  MONTH TO DATE    0.0                       0.0    0.0      0.0
  SINCE MAR 1      T                         1.3   -1.3       T
  SINCE JUL 1      0.7                       9.1   -8.4     24.0
  SNOW DEPTH       0

DEGREE DAYS
 HEATING
  TODAY            0                         2     -2        8
  MONTH TO DATE   56                        57     -1       78
  SINCE MAR 1    604                       828   -224      615
  SINCE JUL 1   2985                      4026  -1041     3215

 COOLING
  TODAY           15                         4     11        0
  MONTH TO DATE   69                        49     20       48
  SINCE MAR 1    159                        85     74       92
  SINCE JAN 1    163                        85     78       92
..................................................................


WIND (MPH)
  HIGHEST WIND SPEED    21   HIGHEST WIND DIRECTION    SW (210)
  HIGHEST GUST SPEED    26   HIGHEST GUST DIRECTION     S (190)
  AVERAGE WIND SPEED    12.1


SKY COVER
  POSSIBLE SUNSHINE  MM
  AVERAGE SKY COVER 0.1


WEATHER CONDITIONS
 THE FOLLOWING WEATHER WAS RECORDED TODAY.
  NO SIGNIFICANT WEATHER WAS OBSERVED.


RELATIVE HUMIDITY (PERCENT)
 HIGHEST    90           500 AM
 LOWEST     48          1200 PM
 AVERAGE    69

..........................................................


THE BOWLING GREEN CLIMATE NORMALS FOR TOMORROW
                         NORMAL    RECORD    YEAR
 MAXIMUM TEMPERATURE (F)   79        93      1951
                                             1938
                                             1921
 MINIMUM TEMPERATURE (F)   56        39      1894


SUNRISE AND SUNSET
MAY 18 2017...........SUNRISE   535 AM CDT   SUNSET   750 PM CDT
MAY 19 2017...........SUNRISE   535 AM CDT   SUNSET   750 PM CDT


-  INDICATES NEGATIVE NUMBERS.
R  INDICATES RECORD WAS SET OR TIED.
MM INDICATES DATA IS MISSING.
T  INDICATES TRACE AMOUNT.




$$
