000
CDUS43 KLMK 192032
CLIBWG

CLIMATE REPORT
NATIONAL WEATHER SERVICE LOUISVILLE KY
427 PM EDT SUN OCT 19 2014


...................................

...THE BOWLING GREEN CLIMATE SUMMARY FOR OCTOBER 19 2014...
VALID TODAY AS OF 0400 PM LOCAL TIME.

CLIMATE NORMAL PERIOD 1981 TO 2010
CLIMATE RECORD PERIOD 1870 TO 2014


WEATHER ITEM   OBSERVED TIME   RECORD YEAR NORMAL DEPARTURE LAST
                VALUE   (LST)  VALUE       VALUE  FROM      YEAR
                                                  NORMAL
..................................................................
TEMPERATURE (F)
 TODAY
  MAXIMUM         61    200 PM  89    2005  70     -9       55
  MINIMUM         44    710 AM  28    1903  45     -1       37
                                      1895
  AVERAGE         53                        58     -5       46

PRECIPITATION (IN)
  TODAY            0.00          2.18 1915   0.11  -0.11     0.13
  MONTH TO DATE    4.98                      2.06   2.92     2.64
  SINCE SEP 1      5.35                      5.99  -0.64     7.73
  SINCE JAN 1     41.51                     39.55   1.96    50.43

SNOWFALL (IN)
  TODAY            0.0           T    1989   0.0    0.0      0.0
  MONTH TO DATE    0.0                       0.0    0.0      0.0
  SINCE SEP 1      0.0                       0.0    0.0      0.0
  SINCE JUL 1      0.0                       0.0    0.0      0.0
  SNOW DEPTH       0

DEGREE DAYS
 HEATING
  TODAY           12                         8      4       19
  MONTH TO DATE   84                       110    -26       72
  SINCE SEP 1    108                       145    -37       84
  SINCE JUL 1    108                       146    -38       84

 COOLING
  TODAY            0                         1     -1        0
  MONTH TO DATE   29                        28      1       43
  SINCE SEP 1    208                       214     -6      235
  SINCE JAN 1   1485                      1483      2     1495
..................................................................


WIND (MPH)
  HIGHEST WIND SPEED     6   HIGHEST WIND DIRECTION     E (90)
  HIGHEST GUST SPEED    MM   HIGHEST GUST DIRECTION    MM
  AVERAGE WIND SPEED     3.1


SKY COVER
  POSSIBLE SUNSHINE  MM
  AVERAGE SKY COVER 0.4


WEATHER CONDITIONS
 THE FOLLOWING WEATHER WAS RECORDED TODAY.
  NO SIGNIFICANT WEATHER WAS OBSERVED.


RELATIVE HUMIDITY (PERCENT)
 HIGHEST    86           700 AM
 LOWEST     51           200 PM
 AVERAGE    69

..........................................................


THE BOWLING GREEN CLIMATE NORMALS FOR TOMORROW
                         NORMAL    RECORD    YEAR
 MAXIMUM TEMPERATURE (F)   70        88      1908
 MINIMUM TEMPERATURE (F)   45        26      1917


SUNRISE AND SUNSET
OCTOBER 19 2014.......SUNRISE   657 AM CDT   SUNSET   604 PM CDT
OCTOBER 20 2014.......SUNRISE   658 AM CDT   SUNSET   602 PM CDT


-  INDICATES NEGATIVE NUMBERS.
R  INDICATES RECORD WAS SET OR TIED.
MM INDICATES DATA IS MISSING.
T  INDICATES TRACE AMOUNT.




$$
