000
CDUS43 KLMK 240626
CLIBWG


CLIMATE REPORT
NATIONAL WEATHER SERVICE LOUISVILLE KY
226 AM EDT SUN AUG 24 2014


...................................

...THE BOWLING GREEN KY CLIMATE SUMMARY FOR AUGUST 23 2014...

CLIMATE NORMAL PERIOD 1981 TO 2010
CLIMATE RECORD PERIOD 1870 TO 2014


WEATHER ITEM   OBSERVED TIME   RECORD YEAR NORMAL DEPARTURE LAST
                VALUE   (LST)  VALUE       VALUE  FROM      YEAR
                                                  NORMAL
..................................................................
TEMPERATURE (F)
 YESTERDAY
  MAXIMUM         94    231 PM 102    2007  89      5       89
  MINIMUM         72   1045 PM  44    1888  65      7       68
  AVERAGE         83                        77      6       79

PRECIPITATION (IN)
  YESTERDAY        0.68          2.83 1942   0.11   0.57     0.81
  MONTH TO DATE    7.96                      2.40   5.56     5.88
  SINCE JUN 1     12.21                     10.70   1.51    17.92
  SINCE JAN 1     32.79                     32.63   0.16    42.45

SNOWFALL (IN)
  YESTERDAY        0.0           0.0    MM   0.0    0.0      0.0
  MONTH TO DATE    0.0                       0.0    0.0      0.0
  SINCE JUN 1      0.0                       0.0    0.0      0.0
  SINCE JUL 1      0.0                       0.0    0.0      0.0
  SNOW DEPTH       0

DEGREE DAYS
 HEATING
  YESTERDAY        0                         0      0        0
  MONTH TO DATE    0                         0      0        0
  SINCE JUN 1      0                         5     -5        0
  SINCE JUL 1      0                         0      0        0

 COOLING
  YESTERDAY       18                        12      6       14
  MONTH TO DATE  295                       296     -1      243
  SINCE JUN 1    961                      1024    -63      933
  SINCE JAN 1   1158                      1177    -19     1146
..................................................................


WIND (MPH)
  HIGHEST WIND SPEED    21   HIGHEST WIND DIRECTION    NE (40)
  HIGHEST GUST SPEED    25   HIGHEST GUST DIRECTION    NE (50)
  AVERAGE WIND SPEED     4.4


SKY COVER
  POSSIBLE SUNSHINE  MM
  AVERAGE SKY COVER 0.3


WEATHER CONDITIONS
 THE FOLLOWING WEATHER WAS RECORDED YESTERDAY.
  THUNDERSTORM
  HEAVY RAIN
  LIGHT RAIN
  FOG


RELATIVE HUMIDITY (PERCENT)
 HIGHEST    93           500 AM
 LOWEST     59          1100 AM
 AVERAGE    76

..........................................................


THE BOWLING GREEN KY CLIMATE NORMALS FOR TODAY
                         NORMAL    RECORD    YEAR
 MAXIMUM TEMPERATURE (F)   88       103      2007
                                             1943
 MINIMUM TEMPERATURE (F)   65        50      1923


SUNRISE AND SUNSET
AUGUST 24 2014........SUNRISE   610 AM CDT   SUNSET   725 PM CDT
AUGUST 25 2014........SUNRISE   611 AM CDT   SUNSET   724 PM CDT


-  INDICATES NEGATIVE NUMBERS.
R  INDICATES RECORD WAS SET OR TIED.
MM INDICATES DATA IS MISSING.
T  INDICATES TRACE AMOUNT.




$$
