126
CDUS43 KLMK 242037
CLIBWG


CLIMATE REPORT
NATIONAL WEATHER SERVICE LOUISVILLE KY
436 PM EDT SAT SEP 24 2016


...................................

...THE BOWLING GREEN CLIMATE SUMMARY FOR SEPTEMBER 24 2016...
VALID TODAY AS OF 0400 PM LOCAL TIME.

CLIMATE NORMAL PERIOD 1981 TO 2010
CLIMATE RECORD PERIOD 1870 TO 2016


WEATHER ITEM   OBSERVED TIME   RECORD YEAR NORMAL DEPARTURE LAST
                VALUE   (LST)  VALUE       VALUE  FROM      YEAR
                                                  NORMAL
..................................................................
TEMPERATURE (F)
 TODAY
  MAXIMUM         91    200 PM  96    1910  79     12       89
  MINIMUM         63    547 AM  33    1983  55      8       55
  AVERAGE         77                        67     10       72

PRECIPITATION (IN)
  TODAY            0.00          2.30 1921   0.13  -0.13     0.00
  MONTH TO DATE    1.02                      3.13  -2.11     0.71
  SINCE SEP 1      1.02                      3.13  -2.11     0.71
  SINCE JAN 1     38.94                     36.69   2.25    35.75

SNOWFALL (IN)
  TODAY            0.0           0.0    MM   0.0    0.0      0.0
  MONTH TO DATE    0.0                       0.0    0.0      0.0
  SINCE SEP 1      0.0                       0.0    0.0      0.0
  SINCE JUL 1      0.0                       0.0    0.0      0.0
  SNOW DEPTH       0

DEGREE DAYS
 HEATING
  TODAY            0                         2     -2        0
  MONTH TO DATE    0                        15    -15        8
  SINCE SEP 1      0                        15    -15        8
  SINCE JUL 1      0                        16    -16        8

 COOLING
  TODAY           12                         4      8        7
  MONTH TO DATE  290                       167    123      204
  SINCE SEP 1    290                       167    123      204
  SINCE JAN 1   1849                      1436    413     1585
..................................................................


WIND (MPH)
  HIGHEST WIND SPEED    10   HIGHEST WIND DIRECTION    NE (50)
  HIGHEST GUST SPEED    15   HIGHEST GUST DIRECTION    NE (60)
  AVERAGE WIND SPEED     1.1


SKY COVER
  POSSIBLE SUNSHINE  MM
  AVERAGE SKY COVER 0.3


WEATHER CONDITIONS
 THE FOLLOWING WEATHER WAS RECORDED TODAY.
  FOG
  FOG W/VISIBILITY <= 1/4 MILE
  HAZE


RELATIVE HUMIDITY (PERCENT)
 HIGHEST   100           100 AM
 LOWEST     38           200 PM
 AVERAGE    69

..........................................................


THE BOWLING GREEN CLIMATE NORMALS FOR TOMORROW
                         NORMAL    RECORD    YEAR
 MAXIMUM TEMPERATURE (F)   79        96      2007
                                             1931
 MINIMUM TEMPERATURE (F)   54        34      1887


SUNRISE AND SUNSET
SEPTEMBER 24 2016.....SUNRISE   636 AM CDT   SUNSET   639 PM CDT
SEPTEMBER 25 2016.....SUNRISE   636 AM CDT   SUNSET   637 PM CDT


-  INDICATES NEGATIVE NUMBERS.
R  INDICATES RECORD WAS SET OR TIED.
MM INDICATES DATA IS MISSING.
T  INDICATES TRACE AMOUNT.




$$
