000
CDUS43 KLMK 210628
CLIBWG


CLIMATE REPORT
NATIONAL WEATHER SERVICE LOUISVILLE KY
228 AM EDT SUN AUG 21 2016


...................................

...THE BOWLING GREEN KY CLIMATE SUMMARY FOR AUGUST 20 2016...

CLIMATE NORMAL PERIOD 1981 TO 2010
CLIMATE RECORD PERIOD 1870 TO 2016


WEATHER ITEM   OBSERVED TIME   RECORD YEAR NORMAL DEPARTURE LAST
                VALUE   (LST)  VALUE       VALUE  FROM      YEAR
                                                  NORMAL
..................................................................
TEMPERATURE (F)
 YESTERDAY
  MAXIMUM         86   1123 AM 103    1936  89     -3       82
  MINIMUM         72   1159 PM  53    1953  66      6       60
  AVERAGE         79                        77      2       71

PRECIPITATION (IN)
  YESTERDAY        1.19          2.29 1994   0.11   1.08     0.05
  MONTH TO DATE    4.14                      2.06   2.08     1.57
  SINCE JUN 1     17.73                     10.36   7.37    10.85
  SINCE JAN 1     36.90                     32.29   4.61    35.04

SNOWFALL (IN)
  YESTERDAY        0.0           0.0    MM   0.0    0.0      0.0
  MONTH TO DATE    0.0                       0.0    0.0      0.0
  SINCE JUN 1      0.0                       0.0    0.0      0.0
  SINCE JUL 1      0.0                       0.0    0.0      0.0
  SNOW DEPTH       0

DEGREE DAYS
 HEATING
  YESTERDAY        0                         0      0        0
  MONTH TO DATE    0                         0      0        0
  SINCE JUN 1      0                         5     -5        3
  SINCE JUL 1      0                         0      0        0

 COOLING
  YESTERDAY       14                        12      2        6
  MONTH TO DATE  327                       260     67      236
  SINCE JUN 1   1228                       988    240     1097
  SINCE JAN 1   1394                      1141    253     1300
..................................................................


WIND (MPH)
  HIGHEST WIND SPEED    18   HIGHEST WIND DIRECTION    SW (220)
  HIGHEST GUST SPEED    24   HIGHEST GUST DIRECTION    SW (220)
  AVERAGE WIND SPEED     8.7


SKY COVER
  POSSIBLE SUNSHINE  MM
  AVERAGE SKY COVER 0.6


WEATHER CONDITIONS
 THE FOLLOWING WEATHER WAS RECORDED YESTERDAY.
  THUNDERSTORM
  HEAVY RAIN
  RAIN
  LIGHT RAIN
  FOG


RELATIVE HUMIDITY (PERCENT)
 HIGHEST    94          1000 PM
 LOWEST     69          1200 PM
 AVERAGE    82

..........................................................


THE BOWLING GREEN KY CLIMATE NORMALS FOR TODAY
                         NORMAL    RECORD    YEAR
 MAXIMUM TEMPERATURE (F)   89       105      1936
 MINIMUM TEMPERATURE (F)   66        50      1943


SUNRISE AND SUNSET
AUGUST 21 2016........SUNRISE   608 AM CDT   SUNSET   729 PM CDT
AUGUST 22 2016........SUNRISE   609 AM CDT   SUNSET   727 PM CDT


-  INDICATES NEGATIVE NUMBERS.
R  INDICATES RECORD WAS SET OR TIED.
MM INDICATES DATA IS MISSING.
T  INDICATES TRACE AMOUNT.




$$
