000
CDUS43 KLMK 150626
CLIBWG


CLIMATE REPORT
NATIONAL WEATHER SERVICE LOUISVILLE KY
226 AM EDT THU JUN 15 2017


...................................

...THE BOWLING GREEN KY CLIMATE SUMMARY FOR JUNE 14 2017...

CLIMATE NORMAL PERIOD 1981 TO 2010
CLIMATE RECORD PERIOD 1870 TO 2017


WEATHER ITEM   OBSERVED TIME   RECORD YEAR NORMAL DEPARTURE LAST
                VALUE   (LST)  VALUE       VALUE  FROM      YEAR
                                                  NORMAL
..................................................................
TEMPERATURE (F)
 YESTERDAY
  MAXIMUM         91    401 PM 102    1894  86      5       93
  MINIMUM         68    352 AM  48    1985  64      4       71
                                      1903
  AVERAGE         80                        75      5       82

PRECIPITATION (IN)
  YESTERDAY        0.00          2.50 1949   0.13  -0.13     0.42
  MONTH TO DATE    4.24                      2.05   2.19     1.02
  SINCE JUN 1      4.24                      2.05   2.19     1.02
  SINCE JAN 1     24.54                     23.98   0.56    20.19

SNOWFALL (IN)
  YESTERDAY        0.0           0.0    MM   0.0    0.0      0.0
  MONTH TO DATE    0.0                       0.0    0.0      0.0
  SINCE JUN 1      0.0                       0.0    0.0      0.0
  SINCE JUL 1      0.7                       9.1   -8.4     24.0
  SNOW DEPTH       0

DEGREE DAYS
 HEATING
  YESTERDAY        0                         0      0        0
  MONTH TO DATE    0                         3     -3        0
  SINCE JUN 1      0                         3     -3        0
  SINCE JUL 1   2989                      4046  -1057     3230

 COOLING
  YESTERDAY       15                        10      5       17
  MONTH TO DATE  117                       117      0      156
  SINCE JUN 1    117                       117      0      156
  SINCE JAN 1    366                       270     96      322
..................................................................


WIND (MPH)
  HIGHEST WIND SPEED    13   HIGHEST WIND DIRECTION    SW (220)
  HIGHEST GUST SPEED    19   HIGHEST GUST DIRECTION    SW (220)
  AVERAGE WIND SPEED     6.3


SKY COVER
  POSSIBLE SUNSHINE  MM
  AVERAGE SKY COVER 0.0


WEATHER CONDITIONS
 THE FOLLOWING WEATHER WAS RECORDED YESTERDAY.
  FOG


RELATIVE HUMIDITY (PERCENT)
 HIGHEST   100           500 AM
 LOWEST     47           500 PM
 AVERAGE    74

..........................................................


THE BOWLING GREEN KY CLIMATE NORMALS FOR TODAY
                         NORMAL    RECORD    YEAR
 MAXIMUM TEMPERATURE (F)   86       100      1894
 MINIMUM TEMPERATURE (F)   64        48      1927


SUNRISE AND SUNSET
JUNE 15 2017..........SUNRISE   526 AM CDT   SUNSET   807 PM CDT
JUNE 16 2017..........SUNRISE   526 AM CDT   SUNSET   807 PM CDT


-  INDICATES NEGATIVE NUMBERS.
R  INDICATES RECORD WAS SET OR TIED.
MM INDICATES DATA IS MISSING.
T  INDICATES TRACE AMOUNT.




$$
