000
CDUS43 KLMK 240636
CLIBWG


CLIMATE REPORT
NATIONAL WEATHER SERVICE LOUISVILLE KY
235 AM EDT TUE MAY 24 2016


...................................

...THE BOWLING GREEN KY CLIMATE SUMMARY FOR MAY 23 2016...

CLIMATE NORMAL PERIOD 1981 TO 2010
CLIMATE RECORD PERIOD 1870 TO 2016


WEATHER ITEM   OBSERVED TIME   RECORD YEAR NORMAL DEPARTURE LAST
                VALUE   (LST)  VALUE       VALUE  FROM      YEAR
                                                  NORMAL
..................................................................
TEMPERATURE (F)
 YESTERDAY
  MAXIMUM         81    338 PM  96    1921  80      1       80
  MINIMUM         52    517 AM  38    1889  57     -5       51
  AVERAGE         67                        68     -1       66

PRECIPITATION (IN)
  YESTERDAY        0.00          1.00 1984   0.18  -0.18     0.00
  MONTH TO DATE    4.43                      4.22   0.21     2.20
  SINCE MAR 1      9.78                     12.97  -3.19    17.55
  SINCE JAN 1     16.36                     20.54  -4.18    23.43

SNOWFALL (IN)
  YESTERDAY        0.0           0.0    MM   0.0    0.0      0.0
  MONTH TO DATE    0.0                       0.0    0.0      0.0
  SINCE MAR 1      T                         1.3   -1.3      7.2
  SINCE JUL 1     24.0                       9.1   14.9     23.5
  SNOW DEPTH       0

DEGREE DAYS
 HEATING
  YESTERDAY        0                         1     -1        0
  MONTH TO DATE   93                        66     27       38
  SINCE MAR 1    630                       837   -207      750
  SINCE JUL 1   3230                      4035   -805     4285

 COOLING
  YESTERDAY        2                         5     -3        1
  MONTH TO DATE   50                        72    -22      100
  SINCE MAR 1     94                       108    -14      135
  SINCE JAN 1     94                       108    -14      135
..................................................................


WIND (MPH)
  HIGHEST WIND SPEED    13   HIGHEST WIND DIRECTION    NE (60)
  HIGHEST GUST SPEED    19   HIGHEST GUST DIRECTION    NE (50)
  AVERAGE WIND SPEED     3.3


SKY COVER
  POSSIBLE SUNSHINE  MM
  AVERAGE SKY COVER 0.0


WEATHER CONDITIONS
 THE FOLLOWING WEATHER WAS RECORDED YESTERDAY.
  NO SIGNIFICANT WEATHER WAS OBSERVED.


RELATIVE HUMIDITY (PERCENT)
 HIGHEST    89           300 AM
 LOWEST     28           300 PM
 AVERAGE    59

..........................................................


THE BOWLING GREEN KY CLIMATE NORMALS FOR TODAY
                         NORMAL    RECORD    YEAR
 MAXIMUM TEMPERATURE (F)   80        96      1912
 MINIMUM TEMPERATURE (F)   57        39      1931
                                             1893


SUNRISE AND SUNSET
MAY 24 2016...........SUNRISE   531 AM CDT   SUNSET   754 PM CDT
MAY 25 2016...........SUNRISE   531 AM CDT   SUNSET   755 PM CDT


-  INDICATES NEGATIVE NUMBERS.
R  INDICATES RECORD WAS SET OR TIED.
MM INDICATES DATA IS MISSING.
T  INDICATES TRACE AMOUNT.




$$
