000
CDUS43 KLMK 240633
CLIBWG


CLIMATE REPORT
NATIONAL WEATHER SERVICE LOUISVILLE KY
233 AM EDT MON AUG 24 2015


...................................

...THE BOWLING GREEN KY CLIMATE SUMMARY FOR AUGUST 23 2015...

CLIMATE NORMAL PERIOD 1981 TO 2010
CLIMATE RECORD PERIOD 1870 TO 2015


WEATHER ITEM   OBSERVED TIME   RECORD YEAR NORMAL DEPARTURE LAST
                VALUE   (LST)  VALUE       VALUE  FROM      YEAR
                                                  NORMAL
..................................................................
TEMPERATURE (F)
 YESTERDAY
  MAXIMUM         90    350 PM 102    2007  89      1       94
  MINIMUM         70    526 AM  44    1888  65      5       72
  AVERAGE         80                        77      3       83

PRECIPITATION (IN)
  YESTERDAY        0.00          2.83 1942   0.11  -0.11     0.68
  MONTH TO DATE    1.54                      2.40  -0.86     7.96
  SINCE JUN 1     10.82                     10.70   0.12    12.21
  SINCE JAN 1     35.01                     32.63   2.38    32.79

SNOWFALL (IN)
  YESTERDAY        0.0           0.0    MM   0.0    0.0      0.0
  MONTH TO DATE    0.0                       0.0    0.0      0.0
  SINCE JUN 1      0.0                       0.0    0.0      0.0
  SINCE JUL 1      0.0                       0.0    0.0      0.0
  SNOW DEPTH       0

DEGREE DAYS
 HEATING
  YESTERDAY        0                         0      0        0
  MONTH TO DATE    0                         0      0        0
  SINCE JUN 1      3                         5     -2        0
  SINCE JUL 1      0                         0      0        0

 COOLING
  YESTERDAY       15                        12      3       18
  MONTH TO DATE  265                       296    -31      295
  SINCE JUN 1   1126                      1024    102      961
  SINCE JAN 1   1329                      1177    152     1158
..................................................................


WIND (MPH)
  HIGHEST WIND SPEED    13   HIGHEST WIND DIRECTION     W (260)
  HIGHEST GUST SPEED    18   HIGHEST GUST DIRECTION     N (340)
  AVERAGE WIND SPEED     5.0


SKY COVER
  POSSIBLE SUNSHINE  MM
  AVERAGE SKY COVER 0.5


WEATHER CONDITIONS
 THE FOLLOWING WEATHER WAS RECORDED YESTERDAY.
  NO SIGNIFICANT WEATHER WAS OBSERVED.


RELATIVE HUMIDITY (PERCENT)
 HIGHEST    90           600 AM
 LOWEST     50           400 PM
 AVERAGE    70

..........................................................


THE BOWLING GREEN KY CLIMATE NORMALS FOR TODAY
                         NORMAL    RECORD    YEAR
 MAXIMUM TEMPERATURE (F)   88       103      2007
                                             1943
 MINIMUM TEMPERATURE (F)   65        50      1923


SUNRISE AND SUNSET
AUGUST 24 2015........SUNRISE   610 AM CDT   SUNSET   726 PM CDT
AUGUST 25 2015........SUNRISE   611 AM CDT   SUNSET   724 PM CDT


-  INDICATES NEGATIVE NUMBERS.
R  INDICATES RECORD WAS SET OR TIED.
MM INDICATES DATA IS MISSING.
T  INDICATES TRACE AMOUNT.




$$
