000
CDUS43 KLMK 182130
CLIBWG


CLIMATE REPORT
NATIONAL WEATHER SERVICE LOUISVILLE KY
429 PM EST THU DEC 18 2014


...................................

...THE BOWLING GREEN CLIMATE SUMMARY FOR DECEMBER 18 2014...
VALID TODAY AS OF 0400 PM LOCAL TIME.

CLIMATE NORMAL PERIOD 1981 TO 2010
CLIMATE RECORD PERIOD 1870 TO 2014


WEATHER ITEM   OBSERVED TIME   RECORD YEAR NORMAL DEPARTURE LAST
                VALUE   (LST)  VALUE       VALUE  FROM      YEAR
                                                  NORMAL
..................................................................
TEMPERATURE (F)
 TODAY
  MAXIMUM         36    300 PM  68    1924  47    -11       48
  MINIMUM         30   1250 AM  -5    1901  29      1       23
  AVERAGE         33                        38     -5       36

PRECIPITATION (IN)
  TODAY            0.02          1.79 1990   0.16  -0.14     0.00
  MONTH TO DATE    1.10                      2.93  -1.83     2.97
  SINCE DEC 1      1.10                      2.93  -1.83     2.97
  SINCE JAN 1     45.53                     48.02  -2.49    57.62

SNOWFALL (IN)
  TODAY            T             2.0  1945   0.1   -0.1      0.0
  MONTH TO DATE    T                         0.5   -0.5      0.1
  SINCE DEC 1      T                         0.5   -0.5      0.1
  SINCE JUL 1      0.3                       0.5   -0.2      1.2
  SNOW DEPTH       0

DEGREE DAYS
 HEATING
  TODAY           32                        27      5       29
  MONTH TO DATE  398                       450    -52      476
  SINCE DEC 1    398                       450    -52      476
  SINCE JUL 1   1295                      1213     82     1356

 COOLING
  TODAY            0                         0      0        0
  MONTH TO DATE    0                         0      0        0
  SINCE DEC 1      0                         0      0        0
  SINCE JAN 1   1488                      1491     -3     1499
..................................................................


WIND (MPH)
  HIGHEST WIND SPEED     7   HIGHEST WIND DIRECTION     N (340)
  HIGHEST GUST SPEED    11   HIGHEST GUST DIRECTION     N (350)
  AVERAGE WIND SPEED     2.2


SKY COVER
  POSSIBLE SUNSHINE   0 PERCENT
  AVERAGE SKY COVER 0.0


WEATHER CONDITIONS
 THE FOLLOWING WEATHER WAS RECORDED TODAY.
  SLEET


RELATIVE HUMIDITY (PERCENT)
 HIGHEST     0          1200 AM
 LOWEST      0          1200 AM
 AVERAGE     0

..........................................................


THE BOWLING GREEN CLIMATE NORMALS FOR TOMORROW
                         NORMAL    RECORD    YEAR
 MAXIMUM TEMPERATURE (F)   47        72      2008
                                             1895
 MINIMUM TEMPERATURE (F)   28        -2      1963
                                             1901


SUNRISE AND SUNSET
DECEMBER 18 2014......SUNRISE   653 AM CST   SUNSET   431 PM CST
DECEMBER 19 2014......SUNRISE   654 AM CST   SUNSET   432 PM CST


-  INDICATES NEGATIVE NUMBERS.
R  INDICATES RECORD WAS SET OR TIED.
MM INDICATES DATA IS MISSING.
T  INDICATES TRACE AMOUNT.




$$
