000
CDUS43 KLMK 200633
CLIBWG


CLIMATE REPORT
NATIONAL WEATHER SERVICE LOUISVILLE KY
133 AM EST FRI JAN 20 2017


...................................

...THE BOWLING GREEN KY CLIMATE SUMMARY FOR JANUARY 19 2017...

CLIMATE NORMAL PERIOD 1981 TO 2010
CLIMATE RECORD PERIOD 1870 TO 2017


WEATHER ITEM   OBSERVED TIME   RECORD YEAR NORMAL DEPARTURE LAST
                VALUE   (LST)  VALUE       VALUE  FROM      YEAR
                                                  NORMAL
..................................................................
TEMPERATURE (F)
 YESTERDAY
  MAXIMUM         58   1159 PM  75    1907  45     13       26
  MINIMUM         43    132 AM -11    1994  26     17       11
  AVERAGE         51                        36     15       19

PRECIPITATION (IN)
  YESTERDAY        1.00          2.83 1935   0.12   0.88     0.00
  MONTH TO DATE    4.14                      2.17   1.97     0.57
  SINCE DEC 1      9.78                      6.97   2.81     5.80
  SINCE JAN 1      4.14                      2.17   1.97     0.57

SNOWFALL (IN)
  YESTERDAY        0.0           6.0  1978   0.1   -0.1      0.0
  MONTH TO DATE    0.7                       1.8   -1.1      0.1
  SINCE DEC 1      0.7                       3.0   -2.3      0.1
  SINCE JUL 1      0.7                       3.0   -2.3      0.1
  SNOW DEPTH       0

DEGREE DAYS
 HEATING
  YESTERDAY       14                        29    -15       46
  MONTH TO DATE  423                       564   -141      580
  SINCE DEC 1   1218                      1385   -167     1021
  SINCE JUL 1   1704                      2148   -444     1559

 COOLING
  YESTERDAY        0                         0      0        0
  MONTH TO DATE    0                         0      0        0
  SINCE DEC 1      0                         1     -1        2
  SINCE JAN 1      0                         0      0        0
..................................................................


WIND (MPH)
  HIGHEST WIND SPEED    10   HIGHEST WIND DIRECTION    SW (230)
  HIGHEST GUST SPEED    14   HIGHEST GUST DIRECTION     E (100)
  AVERAGE WIND SPEED     4.4


SKY COVER
  POSSIBLE SUNSHINE  MM
  AVERAGE SKY COVER 0.9


WEATHER CONDITIONS
 THE FOLLOWING WEATHER WAS RECORDED YESTERDAY.
  HEAVY RAIN
  RAIN
  LIGHT RAIN
  FOG


RELATIVE HUMIDITY (PERCENT)
 HIGHEST   100           500 PM
 LOWEST     76           500 AM
 AVERAGE    88

..........................................................


THE BOWLING GREEN KY CLIMATE NORMALS FOR TODAY
                         NORMAL    RECORD    YEAR
 MAXIMUM TEMPERATURE (F)   45        72      1906
 MINIMUM TEMPERATURE (F)   26       -14      1985


SUNRISE AND SUNSET
JANUARY 20 2017.......SUNRISE   656 AM CST   SUNSET   458 PM CST
JANUARY 21 2017.......SUNRISE   655 AM CST   SUNSET   459 PM CST


-  INDICATES NEGATIVE NUMBERS.
R  INDICATES RECORD WAS SET OR TIED.
MM INDICATES DATA IS MISSING.
T  INDICATES TRACE AMOUNT.




$$
