000
CDUS43 KLMK 220629
CLIBWG


CLIMATE REPORT
NATIONAL WEATHER SERVICE LOUISVILLE KY
229 AM EDT WED MAR 22 2017


...................................

...THE BOWLING GREEN KY CLIMATE SUMMARY FOR MARCH 21 2017...

CLIMATE NORMAL PERIOD 1981 TO 2010
CLIMATE RECORD PERIOD 1870 TO 2017


WEATHER ITEM   OBSERVED TIME   RECORD YEAR NORMAL DEPARTURE LAST
                VALUE   (LST)  VALUE       VALUE  FROM      YEAR
                                                  NORMAL
..................................................................
TEMPERATURE (F)
 YESTERDAY
  MAXIMUM         74   1258 PM  91    1907  62     12       56
  MINIMUM         53    547 AM  20    2013  38     15       33
  AVERAGE         64                        50     14       45

PRECIPITATION (IN)
  YESTERDAY        0.00          1.40 1913   0.15  -0.15     0.00
  MONTH TO DATE    2.40                      2.92  -0.52     1.81
  SINCE MAR 1      2.40                      2.92  -0.52     1.81
  SINCE JAN 1      8.98                     10.49  -1.51     8.39

SNOWFALL (IN)
  YESTERDAY        0.0           0.1  1914   0.1   -0.1      0.0
  MONTH TO DATE    T                         0.8   -0.8       T
  SINCE MAR 1      T                         0.8   -0.8       T
  SINCE JUL 1      0.7                       8.6   -7.9     24.0
  SNOW DEPTH       0

DEGREE DAYS
 HEATING
  YESTERDAY        1                        15    -14       20
  MONTH TO DATE  381                       384     -3      250
  SINCE MAR 1    381                       384     -3      250
  SINCE JUL 1   2762                      3582   -820     2850

 COOLING
  YESTERDAY        0                         0      0        0
  MONTH TO DATE    0                         0      0        0
  SINCE MAR 1      0                         0      0        0
  SINCE JAN 1      4                         0      4        0
..................................................................


WIND (MPH)
  HIGHEST WIND SPEED    16   HIGHEST WIND DIRECTION    NE (40)
  HIGHEST GUST SPEED    20   HIGHEST GUST DIRECTION    NE (50)
  AVERAGE WIND SPEED     5.3


SKY COVER
  POSSIBLE SUNSHINE  MM
  AVERAGE SKY COVER 0.4


WEATHER CONDITIONS
 THE FOLLOWING WEATHER WAS RECORDED YESTERDAY.
  NO SIGNIFICANT WEATHER WAS OBSERVED.


RELATIVE HUMIDITY (PERCENT)
 HIGHEST    87           700 AM
 LOWEST     43          1100 PM
 AVERAGE    65

..........................................................


THE BOWLING GREEN KY CLIMATE NORMALS FOR TODAY
                         NORMAL    RECORD    YEAR
 MAXIMUM TEMPERATURE (F)   62        90      1907
 MINIMUM TEMPERATURE (F)   39        20      2002


SUNRISE AND SUNSET
MARCH 22 2017.........SUNRISE   646 AM CDT   SUNSET   700 PM CDT
MARCH 23 2017.........SUNRISE   644 AM CDT   SUNSET   700 PM CDT


-  INDICATES NEGATIVE NUMBERS.
R  INDICATES RECORD WAS SET OR TIED.
MM INDICATES DATA IS MISSING.
T  INDICATES TRACE AMOUNT.




$$
