000
CDUS43 KLMK 262031
CLIBWG


CLIMATE REPORT
NATIONAL WEATHER SERVICE LOUISVILLE KY
431 PM EDT FRI SEP 26 2014


...................................

...THE BOWLING GREEN CLIMATE SUMMARY FOR SEPTEMBER 26 2014...
VALID TODAY AS OF 0400 PM LOCAL TIME.

CLIMATE NORMAL PERIOD 1981 TO 2010
CLIMATE RECORD PERIOD 1870 TO 2014


WEATHER ITEM   OBSERVED TIME   RECORD YEAR NORMAL DEPARTURE LAST
                VALUE   (LST)  VALUE       VALUE  FROM      YEAR
                                                  NORMAL
..................................................................
TEMPERATURE (F)
 TODAY
  MAXIMUM         85    119 PM  93    1923  78      7       81
  MINIMUM         56    550 AM  34    2001  54      2       55
                                      1928
  AVERAGE         71                        66      5       68

PRECIPITATION (IN)
  TODAY            0.00          3.66 2002   0.13  -0.13     0.00
  MONTH TO DATE    0.37                      3.40  -3.03     4.98
  SINCE SEP 1      0.37                      3.40  -3.03     4.98
  SINCE JAN 1     36.53                     36.96  -0.43    47.68

SNOWFALL (IN)
  TODAY            0.0           0.0    MM   0.0    0.0      0.0
  MONTH TO DATE    0.0                       0.0    0.0      0.0
  SINCE SEP 1      0.0                       0.0    0.0      0.0
  SINCE JUL 1      0.0                       0.0    0.0      0.0
  SNOW DEPTH       0

DEGREE DAYS
 HEATING
  TODAY            0                         3     -3        0
  MONTH TO DATE   24                        20      4       12
  SINCE SEP 1     24                        20      4       12
  SINCE JUL 1     24                        21      3       12

 COOLING
  TODAY            6                         3      3        3
  MONTH TO DATE  155                       174    -19      182
  SINCE SEP 1    155                       174    -19      182
  SINCE JAN 1   1432                      1443    -11     1442
..................................................................


WIND (MPH)
  HIGHEST WIND SPEED    13   HIGHEST WIND DIRECTION     E (100)
  HIGHEST GUST SPEED    17   HIGHEST GUST DIRECTION    NE (40)
  AVERAGE WIND SPEED     3.1


SKY COVER
  POSSIBLE SUNSHINE  MM
  AVERAGE SKY COVER 0.1


WEATHER CONDITIONS
 THE FOLLOWING WEATHER WAS RECORDED TODAY.
  FOG


RELATIVE HUMIDITY (PERCENT)
 HIGHEST    87           100 AM
 LOWEST     44           200 PM
 AVERAGE    66

..........................................................


THE BOWLING GREEN CLIMATE NORMALS FOR TOMORROW
                         NORMAL    RECORD    YEAR
 MAXIMUM TEMPERATURE (F)   78        95      1911
 MINIMUM TEMPERATURE (F)   53        35      1899


SUNRISE AND SUNSET
SEPTEMBER 26 2014.....SUNRISE   637 AM CDT   SUNSET   637 PM CDT
SEPTEMBER 27 2014.....SUNRISE   638 AM CDT   SUNSET   635 PM CDT


-  INDICATES NEGATIVE NUMBERS.
R  INDICATES RECORD WAS SET OR TIED.
MM INDICATES DATA IS MISSING.
T  INDICATES TRACE AMOUNT.




$$
