000
CDUS43 KLMK 152132
CLIBWG


CLIMATE REPORT
NATIONAL WEATHER SERVICE LOUISVILLE KY
431 PM EST WED FEB 15 2017


...................................

...THE BOWLING GREEN CLIMATE SUMMARY FOR FEBRUARY 15 2017...
VALID TODAY AS OF 0400 PM LOCAL TIME.

CLIMATE NORMAL PERIOD 1981 TO 2010
CLIMATE RECORD PERIOD 1870 TO 2017


WEATHER ITEM   OBSERVED TIME   RECORD YEAR NORMAL DEPARTURE LAST
                VALUE   (LST)  VALUE       VALUE  FROM      YEAR
                                                  NORMAL
..................................................................
TEMPERATURE (F)
 TODAY
  MAXIMUM         50    251 PM  77    1945  50      0       39
  MINIMUM         39    725 AM   2    1905  30      9       32
  AVERAGE         45                        40      5       36

PRECIPITATION (IN)
  TODAY            0.00          1.74 1995   0.14  -0.14     0.53
  MONTH TO DATE    2.04                      2.16  -0.12     2.80
  SINCE DEC 1     11.84                     10.57   1.27     9.84
  SINCE JAN 1      6.20                      5.77   0.43     4.61

SNOWFALL (IN)
  TODAY            0.0           4.0  1969   0.2   -0.2      0.0
  MONTH TO DATE    0.0                       2.2   -2.2      8.9
  SINCE DEC 1      0.7                       6.7   -6.0     23.7
  SINCE JUL 1      0.7                       6.7   -6.0     23.7
  SNOW DEPTH       0

DEGREE DAYS
 HEATING
  TODAY           20                        25     -5       29
  MONTH TO DATE  313                       402    -89      436
  SINCE DEC 1   1748                      2131   -383     1821
  SINCE JUL 1   2234                      2894   -660     2359

 COOLING
  TODAY            0                         0      0        0
  MONTH TO DATE    0                         0      0        0
  SINCE DEC 1      0                         1     -1        2
  SINCE JAN 1      0                         0      0        0
..................................................................


WIND (MPH)
  HIGHEST WIND SPEED    16   HIGHEST WIND DIRECTION    NW (310)
  HIGHEST GUST SPEED    23   HIGHEST GUST DIRECTION    NW (300)
  AVERAGE WIND SPEED     7.7


SKY COVER
  POSSIBLE SUNSHINE  MM
  AVERAGE SKY COVER 0.3


WEATHER CONDITIONS
 THE FOLLOWING WEATHER WAS RECORDED TODAY.
  FOG


RELATIVE HUMIDITY (PERCENT)
 HIGHEST    93           100 AM
 LOWEST     34           200 PM
 AVERAGE    64

..........................................................


THE BOWLING GREEN CLIMATE NORMALS FOR TOMORROW
                         NORMAL    RECORD    YEAR
 MAXIMUM TEMPERATURE (F)   50        77      1911
 MINIMUM TEMPERATURE (F)   30        -1      1958


SUNRISE AND SUNSET
FEBRUARY 15 2017......SUNRISE   634 AM CST   SUNSET   526 PM CST
FEBRUARY 16 2017......SUNRISE   633 AM CST   SUNSET   527 PM CST


-  INDICATES NEGATIVE NUMBERS.
R  INDICATES RECORD WAS SET OR TIED.
MM INDICATES DATA IS MISSING.
T  INDICATES TRACE AMOUNT.




$$
