000
CDUS43 KLMK 232032
CLIBWG

CLIMATE REPORT
NATIONAL WEATHER SERVICE LOUISVILLE KY
427 PM EDT WED APR 23 2014


...................................

...THE BOWLING GREEN CLIMATE SUMMARY FOR APRIL 23 2014...
VALID TODAY AS OF 0400 PM LOCAL TIME.

CLIMATE NORMAL PERIOD 1981 TO 2010
CLIMATE RECORD PERIOD 1870 TO 2014


WEATHER ITEM   OBSERVED TIME   RECORD YEAR NORMAL DEPARTURE LAST
                VALUE   (LST)  VALUE       VALUE  FROM      YEAR
                                                  NORMAL
..................................................................
TEMPERATURE (F)
 TODAY
  MAXIMUM         66    200 PM  95    1925  72     -6       75
  MINIMUM         41        MM  29    1986  48     -7       46
  AVERAGE         54                        60     -6       61

PRECIPITATION (IN)
  TODAY            0.00          1.80 1983   0.16  -0.16     0.00
  MONTH TO DATE    3.05                      3.22  -0.17     3.29
  SINCE MAR 1      6.78                      7.63  -0.85     8.50
  SINCE JAN 1     13.95                     15.20  -1.25    16.19

SNOWFALL (IN)
  TODAY            0.0           0.0    MM   0.0    0.0      0.0
  MONTH TO DATE    T                         0.2   -0.2      0.0
  SINCE MAR 1      5.1                       1.3    3.8      2.5
  SINCE JUL 1     10.4                       9.1    1.3      3.8
  SNOW DEPTH       0

DEGREE DAYS
 HEATING
  TODAY           11                         6      5        4
  MONTH TO DATE  176                       213    -37      192
  SINCE MAR 1    829                       733     96      869
  SINCE JUL 1   4438                      3931    507     3764

 COOLING
  TODAY            0                         1     -1        0
  MONTH TO DATE   12                        22    -10       53
  SINCE MAR 1     12                        27    -15       53
  SINCE JAN 1     12                        27    -15       53
..................................................................


WIND (MPH)
  HIGHEST WIND SPEED     9   HIGHEST WIND DIRECTION    NE (60)
  HIGHEST GUST SPEED    16   HIGHEST GUST DIRECTION    NE (40)
  AVERAGE WIND SPEED     4.7


SKY COVER
  POSSIBLE SUNSHINE  MM
  AVERAGE SKY COVER 0.0


WEATHER CONDITIONS
 THE FOLLOWING WEATHER WAS RECORDED TODAY.
  NO SIGNIFICANT WEATHER WAS OBSERVED.


RELATIVE HUMIDITY (PERCENT)
 HIGHEST    66          1200 AM
 LOWEST     20           200 PM
 AVERAGE    43

..........................................................


THE BOWLING GREEN CLIMATE NORMALS FOR TOMORROW
                         NORMAL    RECORD    YEAR
 MAXIMUM TEMPERATURE (F)   72        96      1925
 MINIMUM TEMPERATURE (F)   48        28      1887


SUNRISE AND SUNSET
APRIL 23 2014.........SUNRISE   601 AM CDT   SUNSET   728 PM CDT
APRIL 24 2014.........SUNRISE   600 AM CDT   SUNSET   728 PM CDT


-  INDICATES NEGATIVE NUMBERS.
R  INDICATES RECORD WAS SET OR TIED.
MM INDICATES DATA IS MISSING.
T  INDICATES TRACE AMOUNT.




$$
