000
CDUS43 KLMK 162134
CLIBWG


CLIMATE REPORT
NATIONAL WEATHER SERVICE LOUISVILLE KY
433 PM EST SAT DEC 16 2017


...................................

...THE BOWLING GREEN CLIMATE SUMMARY FOR DECEMBER 16 2017...
VALID TODAY AS OF 0400 PM LOCAL TIME.

CLIMATE NORMAL PERIOD 1981 TO 2010
CLIMATE RECORD PERIOD 1870 TO 2017


WEATHER ITEM   OBSERVED TIME   RECORD YEAR NORMAL DEPARTURE LAST
                VALUE   (LST)  VALUE       VALUE  FROM      YEAR
                                                  NORMAL
..................................................................
TEMPERATURE (F)
 TODAY
  MAXIMUM         53    233 PM  72    1984  47      6       51
  MINIMUM         30    648 AM  -5    1901  29      1       17
  AVERAGE         42                        38      4       34

PRECIPITATION (IN)
  TODAY            0.00          2.50 1996   0.16  -0.16     0.01
  MONTH TO DATE    0.57                      2.61  -2.04     1.56
  SINCE DEC 1      0.57                      2.61  -2.04     1.56
  SINCE JAN 1     49.55                     47.70   1.85    43.52

SNOWFALL (IN)
  TODAY            0.0           T    2010   0.1   -0.1      0.0
                                      2007
  MONTH TO DATE    T                         0.4   -0.4      0.0
  SINCE DEC 1      T                         0.4   -0.4      0.0
  SINCE JUL 1      T                         0.4   -0.4      0.0
  SNOW DEPTH       0

DEGREE DAYS
 HEATING
  TODAY           23                        27     -4       31
  MONTH TO DATE  405                       396      9      449
  SINCE DEC 1    405                       396      9      449
  SINCE JUL 1   1106                      1159    -53      935

 COOLING
  TODAY            0                         0      0        0
  MONTH TO DATE    0                         0      0        0
  SINCE DEC 1      0                         0      0        0
  SINCE JAN 1   1600                      1491    109     1979
..................................................................


WIND (MPH)
  HIGHEST WIND SPEED    22   HIGHEST WIND DIRECTION    SW (220)
  HIGHEST GUST SPEED    31   HIGHEST GUST DIRECTION     S (200)
  AVERAGE WIND SPEED    10.4


SKY COVER
  POSSIBLE SUNSHINE  MM
  AVERAGE SKY COVER 0.0


WEATHER CONDITIONS
 THE FOLLOWING WEATHER WAS RECORDED TODAY.
  NO SIGNIFICANT WEATHER WAS OBSERVED.


RELATIVE HUMIDITY (PERCENT)
 HIGHEST    78           400 AM
 LOWEST     44           100 PM
 AVERAGE    61

..........................................................


THE BOWLING GREEN CLIMATE NORMALS FOR TOMORROW
                         NORMAL    RECORD    YEAR
 MAXIMUM TEMPERATURE (F)   47        75      1924
 MINIMUM TEMPERATURE (F)   29         3      1901


SUNRISE AND SUNSET
DECEMBER 16 2017......SUNRISE   652 AM CST   SUNSET   431 PM CST
DECEMBER 17 2017......SUNRISE   653 AM CST   SUNSET   431 PM CST


-  INDICATES NEGATIVE NUMBERS.
R  INDICATES RECORD WAS SET OR TIED.
MM INDICATES DATA IS MISSING.
T  INDICATES TRACE AMOUNT.




$$
