000
CDUS43 KLMK 262131
CLIBWG


CLIMATE REPORT
NATIONAL WEATHER SERVICE LOUISVILLE KY
430 PM EST FRI DEC 26 2014


...................................

...THE BOWLING GREEN CLIMATE SUMMARY FOR DECEMBER 26 2014...
VALID TODAY AS OF 0400 PM LOCAL TIME.

CLIMATE NORMAL PERIOD 1981 TO 2010
CLIMATE RECORD PERIOD 1870 TO 2014


WEATHER ITEM   OBSERVED TIME   RECORD YEAR NORMAL DEPARTURE LAST
                VALUE   (LST)  VALUE       VALUE  FROM      YEAR
                                                  NORMAL
..................................................................
TEMPERATURE (F)
 TODAY
  MAXIMUM         57    201 PM  71    1942  46     11       44
  MINIMUM         26    458 AM   3    1903  27     -1       24
  AVERAGE         42                        36      6       34

PRECIPITATION (IN)
  TODAY            0.00          1.83 1895   0.14  -0.14     0.00
  MONTH TO DATE    1.46                      4.13  -2.67     4.54
  SINCE DEC 1      1.46                      4.13  -2.67     4.54
  SINCE JAN 1     45.89                     49.22  -3.33    59.19

SNOWFALL (IN)
  TODAY            0.0           1.0  1897   0.0    0.0      0.0
                                      1894
  MONTH TO DATE    T                         0.8   -0.8      0.1
  SINCE DEC 1      T                         0.8   -0.8      0.1
  SINCE JUL 1      0.3                       0.8   -0.5      1.2
  SNOW DEPTH       0

DEGREE DAYS
 HEATING
  TODAY           23                        29     -6       31
  MONTH TO DATE  581                       674    -93      652
  SINCE DEC 1    581                       674    -93      652
  SINCE JUL 1   1478                      1437     41     1532

 COOLING
  TODAY            0                         0      0        0
  MONTH TO DATE    0                         0      0        2
  SINCE DEC 1      0                         0      0        2
  SINCE JAN 1   1488                      1491     -3     1501
..................................................................


WIND (MPH)
  HIGHEST WIND SPEED    15   HIGHEST WIND DIRECTION     S (180)
  HIGHEST GUST SPEED    17   HIGHEST GUST DIRECTION    SW (230)
  AVERAGE WIND SPEED     4.5


SKY COVER
  POSSIBLE SUNSHINE   0 PERCENT
  AVERAGE SKY COVER 0.0


WEATHER CONDITIONS
 THE FOLLOWING WEATHER WAS RECORDED TODAY.
  NO SIGNIFICANT WEATHER WAS OBSERVED.


RELATIVE HUMIDITY (PERCENT)
 HIGHEST     0          1200 AM
 LOWEST      0          1200 AM
 AVERAGE     0

..........................................................


THE BOWLING GREEN CLIMATE NORMALS FOR TOMORROW
                         NORMAL    RECORD    YEAR
 MAXIMUM TEMPERATURE (F)   45        71      2008
 MINIMUM TEMPERATURE (F)   27         0      1894


SUNRISE AND SUNSET
DECEMBER 26 2014......SUNRISE   657 AM CST   SUNSET   435 PM CST
DECEMBER 27 2014......SUNRISE   658 AM CST   SUNSET   436 PM CST


-  INDICATES NEGATIVE NUMBERS.
R  INDICATES RECORD WAS SET OR TIED.
MM INDICATES DATA IS MISSING.
T  INDICATES TRACE AMOUNT.




$$
