000
CDUS43 KLMK 260629
CLIBWG


CLIMATE REPORT
NATIONAL WEATHER SERVICE LOUISVILLE KY
228 AM EDT FRI SEP 26 2014


...................................

...THE BOWLING GREEN KY CLIMATE SUMMARY FOR SEPTEMBER 25 2014...

CLIMATE NORMAL PERIOD 1981 TO 2010
CLIMATE RECORD PERIOD 1870 TO 2014


WEATHER ITEM   OBSERVED TIME   RECORD YEAR NORMAL DEPARTURE LAST
                VALUE   (LST)  VALUE       VALUE  FROM      YEAR
                                                  NORMAL
..................................................................
TEMPERATURE (F)
 YESTERDAY
  MAXIMUM         84    328 PM  96    2007  79      5       77
                                      1931
  MINIMUM         50    547 AM  34    1887  54     -4       60
  AVERAGE         67                        66      1       69

PRECIPITATION (IN)
  YESTERDAY        0.00          1.80 1940   0.14  -0.14      T
  MONTH TO DATE    0.37                      3.27  -2.90     4.98
  SINCE SEP 1      0.37                      3.27  -2.90     4.98
  SINCE JAN 1     36.53                     36.83  -0.30    47.68

SNOWFALL (IN)
  YESTERDAY        0.0           0.0    MM   0.0    0.0      0.0
  MONTH TO DATE    0.0                       0.0    0.0      0.0
  SINCE SEP 1      0.0                       0.0    0.0      0.0
  SINCE JUL 1      0.0                       0.0    0.0      0.0
  SNOW DEPTH       0

DEGREE DAYS
 HEATING
  YESTERDAY        0                         2     -2        0
  MONTH TO DATE   24                        17      7       12
  SINCE SEP 1     24                        17      7       12
  SINCE JUL 1     24                        18      6       12

 COOLING
  YESTERDAY        2                         4     -2        4
  MONTH TO DATE  149                       171    -22      179
  SINCE SEP 1    149                       171    -22      179
  SINCE JAN 1   1426                      1440    -14     1439
..................................................................


WIND (MPH)
  HIGHEST WIND SPEED    10   HIGHEST WIND DIRECTION    NE (50)
  HIGHEST GUST SPEED    17   HIGHEST GUST DIRECTION    NE (50)
  AVERAGE WIND SPEED     2.1


SKY COVER
  POSSIBLE SUNSHINE  MM
  AVERAGE SKY COVER 0.0


WEATHER CONDITIONS
 THE FOLLOWING WEATHER WAS RECORDED YESTERDAY.
  FOG
  FOG W/VISIBILITY <= 1/4 MILE


RELATIVE HUMIDITY (PERCENT)
 HIGHEST    93          1200 AM
 LOWEST     34           100 PM
 AVERAGE    64

..........................................................


THE BOWLING GREEN KY CLIMATE NORMALS FOR TODAY
                         NORMAL    RECORD    YEAR
 MAXIMUM TEMPERATURE (F)   78        93      1923
 MINIMUM TEMPERATURE (F)   54        34      2001
                                             1928


SUNRISE AND SUNSET
SEPTEMBER 26 2014.....SUNRISE   637 AM CDT   SUNSET   637 PM CDT
SEPTEMBER 27 2014.....SUNRISE   638 AM CDT   SUNSET   635 PM CDT


-  INDICATES NEGATIVE NUMBERS.
R  INDICATES RECORD WAS SET OR TIED.
MM INDICATES DATA IS MISSING.
T  INDICATES TRACE AMOUNT.

$$

SCHOETTMER
