255
CDUS43 KLMK 172131
CLIBWG


CLIMATE REPORT
NATIONAL WEATHER SERVICE LOUISVILLE KY
429 PM EST SAT FEB 17 2018


...................................

...THE BOWLING GREEN CLIMATE SUMMARY FOR FEBRUARY 17 2018...
VALID TODAY AS OF 0400 PM LOCAL TIME.

CLIMATE NORMAL PERIOD 1981 TO 2010
CLIMATE RECORD PERIOD 1870 TO 2018


WEATHER ITEM   OBSERVED TIME   RECORD YEAR NORMAL DEPARTURE LAST
                VALUE   (LST)  VALUE       VALUE  FROM      YEAR
                                                  NORMAL
..................................................................
TEMPERATURE (F)
 TODAY
  MAXIMUM         43    321 PM  79    1927  51     -8       69
  MINIMUM         38   1115 AM  -9    1958  30      8       33
  AVERAGE         41                        40      1       51

PRECIPITATION (IN)
  TODAY            0.57          3.01 1956   0.13   0.44     0.00
  MONTH TO DATE    4.21                      2.43   1.78     2.04
  SINCE DEC 1      9.98                     10.84  -0.86    11.84
  SINCE JAN 1      6.49                      6.04   0.45     6.20

SNOWFALL (IN)
  TODAY            0.0           2.0  1967   0.1   -0.1      0.0
  MONTH TO DATE    0.2                       2.4   -2.2      0.0
  SINCE DEC 1      8.4                       6.9    1.5      0.7
  SINCE JUL 1      8.4                       6.9    1.5      0.7
  SNOW DEPTH       0

DEGREE DAYS
 HEATING
  TODAY           24                        25     -1       14
  MONTH TO DATE  406                       452    -46      353
  SINCE DEC 1   2230                      2181     49     1788
  SINCE JUL 1   2931                      2944    -13     2274

 COOLING
  TODAY            0                         0      0        0
  MONTH TO DATE    5                         0      5        0
  SINCE DEC 1      5                         1      4        0
  SINCE JAN 1      5                         0      5        0
..................................................................


WIND (MPH)
  HIGHEST WIND SPEED    14   HIGHEST WIND DIRECTION    SE (120)
  HIGHEST GUST SPEED    17   HIGHEST GUST DIRECTION    SE (130)
  AVERAGE WIND SPEED     5.2


SKY COVER
  POSSIBLE SUNSHINE  MM
  AVERAGE SKY COVER 0.9


WEATHER CONDITIONS
 THE FOLLOWING WEATHER WAS RECORDED TODAY.
  HEAVY RAIN
  RAIN
  LIGHT RAIN
  FOG


RELATIVE HUMIDITY (PERCENT)
 HIGHEST   100          1100 AM
 LOWEST     73          1200 AM
 AVERAGE    87

..........................................................


THE BOWLING GREEN CLIMATE NORMALS FOR TOMORROW
                         NORMAL    RECORD    YEAR
 MAXIMUM TEMPERATURE (F)   51        72      1913
 MINIMUM TEMPERATURE (F)   30        -7      1958


SUNRISE AND SUNSET
FEBRUARY 17 2018......SUNRISE   632 AM CST   SUNSET   528 PM CST
FEBRUARY 18 2018......SUNRISE   631 AM CST   SUNSET   529 PM CST


-  INDICATES NEGATIVE NUMBERS.
R  INDICATES RECORD WAS SET OR TIED.
MM INDICATES DATA IS MISSING.
T  INDICATES TRACE AMOUNT.




$$
