000
CDUS43 KLMK 010629
CLIBWG


CLIMATE REPORT
NATIONAL WEATHER SERVICE LOUISVILLE KY
129 AM EST THU DEC 1 2016


...................................

...THE BOWLING GREEN KY CLIMATE SUMMARY FOR NOVEMBER 30 2016...

CLIMATE NORMAL PERIOD 1981 TO 2010
CLIMATE RECORD PERIOD 1870 TO 2016


WEATHER ITEM   OBSERVED TIME   RECORD YEAR NORMAL DEPARTURE LAST
                VALUE   (LST)  VALUE       VALUE  FROM      YEAR
                                                  NORMAL
..................................................................
TEMPERATURE (F)
 YESTERDAY
  MAXIMUM         59    532 AM  76    2006  53      6       61
  MINIMUM         40   1149 PM   4    1929  33      7       49
  AVERAGE         50                        43      7       55

PRECIPITATION (IN)
  YESTERDAY        0.24          1.31 2004   0.16   0.08     0.53
                                      1975
  MONTH TO DATE    1.91                      4.22  -2.31     5.46
  SINCE SEP 1      4.04                     11.53  -7.49    14.21
  SINCE JAN 1     41.96                     45.09  -3.13    49.25

SNOWFALL (IN)
  YESTERDAY        0.0           0.6  1964   0.0    0.0      0.0
  MONTH TO DATE    0.0                       0.0    0.0      0.0
  SINCE SEP 1      0.0                       T      0.0      0.0
  SINCE JUL 1      0.0                       T      0.0      0.0
  SNOW DEPTH       0

DEGREE DAYS
 HEATING
  YESTERDAY       15                        22     -7       10
  MONTH TO DATE  400                       500   -100      352
  SINCE SEP 1    486                       762   -276      538
  SINCE JUL 1    486                       763   -277      538

 COOLING
  YESTERDAY        0                         0      0        0
  MONTH TO DATE   15                         3     12        9
  SINCE SEP 1    420                       222    198      290
  SINCE JAN 1   1979                      1491    488     1671
..................................................................


WIND (MPH)
  HIGHEST WIND SPEED    16   HIGHEST WIND DIRECTION     W (260)
  HIGHEST GUST SPEED    21   HIGHEST GUST DIRECTION     W (250)
  AVERAGE WIND SPEED     6.5


SKY COVER
  POSSIBLE SUNSHINE  MM
  AVERAGE SKY COVER 0.3


WEATHER CONDITIONS
 THE FOLLOWING WEATHER WAS RECORDED YESTERDAY.
  HEAVY RAIN
  RAIN
  LIGHT RAIN
  FOG


RELATIVE HUMIDITY (PERCENT)
 HIGHEST   100           500 AM
 LOWEST     56           500 PM
 AVERAGE    78

..........................................................


THE BOWLING GREEN KY CLIMATE NORMALS FOR TODAY
                         NORMAL    RECORD    YEAR
 MAXIMUM TEMPERATURE (F)   53        71      1933
 MINIMUM TEMPERATURE (F)   33        14      1964


SUNRISE AND SUNSET
DECEMBER  1 2016......SUNRISE   641 AM CST   SUNSET   429 PM CST
DECEMBER  2 2016......SUNRISE   642 AM CST   SUNSET   429 PM CST


-  INDICATES NEGATIVE NUMBERS.
R  INDICATES RECORD WAS SET OR TIED.
MM INDICATES DATA IS MISSING.
T  INDICATES TRACE AMOUNT.




$$
