000
CDUS43 KLMK 210630
CLIBWG


CLIMATE REPORT
NATIONAL WEATHER SERVICE LOUISVILLE KY
229 AM EDT FRI APR 21 2017


...................................

...THE BOWLING GREEN KY CLIMATE SUMMARY FOR APRIL 20 2017...

CLIMATE NORMAL PERIOD 1981 TO 2010
CLIMATE RECORD PERIOD 1870 TO 2017


WEATHER ITEM   OBSERVED TIME   RECORD YEAR NORMAL DEPARTURE LAST
                VALUE   (LST)  VALUE       VALUE  FROM      YEAR
                                                  NORMAL
..................................................................
TEMPERATURE (F)
 YESTERDAY
  MAXIMUM         84    256 PM  87    1964  71     13       84
  MINIMUM         65    538 AM  28    1983  47     18       57
                                      1926
  AVERAGE         75                        59     16       71

PRECIPITATION (IN)
  YESTERDAY        0.04          1.86 1995   0.16  -0.12     0.00
  MONTH TO DATE    2.41                      2.76  -0.35     0.59
  SINCE MAR 1      6.20                      7.17  -0.97     4.41
  SINCE JAN 1     12.78                     14.74  -1.96    10.99

SNOWFALL (IN)
  YESTERDAY        0.0           5.0  1904   0.0    0.0      0.0
  MONTH TO DATE    0.0                       0.2   -0.2      0.0
  SINCE MAR 1      T                         1.3   -1.3       T
  SINCE JUL 1      0.7                       9.1   -8.4     24.0
  SNOW DEPTH       0

DEGREE DAYS
 HEATING
  YESTERDAY        0                         7     -7        0
  MONTH TO DATE   78                       193   -115      181
  SINCE MAR 1    517                       713   -196      530
  SINCE JUL 1   2898                      3911  -1013     3130

 COOLING
  YESTERDAY       10                         1      9        6
  MONTH TO DATE   55                        19     36       10
  SINCE MAR 1     61                        24     37       11
  SINCE JAN 1     65                        24     41       11
..................................................................


WIND (MPH)
  HIGHEST WIND SPEED    21   HIGHEST WIND DIRECTION    SW (220)
  HIGHEST GUST SPEED    28   HIGHEST GUST DIRECTION     W (280)
  AVERAGE WIND SPEED     9.6


SKY COVER
  POSSIBLE SUNSHINE  MM
  AVERAGE SKY COVER 0.2


WEATHER CONDITIONS
 THE FOLLOWING WEATHER WAS RECORDED YESTERDAY.
  RAIN
  LIGHT RAIN
  FOG


RELATIVE HUMIDITY (PERCENT)
 HIGHEST    87           500 AM
 LOWEST     43           300 PM
 AVERAGE    65

..........................................................


THE BOWLING GREEN KY CLIMATE NORMALS FOR TODAY
                         NORMAL    RECORD    YEAR
 MAXIMUM TEMPERATURE (F)   71        89      1963
 MINIMUM TEMPERATURE (F)   47        24      1888


SUNRISE AND SUNSET
APRIL 21 2017.........SUNRISE   603 AM CDT   SUNSET   726 PM CDT
APRIL 22 2017.........SUNRISE   602 AM CDT   SUNSET   727 PM CDT


-  INDICATES NEGATIVE NUMBERS.
R  INDICATES RECORD WAS SET OR TIED.
MM INDICATES DATA IS MISSING.
T  INDICATES TRACE AMOUNT.




$$
