000
CDUS43 KLMK 180631
CLIBWG


CLIMATE REPORT
NATIONAL WEATHER SERVICE LOUISVILLE KY
230 AM EDT SAT MAR 18 2017


...................................

...THE BOWLING GREEN KY CLIMATE SUMMARY FOR MARCH 17 2017...

CLIMATE NORMAL PERIOD 1981 TO 2010
CLIMATE RECORD PERIOD 1870 TO 2017


WEATHER ITEM   OBSERVED TIME   RECORD YEAR NORMAL DEPARTURE LAST
                VALUE   (LST)  VALUE       VALUE  FROM      YEAR
                                                  NORMAL
..................................................................
TEMPERATURE (F)
 YESTERDAY
  MAXIMUM         59    435 PM  86    1894  60     -1       68
  MINIMUM         39   1234 AM  16    1900  37      2       43
  AVERAGE         49                        49      0       56

PRECIPITATION (IN)
  YESTERDAY        0.54          2.00 1919   0.15   0.39     0.00
  MONTH TO DATE    2.40                      2.34   0.06     1.74
  SINCE MAR 1      2.40                      2.34   0.06     1.74
  SINCE JAN 1      8.98                      9.91  -0.93     8.32

SNOWFALL (IN)
  YESTERDAY        0.0           1.0  1958   0.0    0.0      0.0
  MONTH TO DATE    T                         0.6   -0.6      0.0
  SINCE MAR 1      T                         0.6   -0.6      0.0
  SINCE JUL 1      0.7                       8.4   -7.7     24.0
  SNOW DEPTH       0

DEGREE DAYS
 HEATING
  YESTERDAY       16                        16      0        9
  MONTH TO DATE  336                       321     15      175
  SINCE MAR 1    336                       321     15      175
  SINCE JUL 1   2717                      3519   -802     2775

 COOLING
  YESTERDAY        0                         0      0        0
  MONTH TO DATE    0                         0      0        0
  SINCE MAR 1      0                         0      0        0
  SINCE JAN 1      4                         0      4        0
..................................................................


WIND (MPH)
  HIGHEST WIND SPEED    31   HIGHEST WIND DIRECTION    SW (210)
  HIGHEST GUST SPEED    39   HIGHEST GUST DIRECTION    NE (30)
  AVERAGE WIND SPEED     7.6


SKY COVER
  POSSIBLE SUNSHINE  MM
  AVERAGE SKY COVER 1.0


WEATHER CONDITIONS
 THE FOLLOWING WEATHER WAS RECORDED YESTERDAY.
  HEAVY RAIN
  RAIN
  LIGHT RAIN
  FOG
  HAZE


RELATIVE HUMIDITY (PERCENT)
 HIGHEST    93           800 PM
 LOWEST     37           200 AM
 AVERAGE    65

..........................................................


THE BOWLING GREEN KY CLIMATE NORMALS FOR TODAY
                         NORMAL    RECORD    YEAR
 MAXIMUM TEMPERATURE (F)   61        87      1908
 MINIMUM TEMPERATURE (F)   38        14      1902


SUNRISE AND SUNSET
MARCH 18 2017.........SUNRISE   652 AM CDT   SUNSET   656 PM CDT
MARCH 19 2017.........SUNRISE   650 AM CDT   SUNSET   657 PM CDT


-  INDICATES NEGATIVE NUMBERS.
R  INDICATES RECORD WAS SET OR TIED.
MM INDICATES DATA IS MISSING.
T  INDICATES TRACE AMOUNT.




$$
