000
CDUS43 KLMK 252036
CLIBWG


CLIMATE REPORT
NATIONAL WEATHER SERVICE LOUISVILLE KY
436 PM EDT MON AUG 25 2014


...................................

...THE BOWLING GREEN CLIMATE SUMMARY FOR AUGUST 25 2014...
VALID TODAY AS OF 0400 PM LOCAL TIME.

CLIMATE NORMAL PERIOD 1981 TO 2010
CLIMATE RECORD PERIOD 1870 TO 2014


WEATHER ITEM   OBSERVED TIME   RECORD YEAR NORMAL DEPARTURE LAST
                VALUE   (LST)  VALUE       VALUE  FROM      YEAR
                                                  NORMAL
..................................................................
TEMPERATURE (F)
 TODAY
  MAXIMUM         92    156 PM 102    1943  88      4       86
  MINIMUM         72    550 AM  47    1887  65      7       63
  AVERAGE         82                        77      5       75

PRECIPITATION (IN)
  TODAY            0.00          1.55 1964   0.11  -0.11     0.00
  MONTH TO DATE    7.96                      2.63   5.33     5.88
  SINCE JUN 1     12.21                     10.93   1.28    17.92
  SINCE JAN 1     32.79                     32.86  -0.07    42.45

SNOWFALL (IN)
  TODAY            0.0           0.0    MM   0.0    0.0      0.0
  MONTH TO DATE    0.0                       0.0    0.0      0.0
  SINCE JUN 1      0.0                       0.0    0.0      0.0
  SINCE JUL 1      0.0                       0.0    0.0      0.0
  SNOW DEPTH       0

DEGREE DAYS
 HEATING
  TODAY            0                         0      0        0
  MONTH TO DATE    0                         0      0        0
  SINCE JUN 1      0                         5     -5        0
  SINCE JUL 1      0                         0      0        0

 COOLING
  TODAY           17                        12      5       10
  MONTH TO DATE  327                       320      7      264
  SINCE JUN 1    993                      1048    -55      954
  SINCE JAN 1   1190                      1201    -11     1167
..................................................................


WIND (MPH)
  HIGHEST WIND SPEED    10   HIGHEST WIND DIRECTION     S (200)
  HIGHEST GUST SPEED    13   HIGHEST GUST DIRECTION    SW (220)
  AVERAGE WIND SPEED     2.4


SKY COVER
  POSSIBLE SUNSHINE  MM
  AVERAGE SKY COVER 0.4


WEATHER CONDITIONS
 THE FOLLOWING WEATHER WAS RECORDED TODAY.
  FOG


RELATIVE HUMIDITY (PERCENT)
 HIGHEST   100           400 AM
 LOWEST     52           200 PM
 AVERAGE    76

..........................................................


THE BOWLING GREEN CLIMATE NORMALS FOR TOMORROW
                         NORMAL    RECORD    YEAR
 MAXIMUM TEMPERATURE (F)   88       104      1943
 MINIMUM TEMPERATURE (F)   65        49      1917


SUNRISE AND SUNSET
AUGUST 25 2014........SUNRISE   611 AM CDT   SUNSET   724 PM CDT
AUGUST 26 2014........SUNRISE   612 AM CDT   SUNSET   723 PM CDT


-  INDICATES NEGATIVE NUMBERS.
R  INDICATES RECORD WAS SET OR TIED.
MM INDICATES DATA IS MISSING.
T  INDICATES TRACE AMOUNT.




$$
