000
CDUS43 KLMK 262036
CLIBWG


CLIMATE REPORT
NATIONAL WEATHER SERVICE LOUISVILLE KY
434 PM EDT TUE APR 26 2016


...................................

...THE BOWLING GREEN CLIMATE SUMMARY FOR APRIL 26 2016...
VALID TODAY AS OF 0400 PM LOCAL TIME.

CLIMATE NORMAL PERIOD 1981 TO 2010
CLIMATE RECORD PERIOD 1870 TO 2016


WEATHER ITEM   OBSERVED TIME   RECORD YEAR NORMAL DEPARTURE LAST
                VALUE   (LST)  VALUE       VALUE  FROM      YEAR
                                                  NORMAL
..................................................................
TEMPERATURE (F)
 TODAY
  MAXIMUM         86    218 PM  91    1915  73     13       66
  MINIMUM         64    259 AM  25    1873  49     15       49
  AVERAGE         75                        61     14       58

PRECIPITATION (IN)
  TODAY            0.00          2.25 1914   0.16  -0.16      T
  MONTH TO DATE    0.83                      3.71  -2.88     9.08
  SINCE MAR 1      4.65                      8.12  -3.47    15.35
  SINCE JAN 1     11.23                     15.69  -4.46    21.23

SNOWFALL (IN)
  TODAY            0.0           0.0    MM   0.0    0.0      0.0
  MONTH TO DATE    0.0                       0.2   -0.2      0.0
  SINCE MAR 1      T                         1.3   -1.3      7.2
  SINCE JUL 1     24.0                       9.1   14.9     23.5
  SNOW DEPTH       0

DEGREE DAYS
 HEATING
  TODAY            0                         6     -6        7
  MONTH TO DATE  187                       231    -44      136
  SINCE MAR 1    536                       751   -215      676
  SINCE JUL 1   3136                      3949   -813     4211

 COOLING
  TODAY           10                         1      9        0
  MONTH TO DATE   29                        25      4       35
  SINCE MAR 1     30                        30      0       35
  SINCE JAN 1     30                        30      0       35
..................................................................


WIND (MPH)
  HIGHEST WIND SPEED    18   HIGHEST WIND DIRECTION    SW (230)
  HIGHEST GUST SPEED    25   HIGHEST GUST DIRECTION    SW (210)
  AVERAGE WIND SPEED     8.3


SKY COVER
  POSSIBLE SUNSHINE  MM
  AVERAGE SKY COVER 0.4


WEATHER CONDITIONS
 THE FOLLOWING WEATHER WAS RECORDED TODAY.
  NO SIGNIFICANT WEATHER WAS OBSERVED.


RELATIVE HUMIDITY (PERCENT)
 HIGHEST    68           600 AM
 LOWEST     44           200 PM
 AVERAGE    56

..........................................................


THE BOWLING GREEN CLIMATE NORMALS FOR TOMORROW
                         NORMAL    RECORD    YEAR
 MAXIMUM TEMPERATURE (F)   73        90      1989
 MINIMUM TEMPERATURE (F)   49        31      1946


SUNRISE AND SUNSET
APRIL 26 2016.........SUNRISE   557 AM CDT   SUNSET   731 PM CDT
APRIL 27 2016.........SUNRISE   556 AM CDT   SUNSET   732 PM CDT


-  INDICATES NEGATIVE NUMBERS.
R  INDICATES RECORD WAS SET OR TIED.
MM INDICATES DATA IS MISSING.
T  INDICATES TRACE AMOUNT.




$$
