000
CDUS43 KLMK 160632
CLIBWG


CLIMATE REPORT
NATIONAL WEATHER SERVICE LOUISVILLE KY
229 AM EDT THU MAR 16 2017

...................................

...THE BOWLING GREEN KY CLIMATE SUMMARY FOR MARCH 15 2017...

CLIMATE NORMAL PERIOD 1981 TO 2010
CLIMATE RECORD PERIOD 1870 TO 2017


WEATHER ITEM   OBSERVED TIME   RECORD YEAR NORMAL DEPARTURE LAST
                VALUE   (LST)  VALUE       VALUE  FROM      YEAR
                                                  NORMAL
..................................................................
TEMPERATURE (F)
 YESTERDAY
  MAXIMUM         39    326 PM  85    2016  60    -21       85
                                      1921
  MINIMUM         22    626 AM  16    1993  37    -15       45
  AVERAGE         31                        48    -17       65

PRECIPITATION (IN)
  YESTERDAY        0.00          2.25 1922   0.14  -0.14     0.00
  MONTH TO DATE    1.86                      2.04  -0.18     1.74
  SINCE MAR 1      1.86                      2.04  -0.18     1.74
  SINCE JAN 1      8.44                      9.61  -1.17     8.32

SNOWFALL (IN)
  YESTERDAY        0.0           1.5  1937   0.0    0.0      0.0
  MONTH TO DATE    T                         0.5   -0.5      0.0
  SINCE MAR 1      T                         0.5   -0.5      0.0
  SINCE JUL 1      0.7                       8.3   -7.6     24.0
  SNOW DEPTH       0

DEGREE DAYS
 HEATING
  YESTERDAY       34                        17     17        0
  MONTH TO DATE  289                       288      1      165
  SINCE MAR 1    289                       288      1      165
  SINCE JUL 1   2670                      3486   -816     2765

 COOLING
  YESTERDAY        0                         0      0        0
  MONTH TO DATE    0                         0      0        0
  SINCE MAR 1      0                         0      0        0
  SINCE JAN 1      4                         0      4        0
..................................................................


WIND (MPH)
  HIGHEST WIND SPEED    29   HIGHEST WIND DIRECTION    SW (220)
  HIGHEST GUST SPEED    32   HIGHEST GUST DIRECTION    SW (220)
  AVERAGE WIND SPEED     6.5


SKY COVER
  POSSIBLE SUNSHINE  MM
  AVERAGE SKY COVER 0.1


WEATHER CONDITIONS
 THE FOLLOWING WEATHER WAS RECORDED YESTERDAY.
  NO SIGNIFICANT WEATHER WAS OBSERVED.


RELATIVE HUMIDITY (PERCENT)
 HIGHEST    74           200 AM
 LOWEST     29           400 PM
 AVERAGE    52

..........................................................


THE BOWLING GREEN KY CLIMATE NORMALS FOR TODAY
                         NORMAL    RECORD    YEAR
 MAXIMUM TEMPERATURE (F)   60        84      1945
 MINIMUM TEMPERATURE (F)   37        12      1900


SUNRISE AND SUNSET
MARCH 16 2017.........SUNRISE   655 AM CDT   SUNSET   654 PM CDT
MARCH 17 2017.........SUNRISE   653 AM CDT   SUNSET   655 PM CDT


-  INDICATES NEGATIVE NUMBERS.
R  INDICATES RECORD WAS SET OR TIED.
MM INDICATES DATA IS MISSING.
T  INDICATES TRACE AMOUNT.

$$
04
