000
CDUS43 KLMK 100626
CLIBWG


CLIMATE REPORT
NATIONAL WEATHER SERVICE LOUISVILLE KY
226 AM EDT TUE OCT 10 2017


...................................

...THE BOWLING GREEN KY CLIMATE SUMMARY FOR OCTOBER 9 2017...

CLIMATE NORMAL PERIOD 1981 TO 2010
CLIMATE RECORD PERIOD 1870 TO 2017


WEATHER ITEM   OBSERVED TIME   RECORD YEAR NORMAL DEPARTURE LAST
                VALUE   (LST)  VALUE       VALUE  FROM      YEAR
                                                  NORMAL
..................................................................
TEMPERATURE (F)
 YESTERDAY
  MAXIMUM         85    350 PM  90    1928  74     11       75
                                      1913
  MINIMUM         69   1103 PM  30    2000  48     21       44
                                      1915
                                      1889
  AVERAGE         77                        61     16       60

PRECIPITATION (IN)
  YESTERDAY        0.00          2.23 1999   0.10  -0.10     0.00
  MONTH TO DATE    0.89                      1.00  -0.11      T
  SINCE SEP 1      7.36                      4.93   2.43     1.57
  SINCE JAN 1     44.44                     38.49   5.95    39.49

SNOWFALL (IN)
  YESTERDAY        0.0           0.0    MM   0.0    0.0      0.0
  MONTH TO DATE    0.0                       0.0    0.0      0.0
  SINCE SEP 1      0.0                       0.0    0.0      0.0
  SINCE JUL 1      0.0                       0.0    0.0      0.0
  SNOW DEPTH       0

DEGREE DAYS
 HEATING
  YESTERDAY        0                         6     -6        5
  MONTH TO DATE    0                        42    -42        9
  SINCE SEP 1     19                        77    -58       28
  SINCE JUL 1     19                        78    -59       28

 COOLING
  YESTERDAY       12                         1     11        0
  MONTH TO DATE   44                        18     26       33
  SINCE SEP 1    214                       204     10      338
  SINCE JAN 1   1566                      1473     93     1897
..................................................................


WIND (MPH)
  HIGHEST WIND SPEED    12   HIGHEST WIND DIRECTION     W (250)
  HIGHEST GUST SPEED    14   HIGHEST GUST DIRECTION    SW (230)
  AVERAGE WIND SPEED     3.0


SKY COVER
  POSSIBLE SUNSHINE  MM
  AVERAGE SKY COVER 0.6


WEATHER CONDITIONS
 THE FOLLOWING WEATHER WAS RECORDED YESTERDAY.
  FOG


RELATIVE HUMIDITY (PERCENT)
 HIGHEST   100          1200 AM
 LOWEST     55           200 PM
 AVERAGE    78

..........................................................


THE BOWLING GREEN KY CLIMATE NORMALS FOR TODAY
                         NORMAL    RECORD    YEAR
 MAXIMUM TEMPERATURE (F)   73        91      1928
 MINIMUM TEMPERATURE (F)   48        28      1915


SUNRISE AND SUNSET
OCTOBER 10 2017.......SUNRISE   649 AM CDT   SUNSET   616 PM CDT
OCTOBER 11 2017.......SUNRISE   650 AM CDT   SUNSET   614 PM CDT


-  INDICATES NEGATIVE NUMBERS.
R  INDICATES RECORD WAS SET OR TIED.
MM INDICATES DATA IS MISSING.
T  INDICATES TRACE AMOUNT.




$$
