573
CDUS43 KLMK 252029
CLIBWG


CLIMATE REPORT
NATIONAL WEATHER SERVICE LOUISVILLE KY
428 PM EDT SUN SEP 25 2016


...................................

...THE BOWLING GREEN CLIMATE SUMMARY FOR SEPTEMBER 25 2016...
VALID TODAY AS OF 0400 PM LOCAL TIME.

CLIMATE NORMAL PERIOD 1981 TO 2010
CLIMATE RECORD PERIOD 1870 TO 2016


WEATHER ITEM   OBSERVED TIME   RECORD YEAR NORMAL DEPARTURE LAST
                VALUE   (LST)  VALUE       VALUE  FROM      YEAR
                                                  NORMAL
..................................................................
TEMPERATURE (F)
 TODAY
  MAXIMUM         92    200 PM  96    2007  79     13       82
                                      1931
  MINIMUM         64    556 AM  34    1887  54     10       62
  AVERAGE         78                        66     12       72

PRECIPITATION (IN)
  TODAY            0.00          1.80 1940   0.14  -0.14     0.15
  MONTH TO DATE    1.02                      3.27  -2.25     0.86
  SINCE SEP 1      1.02                      3.27  -2.25     0.86
  SINCE JAN 1     38.94                     36.83   2.11    35.90

SNOWFALL (IN)
  TODAY            0.0           0.0    MM   0.0    0.0      0.0
  MONTH TO DATE    0.0                       0.0    0.0      0.0
  SINCE SEP 1      0.0                       0.0    0.0      0.0
  SINCE JUL 1      0.0                       0.0    0.0      0.0
  SNOW DEPTH       0

DEGREE DAYS
 HEATING
  TODAY            0                         2     -2        0
  MONTH TO DATE    0                        17    -17        8
  SINCE SEP 1      0                        17    -17        8
  SINCE JUL 1      0                        18    -18        8

 COOLING
  TODAY           13                         4      9        7
  MONTH TO DATE  303                       171    132      211
  SINCE SEP 1    303                       171    132      211
  SINCE JAN 1   1862                      1440    422     1592
..................................................................


WIND (MPH)
  HIGHEST WIND SPEED     8   HIGHEST WIND DIRECTION    NE (40)
  HIGHEST GUST SPEED    11   HIGHEST GUST DIRECTION    NE (30)
  AVERAGE WIND SPEED     1.1


SKY COVER
  POSSIBLE SUNSHINE  MM
  AVERAGE SKY COVER 0.0


WEATHER CONDITIONS
 THE FOLLOWING WEATHER WAS RECORDED TODAY.
  FOG
  FOG W/VISIBILITY <= 1/4 MILE
  HAZE


RELATIVE HUMIDITY (PERCENT)
 HIGHEST    93          1200 AM
 LOWEST     36           100 PM
 AVERAGE    65

..........................................................


THE BOWLING GREEN CLIMATE NORMALS FOR TOMORROW
                         NORMAL    RECORD    YEAR
 MAXIMUM TEMPERATURE (F)   78        93      1923
 MINIMUM TEMPERATURE (F)   54        34      2001
                                             1928


SUNRISE AND SUNSET
SEPTEMBER 25 2016.....SUNRISE   636 AM CDT   SUNSET   637 PM CDT
SEPTEMBER 26 2016.....SUNRISE   637 AM CDT   SUNSET   636 PM CDT


-  INDICATES NEGATIVE NUMBERS.
R  INDICATES RECORD WAS SET OR TIED.
MM INDICATES DATA IS MISSING.
T  INDICATES TRACE AMOUNT.




$$
