000
CDUS43 KLMK 300626
CLIBWG


CLIMATE REPORT
NATIONAL WEATHER SERVICE LOUISVILLE KY
126 AM EST WED NOV 30 2016


...................................

...THE BOWLING GREEN KY CLIMATE SUMMARY FOR NOVEMBER 29 2016...

CLIMATE NORMAL PERIOD 1981 TO 2010
CLIMATE RECORD PERIOD 1870 TO 2016


WEATHER ITEM   OBSERVED TIME   RECORD YEAR NORMAL DEPARTURE LAST
                VALUE   (LST)  VALUE       VALUE  FROM      YEAR
                                                  NORMAL
..................................................................
TEMPERATURE (F)
 YESTERDAY
  MAXIMUM         68    122 PM  77    1927  53     15       52
  MINIMUM         47    718 AM   9    1887  33     14       49
  AVERAGE         58                        43     15       51

PRECIPITATION (IN)
  YESTERDAY        0.16          2.26 2001   0.16   0.00     1.14
  MONTH TO DATE    1.67                      4.06  -2.39     4.93
  SINCE SEP 1      3.80                     11.37  -7.57    13.68
  SINCE JAN 1     41.72                     44.93  -3.21    48.72

SNOWFALL (IN)
  YESTERDAY        0.0           1.0  1959   0.0    0.0      0.0
                                      1952
  MONTH TO DATE    0.0                       0.1   -0.1      0.0
  SINCE SEP 1      0.0                       0.1   -0.1      0.0
  SINCE JUL 1      0.0                       0.1   -0.1      0.0
  SNOW DEPTH       0

DEGREE DAYS
 HEATING
  YESTERDAY        7                        22    -15       14
  MONTH TO DATE  385                       478    -93      342
  SINCE SEP 1    471                       740   -269      528
  SINCE JUL 1    471                       741   -270      528

 COOLING
  YESTERDAY        0                         0      0        0
  MONTH TO DATE   15                         0     15        9
  SINCE SEP 1    420                       219    201      290
  SINCE JAN 1   1979                      1488    491     1671
..................................................................


WIND (MPH)
  HIGHEST WIND SPEED    21   HIGHEST WIND DIRECTION     S (190)
  HIGHEST GUST SPEED    26   HIGHEST GUST DIRECTION     S (190)
  AVERAGE WIND SPEED     7.2


SKY COVER
  POSSIBLE SUNSHINE  MM
  AVERAGE SKY COVER 0.3


WEATHER CONDITIONS
 THE FOLLOWING WEATHER WAS RECORDED YESTERDAY.
  HEAVY RAIN
  RAIN
  LIGHT RAIN
  FOG


RELATIVE HUMIDITY (PERCENT)
 HIGHEST    93           700 AM
 LOWEST     42           200 PM
 AVERAGE    68

..........................................................


THE BOWLING GREEN KY CLIMATE NORMALS FOR TODAY
                         NORMAL    RECORD    YEAR
 MAXIMUM TEMPERATURE (F)   53        76      2006
 MINIMUM TEMPERATURE (F)   33         4      1929


SUNRISE AND SUNSET
NOVEMBER 30 2016......SUNRISE   640 AM CST   SUNSET   429 PM CST
DECEMBER  1 2016......SUNRISE   641 AM CST   SUNSET   429 PM CST


-  INDICATES NEGATIVE NUMBERS.
R  INDICATES RECORD WAS SET OR TIED.
MM INDICATES DATA IS MISSING.
T  INDICATES TRACE AMOUNT.




$$
