000
CDUS43 KLMK 240627
CLIBWG


CLIMATE REPORT
NATIONAL WEATHER SERVICE LOUISVILLE KY
127 AM EST SAT JAN 24 2015


...................................

...THE BOWLING GREEN KY CLIMATE SUMMARY FOR JANUARY 23 2015...

CLIMATE NORMAL PERIOD 1981 TO 2010
CLIMATE RECORD PERIOD 1870 TO 2015


WEATHER ITEM   OBSERVED TIME   RECORD YEAR NORMAL DEPARTURE LAST
                VALUE   (LST)  VALUE       VALUE  FROM      YEAR
                                                  NORMAL
..................................................................
TEMPERATURE (F)
 YESTERDAY
  MAXIMUM         37   1259 PM  75    1909  45     -8       21
  MINIMUM         33   1159 PM -21    1963  26      7        5
  AVERAGE         35                        36     -1       13

PRECIPITATION (IN)
  YESTERDAY        0.33          2.30 1937   0.11   0.22      T
  MONTH TO DATE    1.60                      2.63  -1.03     1.73
  SINCE DEC 1      3.29                      7.43  -4.14     6.74
  SINCE JAN 1      1.60                      2.63  -1.03     1.73

SNOWFALL (IN)
  YESTERDAY        1.7           5.0  1963   0.1    1.6       T
  MONTH TO DATE    2.3                       2.3    0.0      1.5
  SINCE DEC 1      2.3                       3.5   -1.2      1.6
  SINCE JUL 1      2.6                       3.5   -0.9      2.7
  SNOW DEPTH       0

DEGREE DAYS
 HEATING
  YESTERDAY       30                        29      1       52
  MONTH TO DATE  712                       680     32      780
  SINCE DEC 1   1428                      1501    -73     1587
  SINCE JUL 1   2325                      2264     61     2467

 COOLING
  YESTERDAY        0                         0      0        0
  MONTH TO DATE    0                         0      0        0
  SINCE DEC 1      0                         1     -1        2
  SINCE JAN 1      0                         0      0        0
..................................................................


WIND (MPH)
  HIGHEST WIND SPEED    12   HIGHEST WIND DIRECTION    NE (50)
  HIGHEST GUST SPEED    15   HIGHEST GUST DIRECTION     N (10)
  AVERAGE WIND SPEED     6.8


SKY COVER
  POSSIBLE SUNSHINE  MM
  AVERAGE SKY COVER 0.9


WEATHER CONDITIONS
 THE FOLLOWING WEATHER WAS RECORDED YESTERDAY.
  RAIN
  LIGHT RAIN
  LIGHT SNOW
  FOG
  HAZE


RELATIVE HUMIDITY (PERCENT)
 HIGHEST    89           300 PM
 LOWEST     70           100 AM
 AVERAGE    80

..........................................................


THE BOWLING GREEN KY CLIMATE NORMALS FOR TODAY
                         NORMAL    RECORD    YEAR
 MAXIMUM TEMPERATURE (F)   45        78      1943
 MINIMUM TEMPERATURE (F)   26       -21      1963


SUNRISE AND SUNSET
JANUARY 24 2015.......SUNRISE   654 AM CST   SUNSET   502 PM CST
JANUARY 25 2015.......SUNRISE   653 AM CST   SUNSET   503 PM CST


-  INDICATES NEGATIVE NUMBERS.
R  INDICATES RECORD WAS SET OR TIED.
MM INDICATES DATA IS MISSING.
T  INDICATES TRACE AMOUNT.




$$
