000
CDUS43 KLMK 212128
CLIBWG

CLIMATE REPORT
NATIONAL WEATHER SERVICE LOUISVILLE KY
425 PM EST SUN DEC 21 2014


...................................

...THE BOWLING GREEN CLIMATE SUMMARY FOR DECEMBER 21 2014...
VALID TODAY AS OF 0400 PM LOCAL TIME.

CLIMATE NORMAL PERIOD 1981 TO 2010
CLIMATE RECORD PERIOD 1870 TO 2014


WEATHER ITEM   OBSERVED TIME   RECORD YEAR NORMAL DEPARTURE LAST
                VALUE   (LST)  VALUE       VALUE  FROM      YEAR
                                                  NORMAL
..................................................................
TEMPERATURE (F)
 TODAY
  MAXIMUM         50    200 PM  74    2013  46      4       74
  MINIMUM         22        MM  -8    1901  28     -6       60
  AVERAGE         36                        37     -1       67

PRECIPITATION (IN)
  TODAY            0.00          2.57 1990   0.16  -0.16     1.21
  MONTH TO DATE    1.10                      3.39  -2.29     4.24
  SINCE DEC 1      1.10                      3.39  -2.29     4.24
  SINCE JAN 1     45.53                     48.48  -2.95    58.89

SNOWFALL (IN)
  TODAY            0.0           0.4  1944   0.1   -0.1      0.0
                                      1906
  MONTH TO DATE    T                         0.6   -0.6      0.1
  SINCE DEC 1      T                         0.6   -0.6      0.1
  SINCE JUL 1      0.3                       0.6   -0.3      1.2
  SNOW DEPTH       0

DEGREE DAYS
 HEATING
  TODAY           29                        28      1        0
  MONTH TO DATE  486                       533    -47      499
  SINCE DEC 1    486                       533    -47      499
  SINCE JUL 1   1383                      1296     87     1379

 COOLING
  TODAY            0                         0      0        2
  MONTH TO DATE    0                         0      0        2
  SINCE DEC 1      0                         0      0        2
  SINCE JAN 1   1488                      1491     -3     1501
..................................................................


WIND (MPH)
  HIGHEST WIND SPEED     9   HIGHEST WIND DIRECTION    NE (40)
  HIGHEST GUST SPEED    MM   HIGHEST GUST DIRECTION    MM
  AVERAGE WIND SPEED     3.5


SKY COVER
  POSSIBLE SUNSHINE   0 PERCENT
  AVERAGE SKY COVER 0.0


WEATHER CONDITIONS
 THE FOLLOWING WEATHER WAS RECORDED TODAY.
  NO SIGNIFICANT WEATHER WAS OBSERVED.


RELATIVE HUMIDITY (PERCENT)
 HIGHEST     0          1200 AM
 LOWEST      0          1200 AM
 AVERAGE     0

..........................................................


THE BOWLING GREEN CLIMATE NORMALS FOR TOMORROW
                         NORMAL    RECORD    YEAR
 MAXIMUM TEMPERATURE (F)   46        66      1941
 MINIMUM TEMPERATURE (F)   28       -14      1989


SUNRISE AND SUNSET
DECEMBER 21 2014......SUNRISE   655 AM CST   SUNSET   433 PM CST
DECEMBER 22 2014......SUNRISE   656 AM CST   SUNSET   433 PM CST


-  INDICATES NEGATIVE NUMBERS.
R  INDICATES RECORD WAS SET OR TIED.
MM INDICATES DATA IS MISSING.
T  INDICATES TRACE AMOUNT.




$$
