000
CDUS43 KLMK 042038
CLIBWG


CLIMATE REPORT
NATIONAL WEATHER SERVICE LOUISVILLE KY
438 PM EDT FRI JUL 4 2014


...................................

...THE BOWLING GREEN CLIMATE SUMMARY FOR JULY 4 2014...
VALID TODAY AS OF 0400 PM LOCAL TIME.

CLIMATE NORMAL PERIOD 1981 TO 2010
CLIMATE RECORD PERIOD 1870 TO 2014


WEATHER ITEM   OBSERVED TIME   RECORD YEAR NORMAL DEPARTURE LAST
                VALUE   (LST)  VALUE       VALUE  FROM      YEAR
                                                  NORMAL
..................................................................
TEMPERATURE (F)
 TODAY
  MAXIMUM         82    225 PM 102    2012  89     -7       73
                                      1874
  MINIMUM         59    443 AM  52    1907  68     -9       67
                                      1924
  AVERAGE         71                        78     -7       70

PRECIPITATION (IN)
  TODAY            0.00          2.40 1941   0.15  -0.15     1.14
  MONTH TO DATE    0.24                      0.57  -0.33     4.11
  SINCE JUN 1      1.96                      4.77  -2.81     6.48
  SINCE JAN 1     22.54                     26.70  -4.16    31.01

SNOWFALL (IN)
  TODAY            0.0           0.0    MM   0.0    0.0      0.0
  MONTH TO DATE    0.0                       0.0    0.0      0.0
  SINCE JUN 1      0.0                       0.0    0.0      0.0
  SINCE JUL 1      0.0                       0.0    0.0      0.0
  SNOW DEPTH       0

DEGREE DAYS
 HEATING
  TODAY            0                         0      0        0
  MONTH TO DATE    0                         0      0        0
  SINCE JUN 1      0                         5     -5        0
  SINCE JUL 1      0                         0      0        0

 COOLING
  TODAY            6                        13     -7        5
  MONTH TO DATE   42                        52    -10       29
  SINCE JUN 1    391                       357     34      363
  SINCE JAN 1    588                       510     78      576
..................................................................


WIND (MPH)
  HIGHEST WIND SPEED    15   HIGHEST WIND DIRECTION    NE (40)
  HIGHEST GUST SPEED    19   HIGHEST GUST DIRECTION    NE (40)
  AVERAGE WIND SPEED     5.3


SKY COVER
  POSSIBLE SUNSHINE  MM
  AVERAGE SKY COVER 0.0


WEATHER CONDITIONS
 THE FOLLOWING WEATHER WAS RECORDED TODAY.
  NO SIGNIFICANT WEATHER WAS OBSERVED.


RELATIVE HUMIDITY (PERCENT)
 HIGHEST    90          1200 AM
 LOWEST     28           200 PM
 AVERAGE    59

..........................................................


THE BOWLING GREEN CLIMATE NORMALS FOR TOMORROW
                         NORMAL    RECORD    YEAR
 MAXIMUM TEMPERATURE (F)   89       103      2012
 MINIMUM TEMPERATURE (F)   68        52      1922
                                             1968


SUNRISE AND SUNSET
JULY  4 2014..........SUNRISE   531 AM CDT   SUNSET   809 PM CDT
JULY  5 2014..........SUNRISE   532 AM CDT   SUNSET   809 PM CDT


-  INDICATES NEGATIVE NUMBERS.
R  INDICATES RECORD WAS SET OR TIED.
MM INDICATES DATA IS MISSING.
T  INDICATES TRACE AMOUNT.




$$
