000
CDUS43 KLMK 190633
CLIBWG


CLIMATE REPORT
NATIONAL WEATHER SERVICE LOUISVILLE KY
233 AM EDT SUN MAR 19 2017


...................................

...THE BOWLING GREEN KY CLIMATE SUMMARY FOR MARCH 18 2017...

CLIMATE NORMAL PERIOD 1981 TO 2010
CLIMATE RECORD PERIOD 1870 TO 2017


WEATHER ITEM   OBSERVED TIME   RECORD YEAR NORMAL DEPARTURE LAST
                VALUE   (LST)  VALUE       VALUE  FROM      YEAR
                                                  NORMAL
..................................................................
TEMPERATURE (F)
 YESTERDAY
  MAXIMUM         57    223 PM  87    1908  61     -4       68
  MINIMUM         34   1142 PM  14    1902  38     -4       36
  AVERAGE         46                        49     -3       52

PRECIPITATION (IN)
  YESTERDAY        0.00          3.00 1919   0.14  -0.14     0.00
  MONTH TO DATE    2.40                      2.48  -0.08     1.74
  SINCE MAR 1      2.40                      2.48  -0.08     1.74
  SINCE JAN 1      8.98                     10.05  -1.07     8.32

SNOWFALL (IN)
  YESTERDAY        0.0           0.7  1949   0.0    0.0      0.0
  MONTH TO DATE    T                         0.6   -0.6      0.0
  SINCE MAR 1      T                         0.6   -0.6      0.0
  SINCE JUL 1      0.7                       8.4   -7.7     24.0
  SNOW DEPTH       0

DEGREE DAYS
 HEATING
  YESTERDAY       19                        16      3       13
  MONTH TO DATE  355                       337     18      188
  SINCE MAR 1    355                       337     18      188
  SINCE JUL 1   2736                      3535   -799     2788

 COOLING
  YESTERDAY        0                         0      0        0
  MONTH TO DATE    0                         0      0        0
  SINCE MAR 1      0                         0      0        0
  SINCE JAN 1      4                         0      4        0
..................................................................


WIND (MPH)
  HIGHEST WIND SPEED    20   HIGHEST WIND DIRECTION     W (280)
  HIGHEST GUST SPEED    31   HIGHEST GUST DIRECTION    NW (330)
  AVERAGE WIND SPEED     7.3


SKY COVER
  POSSIBLE SUNSHINE  MM
  AVERAGE SKY COVER 0.3


WEATHER CONDITIONS
 THE FOLLOWING WEATHER WAS RECORDED YESTERDAY.
  FOG


RELATIVE HUMIDITY (PERCENT)
 HIGHEST    93          1200 AM
 LOWEST     38           100 PM
 AVERAGE    66

..........................................................


THE BOWLING GREEN KY CLIMATE NORMALS FOR TODAY
                         NORMAL    RECORD    YEAR
 MAXIMUM TEMPERATURE (F)   61        86      1907
 MINIMUM TEMPERATURE (F)   38         8      1892


SUNRISE AND SUNSET
MARCH 19 2017.........SUNRISE   650 AM CDT   SUNSET   657 PM CDT
MARCH 20 2017.........SUNRISE   649 AM CDT   SUNSET   658 PM CDT


-  INDICATES NEGATIVE NUMBERS.
R  INDICATES RECORD WAS SET OR TIED.
MM INDICATES DATA IS MISSING.
T  INDICATES TRACE AMOUNT.




$$
