000
CDUS43 KLMK 280636
CLIBWG


CLIMATE REPORT
NATIONAL WEATHER SERVICE LOUISVILLE KY
235 AM EDT FRI AUG 28 2015


...................................

...THE BOWLING GREEN KY CLIMATE SUMMARY FOR AUGUST 27 2015...

CLIMATE NORMAL PERIOD 1981 TO 2010
CLIMATE RECORD PERIOD 1870 TO 2015


WEATHER ITEM   OBSERVED TIME   RECORD YEAR NORMAL DEPARTURE LAST
                VALUE   (LST)  VALUE       VALUE  FROM      YEAR
                                                  NORMAL
..................................................................
TEMPERATURE (F)
 YESTERDAY
  MAXIMUM         83    332 PM 102    1924  88     -5       91
  MINIMUM         54    535 AM  47    1945  65    -11       71
  AVERAGE         69                        76     -7       81

PRECIPITATION (IN)
  YESTERDAY        0.00          1.83 1944   0.11  -0.11     0.01
  MONTH TO DATE    1.54                      2.85  -1.31     8.10
  SINCE JUN 1     10.82                     11.15  -0.33    12.35
  SINCE JAN 1     35.01                     33.08   1.93    32.93

SNOWFALL (IN)
  YESTERDAY        0.0           0.0    MM   0.0    0.0      0.0
  MONTH TO DATE    0.0                       0.0    0.0      0.0
  SINCE JUN 1      0.0                       0.0    0.0      0.0
  SINCE JUL 1      0.0                       0.0    0.0      0.0
  SNOW DEPTH       0

DEGREE DAYS
 HEATING
  YESTERDAY        0                         0      0        0
  MONTH TO DATE    0                         0      0        0
  SINCE JUN 1      3                         5     -2        0
  SINCE JUL 1      0                         0      0        0

 COOLING
  YESTERDAY        4                        11     -7       16
  MONTH TO DATE  278                       343    -65      359
  SINCE JUN 1   1139                      1071     68     1025
  SINCE JAN 1   1342                      1224    118     1222
..................................................................


WIND (MPH)
  HIGHEST WIND SPEED    17   HIGHEST WIND DIRECTION    NE (40)
  HIGHEST GUST SPEED    24   HIGHEST GUST DIRECTION    NE (50)
  AVERAGE WIND SPEED     5.5


SKY COVER
  POSSIBLE SUNSHINE  MM
  AVERAGE SKY COVER 0.1


WEATHER CONDITIONS
 THE FOLLOWING WEATHER WAS RECORDED YESTERDAY.
  FOG


RELATIVE HUMIDITY (PERCENT)
 HIGHEST   100           600 AM
 LOWEST     39           300 PM
 AVERAGE    70

..........................................................


THE BOWLING GREEN KY CLIMATE NORMALS FOR TODAY
                         NORMAL    RECORD    YEAR
 MAXIMUM TEMPERATURE (F)   88       106      1936
 MINIMUM TEMPERATURE (F)   64        49      1986


SUNRISE AND SUNSET
AUGUST 28 2015........SUNRISE   613 AM CDT   SUNSET   720 PM CDT
AUGUST 29 2015........SUNRISE   614 AM CDT   SUNSET   719 PM CDT


-  INDICATES NEGATIVE NUMBERS.
R  INDICATES RECORD WAS SET OR TIED.
MM INDICATES DATA IS MISSING.
T  INDICATES TRACE AMOUNT.




$$
