000
CDUS43 KLMK 102129
CLIBWG


CLIMATE REPORT
NATIONAL WEATHER SERVICE LOUISVILLE KY
429 PM EST SUN DEC 10 2017


...................................

...THE BOWLING GREEN CLIMATE SUMMARY FOR DECEMBER 10 2017...
VALID TODAY AS OF 0400 PM LOCAL TIME.

CLIMATE NORMAL PERIOD 1981 TO 2010
CLIMATE RECORD PERIOD 1870 TO 2017


WEATHER ITEM   OBSERVED TIME   RECORD YEAR NORMAL DEPARTURE LAST
                VALUE   (LST)  VALUE       VALUE  FROM      YEAR
                                                  NORMAL
..................................................................
TEMPERATURE (F)
 TODAY
  MAXIMUM         46    224 PM  74    1971  49     -3       38
  MINIMUM         22    658 AM  -7    1917  30     -8       15
  AVERAGE         34                        40     -6       27

PRECIPITATION (IN)
  TODAY            0.00          1.79 2007   0.17  -0.17     0.00
  MONTH TO DATE    0.57                      1.63  -1.06     0.93
  SINCE DEC 1      0.57                      1.63  -1.06     0.93
  SINCE JAN 1     49.55                     46.72   2.83    42.89

SNOWFALL (IN)
  TODAY            0.0           0.1  2013   0.1   -0.1      0.0
                                      1950
  MONTH TO DATE    T                         0.2   -0.2      0.0
  SINCE DEC 1      T                         0.2   -0.2      0.0
  SINCE JUL 1      T                         0.2   -0.2      0.0
  SNOW DEPTH       0

DEGREE DAYS
 HEATING
  TODAY           31                        25      6       38
  MONTH TO DATE  242                       238      4      271
  SINCE DEC 1    242                       238      4      271
  SINCE JUL 1    943                      1001    -58      757

 COOLING
  TODAY            0                         0      0        0
  MONTH TO DATE    0                         0      0        0
  SINCE DEC 1      0                         0      0        0
  SINCE JAN 1   1600                      1491    109     1979
..................................................................


WIND (MPH)
  HIGHEST WIND SPEED    21   HIGHEST WIND DIRECTION    SW (220)
  HIGHEST GUST SPEED    28   HIGHEST GUST DIRECTION    SW (220)
  AVERAGE WIND SPEED     8.7


SKY COVER
  POSSIBLE SUNSHINE  MM
  AVERAGE SKY COVER 0.0


WEATHER CONDITIONS
 THE FOLLOWING WEATHER WAS RECORDED TODAY.
  NO SIGNIFICANT WEATHER WAS OBSERVED.


RELATIVE HUMIDITY (PERCENT)
 HIGHEST    77           600 AM
 LOWEST     37           300 PM
 AVERAGE    57

..........................................................


THE BOWLING GREEN CLIMATE NORMALS FOR TOMORROW
                         NORMAL    RECORD    YEAR
 MAXIMUM TEMPERATURE (F)   49        75      2007
 MINIMUM TEMPERATURE (F)   30         0      1962


SUNRISE AND SUNSET
DECEMBER 10 2017......SUNRISE   648 AM CST   SUNSET   429 PM CST
DECEMBER 11 2017......SUNRISE   649 AM CST   SUNSET   429 PM CST


-  INDICATES NEGATIVE NUMBERS.
R  INDICATES RECORD WAS SET OR TIED.
MM INDICATES DATA IS MISSING.
T  INDICATES TRACE AMOUNT.




$$
