000
CDUS43 KLMK 072135
CLIBWG


CLIMATE REPORT
NATIONAL WEATHER SERVICE LOUISVILLE KY
435 PM EST TUE FEB 7 2017


...................................

...THE BOWLING GREEN CLIMATE SUMMARY FOR FEBRUARY 7 2017...
VALID TODAY AS OF 0400 PM LOCAL TIME.

CLIMATE NORMAL PERIOD 1981 TO 2010
CLIMATE RECORD PERIOD 1870 TO 2017


WEATHER ITEM   OBSERVED TIME   RECORD YEAR NORMAL DEPARTURE LAST
                VALUE   (LST)  VALUE       VALUE  FROM      YEAR
                                                  NORMAL
..................................................................
TEMPERATURE (F)
 TODAY
  MAXIMUM         61    325 PM  71    1931  48     13       56
  MINIMUM         57   1152 AM  -5    1984  28     29       24
  AVERAGE         59                        38     21       40

PRECIPITATION (IN)
  TODAY            1.22R         1.05 1933   0.14   1.08     0.00
  MONTH TO DATE    1.24                      1.02   0.22     1.77
  SINCE DEC 1     11.04                      9.43   1.61     8.81
  SINCE JAN 1      5.40                      4.63   0.77     3.58

SNOWFALL (IN)
  TODAY            0.0           6.0  1979   0.1   -0.1      0.0
  MONTH TO DATE    0.0                       1.0   -1.0      0.0
  SINCE DEC 1      0.7                       5.5   -4.8     14.8
  SINCE JUL 1      0.7                       5.5   -4.8     14.8
  SNOW DEPTH       0

DEGREE DAYS
 HEATING
  TODAY            6                        27    -21       25
  MONTH TO DATE  152                       193    -41      149
  SINCE DEC 1   1587                      1922   -335     1534
  SINCE JUL 1   2073                      2685   -612     2072

 COOLING
  TODAY            0                         0      0        0
  MONTH TO DATE    0                         0      0        0
  SINCE DEC 1      0                         1     -1        2
  SINCE JAN 1      0                         0      0        0
..................................................................


WIND (MPH)
  HIGHEST WIND SPEED    21   HIGHEST WIND DIRECTION     S (190)
  HIGHEST GUST SPEED    27   HIGHEST GUST DIRECTION     S (190)
  AVERAGE WIND SPEED    14.4


SKY COVER
  POSSIBLE SUNSHINE  MM
  AVERAGE SKY COVER 1.0


WEATHER CONDITIONS
 THE FOLLOWING WEATHER WAS RECORDED TODAY.
  THUNDERSTORM
  HEAVY RAIN
  RAIN
  LIGHT RAIN
  FOG


RELATIVE HUMIDITY (PERCENT)
 HIGHEST    93          1100 AM
 LOWEST     78           400 AM
 AVERAGE    86

..........................................................


THE BOWLING GREEN CLIMATE NORMALS FOR TOMORROW
                         NORMAL    RECORD    YEAR
 MAXIMUM TEMPERATURE (F)   48        75      1937
 MINIMUM TEMPERATURE (F)   28        -5      1895


SUNRISE AND SUNSET
FEBRUARY  7 2017......SUNRISE   642 AM CST   SUNSET   518 PM CST
FEBRUARY  8 2017......SUNRISE   641 AM CST   SUNSET   519 PM CST


-  INDICATES NEGATIVE NUMBERS.
R  INDICATES RECORD WAS SET OR TIED.
MM INDICATES DATA IS MISSING.
T  INDICATES TRACE AMOUNT.




$$
