000
CDUS43 KLMK 202030
CLIBWG


CLIMATE REPORT
NATIONAL WEATHER SERVICE LOUISVILLE KY
429 PM EDT TUE SEP 20 2016


...................................

...THE BOWLING GREEN CLIMATE SUMMARY FOR SEPTEMBER 20 2016...
VALID TODAY AS OF 0400 PM LOCAL TIME.

CLIMATE NORMAL PERIOD 1981 TO 2010
CLIMATE RECORD PERIOD 1870 TO 2016


WEATHER ITEM   OBSERVED TIME   RECORD YEAR NORMAL DEPARTURE LAST
                VALUE   (LST)  VALUE       VALUE  FROM      YEAR
                                                  NORMAL
..................................................................
TEMPERATURE (F)
 TODAY
  MAXIMUM         89    155 PM  98    1931  81      8       80
                                      1925
  MINIMUM         60    545 AM  40    1916  56      4       57
                                      1903
  AVERAGE         75                        68      7       69

PRECIPITATION (IN)
  TODAY            0.00          3.91 1954   0.13  -0.13     0.00
  MONTH TO DATE    1.02                      2.61  -1.59     0.71
  SINCE SEP 1      1.02                      2.61  -1.59     0.71
  SINCE JAN 1     38.94                     36.17   2.77    35.75

SNOWFALL (IN)
  TODAY            0.0           0.0    MM   0.0    0.0      0.0
  MONTH TO DATE    0.0                       0.0    0.0      0.0
  SINCE SEP 1      0.0                       0.0    0.0      0.0
  SINCE JUL 1      0.0                       0.0    0.0      0.0
  SNOW DEPTH       0

DEGREE DAYS
 HEATING
  TODAY            0                         1     -1        0
  MONTH TO DATE    0                         7     -7        8
  SINCE SEP 1      0                         7     -7        8
  SINCE JUL 1      0                         8     -8        8

 COOLING
  TODAY           10                         5      5        4
  MONTH TO DATE  244                       150     94      191
  SINCE SEP 1    244                       150     94      191
  SINCE JAN 1   1803                      1419    384     1572
..................................................................


WIND (MPH)
  HIGHEST WIND SPEED    12   HIGHEST WIND DIRECTION    NE (60)
  HIGHEST GUST SPEED    18   HIGHEST GUST DIRECTION     E (80)
  AVERAGE WIND SPEED     2.8


SKY COVER
  POSSIBLE SUNSHINE  MM
  AVERAGE SKY COVER 0.0


WEATHER CONDITIONS
 THE FOLLOWING WEATHER WAS RECORDED TODAY.
  FOG


RELATIVE HUMIDITY (PERCENT)
 HIGHEST   100           500 AM
 LOWEST     38           200 PM
 AVERAGE    69

..........................................................


THE BOWLING GREEN CLIMATE NORMALS FOR TOMORROW
                         NORMAL    RECORD    YEAR
 MAXIMUM TEMPERATURE (F)   80       100      1931
 MINIMUM TEMPERATURE (F)   56        37      1927


SUNRISE AND SUNSET
SEPTEMBER 20 2016.....SUNRISE   632 AM CDT   SUNSET   645 PM CDT
SEPTEMBER 21 2016.....SUNRISE   633 AM CDT   SUNSET   643 PM CDT


-  INDICATES NEGATIVE NUMBERS.
R  INDICATES RECORD WAS SET OR TIED.
MM INDICATES DATA IS MISSING.
T  INDICATES TRACE AMOUNT.




$$
