000
CDUS43 KLMK 191659
CLIBWG


CLIMATE REPORT
NATIONAL WEATHER SERVICE LOUISVILLE KY
1258 PM EDT FRI AUG 19 2016


...................................

...THE BOWLING GREEN KY CLIMATE SUMMARY FOR AUGUST 18 2016...

CLIMATE NORMAL PERIOD 1981 TO 2010
CLIMATE RECORD PERIOD 1870 TO 2016


WEATHER ITEM   OBSERVED TIME   RECORD YEAR NORMAL DEPARTURE LAST
                VALUE   (LST)  VALUE       VALUE  FROM      YEAR
                                                  NORMAL
..................................................................
TEMPERATURE (F)
 YESTERDAY
  MAXIMUM         82    327 PM 105    1936  89     -7       89
  MINIMUM         74   1112 AM  54    1976  66      8       69
  AVERAGE         78                        78      0       79

PRECIPITATION (IN)
  YESTERDAY        0.47          3.23 2010   0.11   0.36     0.00
  MONTH TO DATE    2.95                      1.83   1.12     1.34
  SINCE JUN 1     16.54                     10.13   6.41    10.62
  SINCE JAN 1     35.71                     32.06   3.65    34.81

SNOWFALL (IN)
  YESTERDAY        0.0           0.0    MM   0.0    0.0      0.0
  MONTH TO DATE    0.0                       0.0    0.0      0.0
  SINCE JUN 1      0.0                       0.0    0.0      0.0
  SINCE JUL 1      0.0                       0.0    0.0      0.0
  SNOW DEPTH       0

DEGREE DAYS
 HEATING
  YESTERDAY        0                         0      0        0
  MONTH TO DATE    0                         0      0        0
  SINCE JUN 1      0                         5     -5        3
  SINCE JUL 1      0                         0      0        0

 COOLING
  YESTERDAY       13                        13      0       14
  MONTH TO DATE  299                       235     64      214
  SINCE JUN 1   1200                       963    237     1075
  SINCE JAN 1   1366                      1116    250     1278
..................................................................


WIND (MPH)
  HIGHEST WIND SPEED    12   HIGHEST WIND DIRECTION    SW (210)
  HIGHEST GUST SPEED    16   HIGHEST GUST DIRECTION    SW (220)
  AVERAGE WIND SPEED     3.6


SKY COVER
  POSSIBLE SUNSHINE  MM
  AVERAGE SKY COVER 0.7


WEATHER CONDITIONS
 THE FOLLOWING WEATHER WAS RECORDED YESTERDAY.
  HEAVY RAIN
  RAIN
  LIGHT RAIN
  FOG


RELATIVE HUMIDITY (PERCENT)
 HIGHEST   100           300 AM
 LOWEST     74           300 PM
 AVERAGE    87

..........................................................


THE BOWLING GREEN KY CLIMATE NORMALS FOR TODAY
                         NORMAL    RECORD    YEAR
 MAXIMUM TEMPERATURE (F)   89       105      1936
 MINIMUM TEMPERATURE (F)   66        50      1943


SUNRISE AND SUNSET
AUGUST 19 2016........SUNRISE   606 AM CDT   SUNSET   731 PM CDT
AUGUST 20 2016........SUNRISE   607 AM CDT   SUNSET   730 PM CDT


-  INDICATES NEGATIVE NUMBERS.
R  INDICATES RECORD WAS SET OR TIED.
MM INDICATES DATA IS MISSING.
T  INDICATES TRACE AMOUNT.




$$
