000
CDUS43 KLMK 102132
CLIBWG


CLIMATE REPORT
NATIONAL WEATHER SERVICE LOUISVILLE KY
432 PM EST WED DEC 10 2014


...................................

...THE BOWLING GREEN CLIMATE SUMMARY FOR DECEMBER 10 2014...
VALID TODAY AS OF 0400 PM LOCAL TIME.

CLIMATE NORMAL PERIOD 1981 TO 2010
CLIMATE RECORD PERIOD 1870 TO 2014


WEATHER ITEM   OBSERVED TIME   RECORD YEAR NORMAL DEPARTURE LAST
                VALUE   (LST)  VALUE       VALUE  FROM      YEAR
                                                  NORMAL
..................................................................
TEMPERATURE (F)
 TODAY
  MAXIMUM         45    211 PM  74    1971  49     -4       36
  MINIMUM         39    829 AM  -7    1917  30      9       21
  AVERAGE         42                        40      2       29

PRECIPITATION (IN)
  TODAY            0.00          1.79 2007   0.17  -0.17      T
  MONTH TO DATE    1.05                      1.63  -0.58     2.55
  SINCE DEC 1      1.05                      1.63  -0.58     2.55
  SINCE JAN 1     45.48                     46.72  -1.24    57.20

SNOWFALL (IN)
  TODAY            0.0           0.1  2013   0.1   -0.1      0.1
                                      1950
  MONTH TO DATE    0.0                       0.2   -0.2      0.1
  SINCE DEC 1      0.0                       0.2   -0.2      0.1
  SINCE JUL 1      0.3                       0.2    0.1      1.2
  SNOW DEPTH       0

DEGREE DAYS
 HEATING
  TODAY           23                        25     -2       36
  MONTH TO DATE  199                       238    -39      230
  SINCE DEC 1    199                       238    -39      230
  SINCE JUL 1   1096                      1001     95     1110

 COOLING
  TODAY            0                         0      0        0
  MONTH TO DATE    0                         0      0        0
  SINCE DEC 1      0                         0      0        0
  SINCE JAN 1   1488                      1491     -3     1499
..................................................................


WIND (MPH)
  HIGHEST WIND SPEED    10   HIGHEST WIND DIRECTION    NW (310)
  HIGHEST GUST SPEED    13   HIGHEST GUST DIRECTION     N (340)
  AVERAGE WIND SPEED     5.6


SKY COVER
  POSSIBLE SUNSHINE  MM
  AVERAGE SKY COVER 1.0


WEATHER CONDITIONS
 THE FOLLOWING WEATHER WAS RECORDED TODAY.
  NO SIGNIFICANT WEATHER WAS OBSERVED.


RELATIVE HUMIDITY (PERCENT)
 HIGHEST    79          1200 AM
 LOWEST     53           100 PM
 AVERAGE    66

..........................................................


THE BOWLING GREEN CLIMATE NORMALS FOR TOMORROW
                         NORMAL    RECORD    YEAR
 MAXIMUM TEMPERATURE (F)   49        75      2007
 MINIMUM TEMPERATURE (F)   30         0      1962


SUNRISE AND SUNSET
DECEMBER 10 2014......SUNRISE   648 AM CST   SUNSET   429 PM CST
DECEMBER 11 2014......SUNRISE   649 AM CST   SUNSET   429 PM CST


-  INDICATES NEGATIVE NUMBERS.
R  INDICATES RECORD WAS SET OR TIED.
MM INDICATES DATA IS MISSING.
T  INDICATES TRACE AMOUNT.




$$
