000
CDUS43 KLMK 120627
CLIBWG


CLIMATE REPORT
NATIONAL WEATHER SERVICE LOUISVILLE KY
227 AM EDT MON JUN 12 2017


...................................

...THE BOWLING GREEN KY CLIMATE SUMMARY FOR JUNE 11 2017...

CLIMATE NORMAL PERIOD 1981 TO 2010
CLIMATE RECORD PERIOD 1870 TO 2017


WEATHER ITEM   OBSERVED TIME   RECORD YEAR NORMAL DEPARTURE LAST
                VALUE   (LST)  VALUE       VALUE  FROM      YEAR
                                                  NORMAL
..................................................................
TEMPERATURE (F)
 YESTERDAY
  MAXIMUM         89    240 PM 102    1914  85      4       93
  MINIMUM         62    440 AM  43    1972  63     -1       64
  AVERAGE         76                        74      2       79

PRECIPITATION (IN)
  YESTERDAY        0.00          2.96 2009   0.13  -0.13     0.00
  MONTH TO DATE    3.77                      1.64   2.13     0.48
  SINCE JUN 1      3.77                      1.64   2.13     0.48
  SINCE JAN 1     24.07                     23.57   0.50    19.65

SNOWFALL (IN)
  YESTERDAY        0.0           0.0    MM   0.0    0.0      0.0
  MONTH TO DATE    0.0                       0.0    0.0      0.0
  SINCE JUN 1      0.0                       0.0    0.0      0.0
  SINCE JUL 1      0.7                       9.1   -8.4     24.0
  SNOW DEPTH       0

DEGREE DAYS
 HEATING
  YESTERDAY        0                         0      0        0
  MONTH TO DATE    0                         3     -3        0
  SINCE JUN 1      0                         3     -3        0
  SINCE JUL 1   2989                      4046  -1057     3230

 COOLING
  YESTERDAY       11                         9      2       14
  MONTH TO DATE   70                        88    -18      104
  SINCE JUN 1     70                        88    -18      104
  SINCE JAN 1    319                       241     78      270
..................................................................


WIND (MPH)
  HIGHEST WIND SPEED    18   HIGHEST WIND DIRECTION     S (180)
  HIGHEST GUST SPEED    24   HIGHEST GUST DIRECTION     S (170)
  AVERAGE WIND SPEED     5.8


SKY COVER
  POSSIBLE SUNSHINE  MM
  AVERAGE SKY COVER 0.1


WEATHER CONDITIONS
 THE FOLLOWING WEATHER WAS RECORDED YESTERDAY.
  NO SIGNIFICANT WEATHER WAS OBSERVED.


RELATIVE HUMIDITY (PERCENT)
 HIGHEST    93           200 AM
 LOWEST     43           300 PM
 AVERAGE    68

..........................................................


THE BOWLING GREEN KY CLIMATE NORMALS FOR TODAY
                         NORMAL    RECORD    YEAR
 MAXIMUM TEMPERATURE (F)   86       101      1902
 MINIMUM TEMPERATURE (F)   63        40      1913


SUNRISE AND SUNSET
JUNE 12 2017..........SUNRISE   526 AM CDT   SUNSET   806 PM CDT
JUNE 13 2017..........SUNRISE   526 AM CDT   SUNSET   806 PM CDT


-  INDICATES NEGATIVE NUMBERS.
R  INDICATES RECORD WAS SET OR TIED.
MM INDICATES DATA IS MISSING.
T  INDICATES TRACE AMOUNT.




$$
