085
CDUS43 KLMK 102131
CLIBWG


CLIMATE REPORT
NATIONAL WEATHER SERVICE LOUISVILLE KY
430 PM EST TUE JAN 10 2017


...................................

...THE BOWLING GREEN CLIMATE SUMMARY FOR JANUARY 10 2017...
VALID TODAY AS OF 0400 PM LOCAL TIME.

CLIMATE NORMAL PERIOD 1981 TO 2010
CLIMATE RECORD PERIOD 1870 TO 2017


WEATHER ITEM   OBSERVED TIME   RECORD YEAR NORMAL DEPARTURE LAST
                VALUE   (LST)  VALUE       VALUE  FROM      YEAR
                                                  NORMAL
..................................................................
TEMPERATURE (F)
 TODAY
  MAXIMUM         57   1205 PM  70    1949  45     12       40
  MINIMUM         44   1236 AM -19    1879  26     18       14
  AVERAGE         51                        35     16       27

PRECIPITATION (IN)
  TODAY            0.00          4.38 1974   0.11  -0.11     0.01
  MONTH TO DATE    0.96                      1.16  -0.20     0.25
  SINCE DEC 1      5.70                      5.96  -0.26     5.48
  SINCE JAN 1      0.96                      1.16  -0.20     0.25

SNOWFALL (IN)
  TODAY            0.0           3.0  1954   0.1   -0.1      0.1
  MONTH TO DATE    0.7                       0.9   -0.2      0.1
  SINCE DEC 1      0.7                       2.1   -1.4      0.1
  SINCE JUL 1      0.7                       2.1   -1.4      0.1
  SNOW DEPTH       0

DEGREE DAYS
 HEATING
  TODAY           14                        30    -16       38
  MONTH TO DATE  298                       295      3      270
  SINCE DEC 1   1093                      1116    -23      711
  SINCE JUL 1   1579                      1879   -300     1249

 COOLING
  TODAY            0                         0      0        0
  MONTH TO DATE    0                         0      0        0
  SINCE DEC 1      0                         1     -1        2
  SINCE JAN 1      0                         0      0        0
..................................................................


WIND (MPH)
  HIGHEST WIND SPEED    35   HIGHEST WIND DIRECTION     S (190)
  HIGHEST GUST SPEED    47   HIGHEST GUST DIRECTION     S (180)
  AVERAGE WIND SPEED    22.9


SKY COVER
  POSSIBLE SUNSHINE  MM
  AVERAGE SKY COVER 1.0


WEATHER CONDITIONS
 THE FOLLOWING WEATHER WAS RECORDED TODAY.
  NO SIGNIFICANT WEATHER WAS OBSERVED.


RELATIVE HUMIDITY (PERCENT)
 HIGHEST    55           300 PM
 LOWEST     37          1200 AM
 AVERAGE    46

..........................................................


THE BOWLING GREEN CLIMATE NORMALS FOR TOMORROW
                         NORMAL    RECORD    YEAR
 MAXIMUM TEMPERATURE (F)   45        70      2013
 MINIMUM TEMPERATURE (F)   26       -18      1886


SUNRISE AND SUNSET
JANUARY 10 2017.......SUNRISE   659 AM CST   SUNSET   448 PM CST
JANUARY 11 2017.......SUNRISE   659 AM CST   SUNSET   449 PM CST


-  INDICATES NEGATIVE NUMBERS.
R  INDICATES RECORD WAS SET OR TIED.
MM INDICATES DATA IS MISSING.
T  INDICATES TRACE AMOUNT.




$$
