000
CDUS43 KLMK 052136
CLIBWG


CLIMATE REPORT
NATIONAL WEATHER SERVICE LOUISVILLE KY
434 PM EST FRI JAN 5 2018


...................................

...THE BOWLING GREEN CLIMATE SUMMARY FOR JANUARY 5 2018...
VALID TODAY AS OF 0400 PM LOCAL TIME.

CLIMATE NORMAL PERIOD 1981 TO 2010
CLIMATE RECORD PERIOD 1870 TO 2018


WEATHER ITEM   OBSERVED TIME   RECORD YEAR NORMAL DEPARTURE LAST
                VALUE   (LST)  VALUE       VALUE  FROM      YEAR
                                                  NORMAL
..................................................................
TEMPERATURE (F)
 TODAY
  MAXIMUM         23    255 PM  68    2007  45    -22       30
                                      1955
                                      1998
  MINIMUM         12    133 AM -20    1884  27    -15       22
  AVERAGE         18                        36    -18       26

PRECIPITATION (IN)
  TODAY            T             1.91 1917   0.12  -0.12     0.03
  MONTH TO DATE    T                         0.60  -0.60     0.96
  SINCE DEC 1      3.49                      5.40  -1.91     6.60
  SINCE JAN 1      T                         0.60  -0.60     0.96

SNOWFALL (IN)
  TODAY            T             3.0  1979   0.1   -0.1      0.7
                                      1960
  MONTH TO DATE    T                         0.4   -0.4      0.7
  SINCE DEC 1      T                         1.6   -1.6      0.7
  SINCE JUL 1      T                         1.6   -1.6      0.7
  SNOW DEPTH       0

DEGREE DAYS
 HEATING
  TODAY           47                        29     18       39
  MONTH TO DATE  244                       145     99      110
  SINCE DEC 1   1081                       966    115      905
  SINCE JUL 1   1782                      1729     53     1391

 COOLING
  TODAY            0                         0      0        0
  MONTH TO DATE    0                         0      0        0
  SINCE DEC 1      0                         1     -1        0
  SINCE JAN 1      0                         0      0        0
..................................................................


WIND (MPH)
  HIGHEST WIND SPEED     8   HIGHEST WIND DIRECTION    NW (310)
  HIGHEST GUST SPEED    12   HIGHEST GUST DIRECTION     W (270)
  AVERAGE WIND SPEED     3.7


SKY COVER
  POSSIBLE SUNSHINE  MM
  AVERAGE SKY COVER 0.8


WEATHER CONDITIONS
 THE FOLLOWING WEATHER WAS RECORDED TODAY.
  LIGHT SNOW


RELATIVE HUMIDITY (PERCENT)
 HIGHEST    67          1200 AM
 LOWEST     53           700 AM
 AVERAGE    60

..........................................................


THE BOWLING GREEN CLIMATE NORMALS FOR TOMORROW
                         NORMAL    RECORD    YEAR
 MAXIMUM TEMPERATURE (F)   45        72      1946
 MINIMUM TEMPERATURE (F)   26       -12      1884


SUNRISE AND SUNSET
JANUARY  5 2018.......SUNRISE   659 AM CST   SUNSET   443 PM CST
JANUARY  6 2018.......SUNRISE   659 AM CST   SUNSET   444 PM CST


-  INDICATES NEGATIVE NUMBERS.
R  INDICATES RECORD WAS SET OR TIED.
MM INDICATES DATA IS MISSING.
T  INDICATES TRACE AMOUNT.




$$
