000
CDUS43 KLMK 082139
CLIBWG


CLIMATE REPORT
NATIONAL WEATHER SERVICE LOUISVILLE KY
438 PM EST WED FEB 8 2017


...................................

...THE BOWLING GREEN CLIMATE SUMMARY FOR FEBRUARY 8 2017...
VALID TODAY AS OF 0400 PM LOCAL TIME.

CLIMATE NORMAL PERIOD 1981 TO 2010
CLIMATE RECORD PERIOD 1870 TO 2017


WEATHER ITEM   OBSERVED TIME   RECORD YEAR NORMAL DEPARTURE LAST
                VALUE   (LST)  VALUE       VALUE  FROM      YEAR
                                                  NORMAL
..................................................................
TEMPERATURE (F)
 TODAY
  MAXIMUM         55   1216 AM  75    1937  48      7       48
  MINIMUM         47    429 AM  -5    1895  28     19       24
  AVERAGE         51                        38     13       36

PRECIPITATION (IN)
  TODAY            0.00          1.24 1982   0.15  -0.15     0.05
  MONTH TO DATE    1.51                      1.17   0.34     1.82
  SINCE DEC 1     11.31                      9.58   1.73     8.86
  SINCE JAN 1      5.67                      4.78   0.89     3.63

SNOWFALL (IN)
  TODAY            0.0           5.3  1971   0.2   -0.2      1.3
  MONTH TO DATE    0.0                       1.2   -1.2      1.3
  SINCE DEC 1      0.7                       5.7   -5.0     16.1
  SINCE JUL 1      0.7                       5.7   -5.0     16.1
  SNOW DEPTH       0

DEGREE DAYS
 HEATING
  TODAY           14                        27    -13       29
  MONTH TO DATE  168                       220    -52      178
  SINCE DEC 1   1603                      1949   -346     1563
  SINCE JUL 1   2089                      2712   -623     2101

 COOLING
  TODAY            0                         0      0        0
  MONTH TO DATE    0                         0      0        0
  SINCE DEC 1      0                         1     -1        2
  SINCE JAN 1      0                         0      0        0
..................................................................


WIND (MPH)
  HIGHEST WIND SPEED    12   HIGHEST WIND DIRECTION    NW (310)
  HIGHEST GUST SPEED    18   HIGHEST GUST DIRECTION    NW (310)
  AVERAGE WIND SPEED     4.2


SKY COVER
  POSSIBLE SUNSHINE  MM
  AVERAGE SKY COVER 0.6


WEATHER CONDITIONS
 THE FOLLOWING WEATHER WAS RECORDED TODAY.
  FOG
  HAZE


RELATIVE HUMIDITY (PERCENT)
 HIGHEST   100           200 AM
 LOWEST     77          1200 PM
 AVERAGE    89

..........................................................


THE BOWLING GREEN CLIMATE NORMALS FOR TOMORROW
                         NORMAL    RECORD    YEAR
 MAXIMUM TEMPERATURE (F)   48        74      1894
 MINIMUM TEMPERATURE (F)   28       -11      1899


SUNRISE AND SUNSET
FEBRUARY  8 2017......SUNRISE   641 AM CST   SUNSET   519 PM CST
FEBRUARY  9 2017......SUNRISE   640 AM CST   SUNSET   520 PM CST


-  INDICATES NEGATIVE NUMBERS.
R  INDICATES RECORD WAS SET OR TIED.
MM INDICATES DATA IS MISSING.
T  INDICATES TRACE AMOUNT.




$$
