860
CDUS43 KLMK 122134
CLIBWG


CLIMATE REPORT
NATIONAL WEATHER SERVICE LOUISVILLE KY
433 PM EST THU JAN 12 2017


...................................

...THE BOWLING GREEN CLIMATE SUMMARY FOR JANUARY 12 2017...
VALID TODAY AS OF 0400 PM LOCAL TIME.

CLIMATE NORMAL PERIOD 1981 TO 2010
CLIMATE RECORD PERIOD 1870 TO 2017


WEATHER ITEM   OBSERVED TIME   RECORD YEAR NORMAL DEPARTURE LAST
                VALUE   (LST)  VALUE       VALUE  FROM      YEAR
                                                  NORMAL
..................................................................
TEMPERATURE (F)
 TODAY
  MAXIMUM         71    300 PM  73    1916  45     26       45
  MINIMUM         64    744 AM -26    1886  26     38       19
  AVERAGE         68                        35     33       32

PRECIPITATION (IN)
  TODAY            T             2.80 1913   0.10  -0.10     0.00
  MONTH TO DATE    1.50                      1.38   0.12     0.25
  SINCE DEC 1      7.14                      6.18   0.96     5.48
  SINCE JAN 1      1.50                      1.38   0.12     0.25

SNOWFALL (IN)
  TODAY            0.0           5.0  1964   0.1   -0.1      0.0
                                      1918
  MONTH TO DATE    0.7                       1.1   -0.4      0.1
  SINCE DEC 1      0.7                       2.3   -1.6      0.1
  SINCE JUL 1      0.7                       2.3   -1.6      0.1
  SNOW DEPTH       0

DEGREE DAYS
 HEATING
  TODAY            0                        30    -30       33
  MONTH TO DATE  304                       355    -51      343
  SINCE DEC 1   1099                      1176    -77      784
  SINCE JUL 1   1585                      1939   -354     1322

 COOLING
  TODAY            3                         0      3        0
  MONTH TO DATE    3                         0      3        0
  SINCE DEC 1      3                         1      2        2
  SINCE JAN 1      3                         0      3        0
..................................................................


WIND (MPH)
  HIGHEST WIND SPEED    21   HIGHEST WIND DIRECTION     S (200)
  HIGHEST GUST SPEED    32   HIGHEST GUST DIRECTION     S (200)
  AVERAGE WIND SPEED    16.3


SKY COVER
  POSSIBLE SUNSHINE  MM
  AVERAGE SKY COVER 1.0


WEATHER CONDITIONS
 THE FOLLOWING WEATHER WAS RECORDED TODAY.
  LIGHT RAIN


RELATIVE HUMIDITY (PERCENT)
 HIGHEST    78           400 AM
 LOWEST     61           300 PM
 AVERAGE    70

..........................................................


THE BOWLING GREEN CLIMATE NORMALS FOR TOMORROW
                         NORMAL    RECORD    YEAR
 MAXIMUM TEMPERATURE (F)   45        73      1911
                                             1907
 MINIMUM TEMPERATURE (F)   26       -12      1918


SUNRISE AND SUNSET
JANUARY 12 2017.......SUNRISE   659 AM CST   SUNSET   450 PM CST
JANUARY 13 2017.......SUNRISE   658 AM CST   SUNSET   451 PM CST


-  INDICATES NEGATIVE NUMBERS.
R  INDICATES RECORD WAS SET OR TIED.
MM INDICATES DATA IS MISSING.
T  INDICATES TRACE AMOUNT.




$$
