000
CDUS43 KLMK 160628
CLIBWG


CLIMATE REPORT
NATIONAL WEATHER SERVICE LOUISVILLE KY
227 AM EDT SUN APR 16 2017


...................................

...THE BOWLING GREEN KY CLIMATE SUMMARY FOR APRIL 15 2017...

CLIMATE NORMAL PERIOD 1981 TO 2010
CLIMATE RECORD PERIOD 1870 TO 2017


WEATHER ITEM   OBSERVED TIME   RECORD YEAR NORMAL DEPARTURE LAST
                VALUE   (LST)  VALUE       VALUE  FROM      YEAR
                                                  NORMAL
..................................................................
TEMPERATURE (F)
 YESTERDAY
  MAXIMUM         83    357 PM  88    1936  70     13       77
                                      1931
                                      1924
  MINIMUM         57    519 AM  25    1950  45     12       56
  AVERAGE         70                        58     12       67

PRECIPITATION (IN)
  YESTERDAY        0.00          1.18 1994   0.13  -0.13     0.00
  MONTH TO DATE    1.24                      2.02  -0.78     0.59
  SINCE MAR 1      5.03                      6.43  -1.40     4.41
  SINCE JAN 1     11.61                     14.00  -2.39    10.99

SNOWFALL (IN)
  YESTERDAY        0.0           T    2014   0.0    0.0      0.0
  MONTH TO DATE    0.0                       0.2   -0.2      0.0
  SINCE MAR 1      T                         1.3   -1.3       T
  SINCE JUL 1      0.7                       9.1   -8.4     24.0
  SNOW DEPTH       0

DEGREE DAYS
 HEATING
  YESTERDAY        0                         8     -8        0
  MONTH TO DATE   78                       155    -77      176
  SINCE MAR 1    517                       675   -158      525
  SINCE JUL 1   2898                      3873   -975     3125

 COOLING
  YESTERDAY        5                         1      4        2
  MONTH TO DATE   21                        14      7        2
  SINCE MAR 1     27                        19      8        3
  SINCE JAN 1     31                        19     12        3
..................................................................


WIND (MPH)
  HIGHEST WIND SPEED    22   HIGHEST WIND DIRECTION     S (190)
  HIGHEST GUST SPEED    27   HIGHEST GUST DIRECTION     S (200)
  AVERAGE WIND SPEED     8.8


SKY COVER
  POSSIBLE SUNSHINE  MM
  AVERAGE SKY COVER 0.2


WEATHER CONDITIONS
 THE FOLLOWING WEATHER WAS RECORDED YESTERDAY.
  NO SIGNIFICANT WEATHER WAS OBSERVED.


RELATIVE HUMIDITY (PERCENT)
 HIGHEST    80           400 AM
 LOWEST     34           400 PM
 AVERAGE    57

..........................................................


THE BOWLING GREEN KY CLIMATE NORMALS FOR TODAY
                         NORMAL    RECORD    YEAR
 MAXIMUM TEMPERATURE (F)   70        89      1924
 MINIMUM TEMPERATURE (F)   46        27      2014
                                             1928


SUNRISE AND SUNSET
APRIL 16 2017.........SUNRISE   610 AM CDT   SUNSET   722 PM CDT
APRIL 17 2017.........SUNRISE   609 AM CDT   SUNSET   722 PM CDT


-  INDICATES NEGATIVE NUMBERS.
R  INDICATES RECORD WAS SET OR TIED.
MM INDICATES DATA IS MISSING.
T  INDICATES TRACE AMOUNT.




$$
