000
CDUS43 KLMK 160627
CLIBWG


CLIMATE REPORT
NATIONAL WEATHER SERVICE LOUISVILLE KY
227 AM EDT MON OCT 16 2017


...................................

...THE BOWLING GREEN KY CLIMATE SUMMARY FOR OCTOBER 15 2017...

CLIMATE NORMAL PERIOD 1981 TO 2010
CLIMATE RECORD PERIOD 1870 TO 2017


WEATHER ITEM   OBSERVED TIME   RECORD YEAR NORMAL DEPARTURE LAST
                VALUE   (LST)  VALUE       VALUE  FROM      YEAR
                                                  NORMAL
..................................................................
TEMPERATURE (F)
 YESTERDAY
  MAXIMUM         80   1259 PM  87    1924  72      8       83
                                      1920
                                      1897
  MINIMUM         55   1159 PM  28    1901  46      9       56
  AVERAGE         68                        59      9       70

PRECIPITATION (IN)
  YESTERDAY        0.17          1.15 1974   0.11   0.06     0.00
  MONTH TO DATE    1.29                      1.63  -0.34     0.18
  SINCE SEP 1      7.76                      5.56   2.20     1.75
  SINCE JAN 1     44.84                     39.12   5.72    39.67

SNOWFALL (IN)
  YESTERDAY        0.0           0.0    MM   0.0    0.0      0.0
  MONTH TO DATE    0.0                       0.0    0.0      0.0
  SINCE SEP 1      0.0                       0.0    0.0      0.0
  SINCE JUL 1      0.0                       0.0    0.0      0.0
  SNOW DEPTH       0

DEGREE DAYS
 HEATING
  YESTERDAY        0                         7     -7        0
  MONTH TO DATE    9                        80    -71       18
  SINCE SEP 1     28                       115    -87       37
  SINCE JUL 1     28                       116    -88       37

 COOLING
  YESTERDAY        3                         1      2        5
  MONTH TO DATE   64                        24     40       40
  SINCE SEP 1    234                       210     24      345
  SINCE JAN 1   1586                      1479    107     1904
..................................................................


WIND (MPH)
  HIGHEST WIND SPEED    26   HIGHEST WIND DIRECTION     W (280)
  HIGHEST GUST SPEED    34   HIGHEST GUST DIRECTION     W (290)
  AVERAGE WIND SPEED     9.5


SKY COVER
  POSSIBLE SUNSHINE  MM
  AVERAGE SKY COVER 0.7


WEATHER CONDITIONS
 THE FOLLOWING WEATHER WAS RECORDED YESTERDAY.
  HEAVY RAIN
  RAIN
  LIGHT RAIN
  FOG


RELATIVE HUMIDITY (PERCENT)
 HIGHEST    93           400 AM
 LOWEST     66          1000 PM
 AVERAGE    80

..........................................................


THE BOWLING GREEN KY CLIMATE NORMALS FOR TODAY
                         NORMAL    RECORD    YEAR
 MAXIMUM TEMPERATURE (F)   71        89      1947
                                             1920
 MINIMUM TEMPERATURE (F)   46        30      1945


SUNRISE AND SUNSET
OCTOBER 16 2017.......SUNRISE   655 AM CDT   SUNSET   607 PM CDT
OCTOBER 17 2017.......SUNRISE   655 AM CDT   SUNSET   606 PM CDT


-  INDICATES NEGATIVE NUMBERS.
R  INDICATES RECORD WAS SET OR TIED.
MM INDICATES DATA IS MISSING.
T  INDICATES TRACE AMOUNT.




$$
