000
CDUS43 KLMK 110628
CLIBWG


CLIMATE REPORT
NATIONAL WEATHER SERVICE LOUISVILLE KY
127 AM EST SAT MAR 11 2017


...................................

...THE BOWLING GREEN KY CLIMATE SUMMARY FOR MARCH 10 2017...

CLIMATE NORMAL PERIOD 1981 TO 2010
CLIMATE RECORD PERIOD 1870 TO 2017


WEATHER ITEM   OBSERVED TIME   RECORD YEAR NORMAL DEPARTURE LAST
                VALUE   (LST)  VALUE       VALUE  FROM      YEAR
                                                  NORMAL
..................................................................
TEMPERATURE (F)
 YESTERDAY
  MAXIMUM         56    343 AM  82    1990  58     -2       68
  MINIMUM         38   1138 PM  12    1877  35      3       57
  AVERAGE         47                        46      1       63

PRECIPITATION (IN)
  YESTERDAY        T             1.65 1952   0.13  -0.13     0.60
  MONTH TO DATE    1.85                      1.35   0.50     1.19
  SINCE MAR 1      1.85                      1.35   0.50     1.19
  SINCE JAN 1      8.43                      8.92  -0.49     7.77

SNOWFALL (IN)
  YESTERDAY        0.0           2.0  1960   0.1   -0.1      0.0
  MONTH TO DATE    0.0                       0.4   -0.4      0.0
  SINCE MAR 1      0.0                       0.4   -0.4      0.0
  SINCE JUL 1      0.7                       8.2   -7.5     24.0
  SNOW DEPTH       0

DEGREE DAYS
 HEATING
  YESTERDAY       18                        19     -1        2
  MONTH TO DATE  143                       200    -57      149
  SINCE MAR 1    143                       200    -57      149
  SINCE JUL 1   2524                      3398   -874     2749

 COOLING
  YESTERDAY        0                         0      0        0
  MONTH TO DATE    0                         0      0        0
  SINCE MAR 1      0                         0      0        0
  SINCE JAN 1      4                         0      4        0
..................................................................


WIND (MPH)
  HIGHEST WIND SPEED    16   HIGHEST WIND DIRECTION    NW (310)
  HIGHEST GUST SPEED    40   HIGHEST GUST DIRECTION    SW (230)
  AVERAGE WIND SPEED     9.2


SKY COVER
  POSSIBLE SUNSHINE  MM
  AVERAGE SKY COVER 0.3


WEATHER CONDITIONS
 THE FOLLOWING WEATHER WAS RECORDED YESTERDAY.
  LIGHT RAIN


RELATIVE HUMIDITY (PERCENT)
 HIGHEST    93          1200 AM
 LOWEST     29           300 PM
 AVERAGE    61

..........................................................


THE BOWLING GREEN KY CLIMATE NORMALS FOR TODAY
                         NORMAL    RECORD    YEAR
 MAXIMUM TEMPERATURE (F)   58        84      1911
 MINIMUM TEMPERATURE (F)   36        15      1934


SUNRISE AND SUNSET
MARCH 11 2017.........SUNRISE   602 AM CST   SUNSET   550 PM CST
MARCH 12 2017.........SUNRISE   701 AM CDT   SUNSET   651 PM CDT


-  INDICATES NEGATIVE NUMBERS.
R  INDICATES RECORD WAS SET OR TIED.
MM INDICATES DATA IS MISSING.
T  INDICATES TRACE AMOUNT.




$$
