000
CDUS43 KLMK 260645
CLIBWG


CLIMATE REPORT
NATIONAL WEATHER SERVICE LOUISVILLE KY
245 AM EDT THU MAR 26 2015


...................................

...THE BOWLING GREEN KY CLIMATE SUMMARY FOR MARCH 25 2015...

CLIMATE NORMAL PERIOD 1981 TO 2010
CLIMATE RECORD PERIOD 1870 TO 2015


WEATHER ITEM   OBSERVED TIME   RECORD YEAR NORMAL DEPARTURE LAST
                VALUE   (LST)  VALUE       VALUE  FROM      YEAR
                                                  NORMAL
..................................................................
TEMPERATURE (F)
 YESTERDAY
  MAXIMUM         77    417 PM  90    1929  63     14       42
                                      1907
  MINIMUM         53   1203 AM  20    1960  39     14       28
  AVERAGE         65                        51     14       35

PRECIPITATION (IN)
  YESTERDAY        0.00          1.65 1965   0.15  -0.15      T
  MONTH TO DATE    5.92                      3.50   2.42     2.93
  SINCE MAR 1      5.92                      3.50   2.42     2.93
  SINCE JAN 1     11.80                     11.07   0.73    10.10

SNOWFALL (IN)
  YESTERDAY        0.0           0.5  2013   0.0    0.0      0.3
  MONTH TO DATE    7.2                       0.9    6.3      5.1
  SINCE MAR 1      7.2                       0.9    6.3      5.1
  SINCE JUL 1     23.5                       8.7   14.8     10.4
  SNOW DEPTH       0

DEGREE DAYS
 HEATING
  YESTERDAY        0                        14    -14       30
  MONTH TO DATE  433                       442     -9      556
  SINCE MAR 1    433                       442     -9      556
  SINCE JUL 1   3968                      3640    328     4165

 COOLING
  YESTERDAY        0                         0      0        0
  MONTH TO DATE    0                         0      0        0
  SINCE MAR 1      0                         0      0        0
  SINCE JAN 1      0                         0      0        0
..................................................................


WIND (MPH)
  HIGHEST WIND SPEED    18   HIGHEST WIND DIRECTION    SW (220)
  HIGHEST GUST SPEED    27   HIGHEST GUST DIRECTION    SW (210)
  AVERAGE WIND SPEED    10.7


SKY COVER
  POSSIBLE SUNSHINE  MM
  AVERAGE SKY COVER 0.5


WEATHER CONDITIONS
 THE FOLLOWING WEATHER WAS RECORDED YESTERDAY.
  NO SIGNIFICANT WEATHER WAS OBSERVED.


RELATIVE HUMIDITY (PERCENT)
 HIGHEST    72           600 AM
 LOWEST     40           300 PM
 AVERAGE    56

..........................................................


THE BOWLING GREEN KY CLIMATE NORMALS FOR TODAY
                         NORMAL    RECORD    YEAR
 MAXIMUM TEMPERATURE (F)   63        87      1910
 MINIMUM TEMPERATURE (F)   40        14      1955


SUNRISE AND SUNSET
MARCH 26 2015.........SUNRISE   641 AM CDT   SUNSET   703 PM CDT
MARCH 27 2015.........SUNRISE   639 AM CDT   SUNSET   704 PM CDT


-  INDICATES NEGATIVE NUMBERS.
R  INDICATES RECORD WAS SET OR TIED.
MM INDICATES DATA IS MISSING.
T  INDICATES TRACE AMOUNT.




$$
