000
CDUS43 KLMK 010628
CLIBWG


CLIMATE REPORT
NATIONAL WEATHER SERVICE LOUISVILLE KY
227 AM EDT WED JUL 1 2015


...................................

...THE BOWLING GREEN KY CLIMATE SUMMARY FOR JUNE 30 2015...

CLIMATE NORMAL PERIOD 1981 TO 2010
CLIMATE RECORD PERIOD 1870 TO 2015


WEATHER ITEM   OBSERVED TIME   RECORD YEAR NORMAL DEPARTURE LAST
                VALUE   (LST)  VALUE       VALUE  FROM      YEAR
                                                  NORMAL
..................................................................
TEMPERATURE (F)
 YESTERDAY
  MAXIMUM         86    143 PM 108    2012  89     -3       94
  MINIMUM         68    454 AM  49    1923  67      1       71
  AVERAGE         77                        78     -1       83

PRECIPITATION (IN)
  YESTERDAY        0.00          1.12 1922   0.13  -0.13      T
  MONTH TO DATE    3.11                      4.20  -1.09     1.72
  SINCE JUN 1      3.11                      4.20  -1.09     1.72
  SINCE JAN 1     27.30                     26.13   1.17    22.30

SNOWFALL (IN)
  YESTERDAY        0.0           0.0    MM   0.0    0.0      0.0
  MONTH TO DATE    0.0                       0.0    0.0      0.0
  SINCE JUN 1      0.0                       0.0    0.0      0.0
  SINCE JUL 1     23.5                       9.1   14.4     10.4
  SNOW DEPTH       0

DEGREE DAYS
 HEATING
  YESTERDAY        0                         0      0        0
  MONTH TO DATE    3                         3      0        0
  SINCE JUN 1      3                         5     -2        0
  SINCE JUL 1   4288                      4048    240     4533

 COOLING
  YESTERDAY       12                        13     -1       18
  MONTH TO DATE  379                       305     74      349
  SINCE JUN 1    379                       305     74      349
  SINCE JAN 1    582                       458    124      546
..................................................................


WIND (MPH)
  HIGHEST WIND SPEED    17   HIGHEST WIND DIRECTION     W (260)
  HIGHEST GUST SPEED    21   HIGHEST GUST DIRECTION     W (280)
  AVERAGE WIND SPEED     6.4


SKY COVER
  POSSIBLE SUNSHINE  MM
  AVERAGE SKY COVER 0.1


WEATHER CONDITIONS
 THE FOLLOWING WEATHER WAS RECORDED YESTERDAY.
  NO SIGNIFICANT WEATHER WAS OBSERVED.


RELATIVE HUMIDITY (PERCENT)
 HIGHEST    90           100 AM
 LOWEST     51           200 PM
 AVERAGE    71

..........................................................


THE BOWLING GREEN KY CLIMATE NORMALS FOR TODAY
                         NORMAL    RECORD    YEAR
 MAXIMUM TEMPERATURE (F)   89       105      2012
 MINIMUM TEMPERATURE (F)   67        53      1923


SUNRISE AND SUNSET
JULY  1 2015..........SUNRISE   530 AM CDT   SUNSET   809 PM CDT
JULY  2 2015..........SUNRISE   530 AM CDT   SUNSET   809 PM CDT


-  INDICATES NEGATIVE NUMBERS.
R  INDICATES RECORD WAS SET OR TIED.
MM INDICATES DATA IS MISSING.
T  INDICATES TRACE AMOUNT.

$$

SCHOETTMER
