940
CDUS43 KLMK 130627
CLIBWG


CLIMATE REPORT
NATIONAL WEATHER SERVICE LOUISVILLE KY
126 AM EST MON FEB 13 2017


...................................

...THE BOWLING GREEN KY CLIMATE SUMMARY FOR FEBRUARY 12 2017...

CLIMATE NORMAL PERIOD 1981 TO 2010
CLIMATE RECORD PERIOD 1870 TO 2017


WEATHER ITEM   OBSERVED TIME   RECORD YEAR NORMAL DEPARTURE LAST
                VALUE   (LST)  VALUE       VALUE  FROM      YEAR
                                                  NORMAL
..................................................................
TEMPERATURE (F)
 YESTERDAY
  MAXIMUM         67    449 AM  76    1938  49     18       36
  MINIMUM         42   1159 PM  -9    1899  29     13       26
  AVERAGE         55                        39     16       31

PRECIPITATION (IN)
  YESTERDAY        T             1.20 1910   0.14  -0.14     0.06
  MONTH TO DATE    1.68                      1.74  -0.06     1.89
  SINCE DEC 1     11.48                     10.15   1.33     8.93
  SINCE JAN 1      5.84                      5.35   0.49     3.70

SNOWFALL (IN)
  YESTERDAY        0.0          13.0  1910   0.2   -0.2      1.4
  MONTH TO DATE    0.0                       1.8   -1.8      3.4
  SINCE DEC 1      0.7                       6.3   -5.6     18.2
  SINCE JUL 1      0.7                       6.3   -5.6     18.2
  SNOW DEPTH       0

DEGREE DAYS
 HEATING
  YESTERDAY       10                        26    -16       34
  MONTH TO DATE  244                       325    -81      329
  SINCE DEC 1   1679                      2054   -375     1714
  SINCE JUL 1   2165                      2817   -652     2252

 COOLING
  YESTERDAY        0                         0      0        0
  MONTH TO DATE    0                         0      0        0
  SINCE DEC 1      0                         1     -1        2
  SINCE JAN 1      0                         0      0        0
..................................................................


WIND (MPH)
  HIGHEST WIND SPEED    18   HIGHEST WIND DIRECTION    NW (310)
  HIGHEST GUST SPEED    27   HIGHEST GUST DIRECTION    NW (300)
  AVERAGE WIND SPEED     9.6


SKY COVER
  POSSIBLE SUNSHINE  MM
  AVERAGE SKY COVER 0.3


WEATHER CONDITIONS
 THE FOLLOWING WEATHER WAS RECORDED YESTERDAY.
  NO SIGNIFICANT WEATHER WAS OBSERVED.


RELATIVE HUMIDITY (PERCENT)
 HIGHEST    87           100 AM
 LOWEST     36           900 PM
 AVERAGE    62

..........................................................


THE BOWLING GREEN KY CLIMATE NORMALS FOR TODAY
                         NORMAL    RECORD    YEAR
 MAXIMUM TEMPERATURE (F)   49        82      1962
 MINIMUM TEMPERATURE (F)   29       -17      1899


SUNRISE AND SUNSET
FEBRUARY 13 2017......SUNRISE   636 AM CST   SUNSET   524 PM CST
FEBRUARY 14 2017......SUNRISE   635 AM CST   SUNSET   525 PM CST


-  INDICATES NEGATIVE NUMBERS.
R  INDICATES RECORD WAS SET OR TIED.
MM INDICATES DATA IS MISSING.
T  INDICATES TRACE AMOUNT.




$$
