000
CDUS43 KLMK 120645
CLIBWG


CLIMATE REPORT
NATIONAL WEATHER SERVICE LOUISVILLE KY
245 AM EDT THU MAY 12 2016


...................................

...THE BOWLING GREEN KY CLIMATE SUMMARY FOR MAY 11 2016...

CLIMATE NORMAL PERIOD 1981 TO 2010
CLIMATE RECORD PERIOD 1870 TO 2016


WEATHER ITEM   OBSERVED TIME   RECORD YEAR NORMAL DEPARTURE LAST
                VALUE   (LST)  VALUE       VALUE  FROM      YEAR
                                                  NORMAL
..................................................................
TEMPERATURE (F)
 YESTERDAY
  MAXIMUM         83    129 PM  94    1936  76      7       86
                                      1922
  MINIMUM         65   1159 PM  32    1885  54     11       66
  AVERAGE         74                        65      9       76

PRECIPITATION (IN)
  YESTERDAY        0.01          1.54 1894   0.18  -0.17     0.08
  MONTH TO DATE    0.67                      2.03  -1.36     0.08
  SINCE MAR 1      6.02                     10.78  -4.76    15.43
  SINCE JAN 1     12.60                     18.35  -5.75    21.31

SNOWFALL (IN)
  YESTERDAY        0.0           0.0    MM   0.0    0.0      0.0
  MONTH TO DATE    0.0                       0.0    0.0      0.0
  SINCE MAR 1      T                         1.3   -1.3      7.2
  SINCE JUL 1     24.0                       9.1   14.9     23.5
  SNOW DEPTH       0

DEGREE DAYS
 HEATING
  YESTERDAY        0                         3     -3        0
  MONTH TO DATE   32                        40     -8       16
  SINCE MAR 1    569                       811   -242      728
  SINCE JUL 1   3169                      4009   -840     4263

 COOLING
  YESTERDAY        9                         3      6       11
  MONTH TO DATE   40                        25     15       62
  SINCE MAR 1     84                        61     23       97
  SINCE JAN 1     84                        61     23       97
..................................................................


WIND (MPH)
  HIGHEST WIND SPEED    16   HIGHEST WIND DIRECTION     N (350)
  HIGHEST GUST SPEED    29   HIGHEST GUST DIRECTION     N (10)
  AVERAGE WIND SPEED     6.3


SKY COVER
  POSSIBLE SUNSHINE  MM
  AVERAGE SKY COVER 0.4


WEATHER CONDITIONS
 THE FOLLOWING WEATHER WAS RECORDED YESTERDAY.
  THUNDERSTORM
  HEAVY RAIN
  LIGHT RAIN
  FOG


RELATIVE HUMIDITY (PERCENT)
 HIGHEST    93          1100 PM
 LOWEST     73           800 PM
 AVERAGE    83

..........................................................


THE BOWLING GREEN KY CLIMATE NORMALS FOR TODAY
                         NORMAL    RECORD    YEAR
 MAXIMUM TEMPERATURE (F)   77        93      1914
 MINIMUM TEMPERATURE (F)   54        37      1951


SUNRISE AND SUNSET
MAY 12 2016...........SUNRISE   540 AM CDT   SUNSET   745 PM CDT
MAY 13 2016...........SUNRISE   539 AM CDT   SUNSET   746 PM CDT


-  INDICATES NEGATIVE NUMBERS.
R  INDICATES RECORD WAS SET OR TIED.
MM INDICATES DATA IS MISSING.
T  INDICATES TRACE AMOUNT.




$$
