000
CDUS43 KLMK 122036
CLIBWG


CLIMATE REPORT
NATIONAL WEATHER SERVICE LOUISVILLE KY
435 PM EDT TUE AUG 12 2014


...................................

...THE BOWLING GREEN CLIMATE SUMMARY FOR AUGUST 12 2014...
VALID TODAY AS OF 0400 PM LOCAL TIME.

CLIMATE NORMAL PERIOD 1981 TO 2010
CLIMATE RECORD PERIOD 1870 TO 2014


WEATHER ITEM   OBSERVED TIME   RECORD YEAR NORMAL DEPARTURE LAST
                VALUE   (LST)  VALUE       VALUE  FROM      YEAR
                                                  NORMAL
..................................................................
TEMPERATURE (F)
 TODAY
  MAXIMUM         83    206 PM 108    1881  89     -6       84
  MINIMUM         70    448 AM  50    1890  67      3       72
  AVERAGE         77                        78     -1       78

PRECIPITATION (IN)
  TODAY            0.00          2.00 1912   0.10  -0.10     0.37
  MONTH TO DATE    4.60                      1.18   3.42     3.49
  SINCE JUN 1      8.85                      9.48  -0.63    15.53
  SINCE JAN 1     29.43                     31.41  -1.98    40.06

SNOWFALL (IN)
  TODAY            0.0           0.0    MM   0.0    0.0      0.0
  MONTH TO DATE    0.0                       0.0    0.0      0.0
  SINCE JUN 1      0.0                       0.0    0.0      0.0
  SINCE JUL 1      0.0                       0.0    0.0      0.0
  SNOW DEPTH       0

DEGREE DAYS
 HEATING
  TODAY            0                         0      0        0
  MONTH TO DATE    0                         0      0        0
  SINCE JUN 1      0                         5     -5        0
  SINCE JUL 1      0                         0      0        0

 COOLING
  TODAY           12                        13     -1       13
  MONTH TO DATE  156                       157     -1      145
  SINCE JUN 1    822                       885    -63      835
  SINCE JAN 1   1019                      1038    -19     1048
..................................................................


WIND (MPH)
  HIGHEST WIND SPEED    16   HIGHEST WIND DIRECTION     W (290)
  HIGHEST GUST SPEED    24   HIGHEST GUST DIRECTION     W (280)
  AVERAGE WIND SPEED    MM


SKY COVER
  POSSIBLE SUNSHINE  MM
  AVERAGE SKY COVER 0.4


WEATHER CONDITIONS
 THE FOLLOWING WEATHER WAS RECORDED TODAY.
  FOG


RELATIVE HUMIDITY (PERCENT)
 HIGHEST    93           100 AM
 LOWEST     49           100 PM
 AVERAGE    71

..........................................................


THE BOWLING GREEN CLIMATE NORMALS FOR TOMORROW
                         NORMAL    RECORD    YEAR
 MAXIMUM TEMPERATURE (F)   89       110      1881
 MINIMUM TEMPERATURE (F)   67        50      1964


SUNRISE AND SUNSET
AUGUST 12 2014........SUNRISE   600 AM CDT   SUNSET   741 PM CDT
AUGUST 13 2014........SUNRISE   601 AM CDT   SUNSET   740 PM CDT


-  INDICATES NEGATIVE NUMBERS.
R  INDICATES RECORD WAS SET OR TIED.
MM INDICATES DATA IS MISSING.
T  INDICATES TRACE AMOUNT.




$$
