000
CDUS43 KLMK 052145
CLIBWG


CLIMATE REPORT
NATIONAL WEATHER SERVICE LOUISVILLE KY
443 PM EST THU MAR 5 2015


...................................

...THE BOWLING GREEN CLIMATE SUMMARY FOR MARCH 5 2015...
VALID TODAY AS OF 0400 PM LOCAL TIME.

CLIMATE NORMAL PERIOD 1981 TO 2010
CLIMATE RECORD PERIOD 1870 TO 2015


WEATHER ITEM   OBSERVED TIME   RECORD YEAR NORMAL DEPARTURE LAST
                VALUE   (LST)  VALUE       VALUE  FROM      YEAR
                                                  NORMAL
..................................................................
TEMPERATURE (F)
 TODAY
  MAXIMUM         28    240 PM  85    1910  56    -28       40
  MINIMUM         20    814 AM  -6    1960  34    -14       28
  AVERAGE         24                        45    -21       34

PRECIPITATION (IN)
  TODAY            0.26          3.00 1989   0.13   0.13     0.00
  MONTH TO DATE    3.07                      0.67   2.40     2.47
  SINCE MAR 1      3.07                      0.67   2.40     2.47
  SINCE JAN 1      8.95                      8.24   0.71     9.64

SNOWFALL (IN)
  TODAY            5.8 R         5.0  1917   0.1    5.7      0.0
  MONTH TO DATE    7.2                       0.2    7.0      4.8
  SINCE MAR 1      7.2                       0.2    7.0      4.8
  SINCE JUL 1     23.5                       8.0   15.5     10.1
  SNOW DEPTH       6

DEGREE DAYS
 HEATING
  TODAY           41                        20     21       31
  MONTH TO DATE  132                       103     29      158
  SINCE MAR 1    132                       103     29      158
  SINCE JUL 1   3667                      3301    366     3767

 COOLING
  TODAY            0                         0      0        0
  MONTH TO DATE    0                         0      0        0
  SINCE MAR 1      0                         0      0        0
  SINCE JAN 1      0                         0      0        0
..................................................................


WIND (MPH)
  HIGHEST WIND SPEED    14   HIGHEST WIND DIRECTION     N (360)
  HIGHEST GUST SPEED    20   HIGHEST GUST DIRECTION     N (10)
  AVERAGE WIND SPEED     8.4


SKY COVER
  POSSIBLE SUNSHINE  MM
  AVERAGE SKY COVER 0.9


WEATHER CONDITIONS
 THE FOLLOWING WEATHER WAS RECORDED TODAY.
  SNOW
  LIGHT SNOW
  FOG


RELATIVE HUMIDITY (PERCENT)
 HIGHEST    88          1200 AM
 LOWEST     55           300 PM
 AVERAGE    72

..........................................................


THE BOWLING GREEN CLIMATE NORMALS FOR TOMORROW
                         NORMAL    RECORD    YEAR
 MAXIMUM TEMPERATURE (F)   56        84      1910
 MINIMUM TEMPERATURE (F)   34         1      1960


SUNRISE AND SUNSET
MARCH  5 2015.........SUNRISE   611 AM CST   SUNSET   544 PM CST
MARCH  6 2015.........SUNRISE   610 AM CST   SUNSET   545 PM CST


-  INDICATES NEGATIVE NUMBERS.
R  INDICATES RECORD WAS SET OR TIED.
MM INDICATES DATA IS MISSING.
T  INDICATES TRACE AMOUNT.




$$
