558
CDUS43 KLMK 030626
CLIBWG


CLIMATE REPORT
NATIONAL WEATHER SERVICE LOUISVILLE KY
226 AM EDT TUE MAY 3 2016


...................................

...THE BOWLING GREEN KY CLIMATE SUMMARY FOR MAY 2 2016...

CLIMATE NORMAL PERIOD 1981 TO 2010
CLIMATE RECORD PERIOD 1870 TO 2016


WEATHER ITEM   OBSERVED TIME   RECORD YEAR NORMAL DEPARTURE LAST
                VALUE   (LST)  VALUE       VALUE  FROM      YEAR
                                                  NORMAL
..................................................................
TEMPERATURE (F)
 YESTERDAY
  MAXIMUM         69    133 AM  93    1901  74     -5       75
  MINIMUM         58   1159 PM  31    1963  51      7       45
                                      1909
  AVERAGE         64                        62      2       60

PRECIPITATION (IN)
  YESTERDAY        0.40          4.92 2010   0.17   0.23     0.00
  MONTH TO DATE    0.41                      0.35   0.06     0.00
  SINCE MAR 1      5.76                      9.10  -3.34    15.35
  SINCE JAN 1     12.34                     16.67  -4.33    21.23

SNOWFALL (IN)
  YESTERDAY        0.0           0.0    MM   0.0    0.0      0.0
  MONTH TO DATE    0.0                       0.0    0.0      0.0
  SINCE MAR 1      T                         1.3   -1.3      7.2
  SINCE JUL 1     24.0                       9.1   14.9     23.5
  SNOW DEPTH       0

DEGREE DAYS
 HEATING
  YESTERDAY        1                         4     -3        5
  MONTH TO DATE    1                         9     -8       14
  SINCE MAR 1    538                       780   -242      726
  SINCE JUL 1   3138                      3978   -840     4261

 COOLING
  YESTERDAY        0                         2     -2        0
  MONTH TO DATE    8                         4      4        0
  SINCE MAR 1     52                        40     12       35
  SINCE JAN 1     52                        40     12       35
..................................................................


WIND (MPH)
  HIGHEST WIND SPEED    13   HIGHEST WIND DIRECTION     W (290)
  HIGHEST GUST SPEED    15   HIGHEST GUST DIRECTION    NW (330)
  AVERAGE WIND SPEED     4.5


SKY COVER
  POSSIBLE SUNSHINE  MM
  AVERAGE SKY COVER 0.9


WEATHER CONDITIONS
 THE FOLLOWING WEATHER WAS RECORDED YESTERDAY.
  THUNDERSTORM
  HEAVY RAIN
  RAIN
  LIGHT RAIN
  FOG


RELATIVE HUMIDITY (PERCENT)
 HIGHEST    90           800 PM
 LOWEST     67           300 AM
 AVERAGE    79

..........................................................


THE BOWLING GREEN KY CLIMATE NORMALS FOR TODAY
                         NORMAL    RECORD    YEAR
 MAXIMUM TEMPERATURE (F)   74        95      1915
 MINIMUM TEMPERATURE (F)   51        34      2005


SUNRISE AND SUNSET
MAY  3 2016...........SUNRISE   549 AM CDT   SUNSET   737 PM CDT
MAY  4 2016...........SUNRISE   548 AM CDT   SUNSET   738 PM CDT


-  INDICATES NEGATIVE NUMBERS.
R  INDICATES RECORD WAS SET OR TIED.
MM INDICATES DATA IS MISSING.
T  INDICATES TRACE AMOUNT.




$$
