000
CDUS43 KLMK 282032
CLIBWG

CLIMATE REPORT
NATIONAL WEATHER SERVICE LOUISVILLE KY
430 PM EDT SAT MAR 28 2015


...................................

...THE BOWLING GREEN CLIMATE SUMMARY FOR MARCH 28 2015...
VALID TODAY AS OF 0400 PM LOCAL TIME.

CLIMATE NORMAL PERIOD 1981 TO 2010
CLIMATE RECORD PERIOD 1870 TO 2015


WEATHER ITEM   OBSERVED TIME   RECORD YEAR NORMAL DEPARTURE LAST
                VALUE   (LST)  VALUE       VALUE  FROM      YEAR
                                                  NORMAL
..................................................................
TEMPERATURE (F)
 TODAY
  MAXIMUM         44    200 PM  89    1907  64    -20       69
  MINIMUM         26    710 AM   4    1947  40    -14       53
  AVERAGE         35                        52    -17       61

PRECIPITATION (IN)
  TODAY            0.00          2.20 1975   0.15  -0.15     0.09
  MONTH TO DATE    6.22                      3.95   2.27     3.26
  SINCE MAR 1      6.22                      3.95   2.27     3.26
  SINCE JAN 1     12.10                     11.52   0.58    10.43

SNOWFALL (IN)
  TODAY            0.0           0.7  1913   0.0    0.0      0.0
  MONTH TO DATE    7.2                       1.0    6.2      5.1
  SINCE MAR 1      7.2                       1.0    6.2      5.1
  SINCE JUL 1     23.5                       8.8   14.7     10.4
  SNOW DEPTH       0

DEGREE DAYS
 HEATING
  TODAY           30                        13     17        4
  MONTH TO DATE  501                       482     19      606
  SINCE MAR 1    501                       482     19      606
  SINCE JUL 1   4036                      3680    356     4215

 COOLING
  TODAY            0                         0      0        0
  MONTH TO DATE    0                         0      0        0
  SINCE MAR 1      0                         0      0        0
  SINCE JAN 1      0                         0      0        0
..................................................................


WIND (MPH)
  HIGHEST WIND SPEED     8   HIGHEST WIND DIRECTION    NE (40)
  HIGHEST GUST SPEED    16   HIGHEST GUST DIRECTION    NE (40)
  AVERAGE WIND SPEED     3.9


SKY COVER
  POSSIBLE SUNSHINE   0 PERCENT
  AVERAGE SKY COVER 0.0


WEATHER CONDITIONS
 THE FOLLOWING WEATHER WAS RECORDED TODAY.
  NO SIGNIFICANT WEATHER WAS OBSERVED.


RELATIVE HUMIDITY (PERCENT)
 HIGHEST     0          1200 AM
 LOWEST      0          1200 AM
 AVERAGE     0

..........................................................


THE BOWLING GREEN CLIMATE NORMALS FOR TOMORROW
                         NORMAL    RECORD    YEAR
 MAXIMUM TEMPERATURE (F)   64        89      1910
 MINIMUM TEMPERATURE (F)   40        15      1887


SUNRISE AND SUNSET
MARCH 28 2015.........SUNRISE   638 AM CDT   SUNSET   704 PM CDT
MARCH 29 2015.........SUNRISE   636 AM CDT   SUNSET   705 PM CDT


-  INDICATES NEGATIVE NUMBERS.
R  INDICATES RECORD WAS SET OR TIED.
MM INDICATES DATA IS MISSING.
T  INDICATES TRACE AMOUNT.




$$
