000
CDUS43 KLMK 012027
CLIBWG


CLIMATE REPORT
NATIONAL WEATHER SERVICE LOUISVILLE KY
427 PM EDT MON SEP 1 2014


...................................

...THE BOWLING GREEN CLIMATE SUMMARY FOR SEPTEMBER 1 2014...
VALID TODAY AS OF 0400 PM LOCAL TIME.

CLIMATE NORMAL PERIOD 1981 TO 2010
CLIMATE RECORD PERIOD 1870 TO 2014


WEATHER ITEM   OBSERVED TIME   RECORD YEAR NORMAL DEPARTURE LAST
                VALUE   (LST)  VALUE       VALUE  FROM      YEAR
                                                  NORMAL
..................................................................
TEMPERATURE (F)
 TODAY
  MAXIMUM         89    106 PM 104    1943  87      2       84
  MINIMUM         72    247 AM  44    1887  63      9       68
  AVERAGE         81                        75      6       76

PRECIPITATION (IN)
  TODAY            0.08          2.00 1938   0.12  -0.04     0.84
  MONTH TO DATE    0.08                      0.12  -0.04     0.84
  SINCE SEP 1      0.08                      0.12  -0.04     0.84
  SINCE JAN 1     36.24                     33.68   2.56    43.54

SNOWFALL (IN)
  TODAY           MM             0.0    MM   0.0   MM        0.0
  MONTH TO DATE   MM                         0.0   MM        0.0
  SINCE SEP 1     MM                         0.0   MM        0.0
  SINCE JUL 1      0.0                       0.0    0.0      0.0
  SNOW DEPTH       0

DEGREE DAYS
 HEATING
  TODAY            0                         0      0        0
  MONTH TO DATE    0                         0      0        0
  SINCE SEP 1      0                         0      0        0
  SINCE JUL 1      0                         1     -1        0

 COOLING
  TODAY           16                        10      6       11
  MONTH TO DATE   16                        10      6       11
  SINCE SEP 1     16                        10      6       11
  SINCE JAN 1   1293                      1279     14     1271
..................................................................


WIND (MPH)
  HIGHEST WIND SPEED    17   HIGHEST WIND DIRECTION    SW (220)
  HIGHEST GUST SPEED    24   HIGHEST GUST DIRECTION    SW (220)
  AVERAGE WIND SPEED     9.1


SKY COVER
  POSSIBLE SUNSHINE  MM
  AVERAGE SKY COVER 0.5


WEATHER CONDITIONS
 THE FOLLOWING WEATHER WAS RECORDED TODAY.
  HEAVY RAIN


RELATIVE HUMIDITY (PERCENT)
 HIGHEST    93          1200 AM
 LOWEST     55           200 PM
 AVERAGE    74

..........................................................


THE BOWLING GREEN CLIMATE NORMALS FOR TOMORROW
                         NORMAL    RECORD    YEAR
 MAXIMUM TEMPERATURE (F)   87       103      1913
 MINIMUM TEMPERATURE (F)   63        45      1987


SUNRISE AND SUNSET
SEPTEMBER  1 2014.....SUNRISE   617 AM CDT   SUNSET   714 PM CDT
SEPTEMBER  2 2014.....SUNRISE   617 AM CDT   SUNSET   713 PM CDT


-  INDICATES NEGATIVE NUMBERS.
R  INDICATES RECORD WAS SET OR TIED.
MM INDICATES DATA IS MISSING.
T  INDICATES TRACE AMOUNT.




$$
