000
CDUS43 KLMK 302028
CLIBWG

CLIMATE REPORT
NATIONAL WEATHER SERVICE LOUISVILLE KY
427 PM EDT WED JUL 30 2014


...................................

...THE BOWLING GREEN CLIMATE SUMMARY FOR JULY 30 2014...
VALID TODAY AS OF 0400 PM LOCAL TIME.

CLIMATE NORMAL PERIOD 1981 TO 2010
CLIMATE RECORD PERIOD 1870 TO 2014


WEATHER ITEM   OBSERVED TIME   RECORD YEAR NORMAL DEPARTURE LAST
                VALUE   (LST)  VALUE       VALUE  FROM      YEAR
                                                  NORMAL
..................................................................
TEMPERATURE (F)
 TODAY
  MAXIMUM         84    200 PM 103    1999  90     -6       79
  MINIMUM         55    545 AM  53    1965  68    -13       63
  AVERAGE         70                        79     -9       71

PRECIPITATION (IN)
  TODAY            0.00          2.90 1903   0.10  -0.10     0.13
  MONTH TO DATE    2.53                      3.99  -1.46     9.64
  SINCE JUN 1      4.25                      8.19  -3.94    12.01
  SINCE JAN 1     24.83                     30.12  -5.29    36.54

SNOWFALL (IN)
  TODAY            0.0           0.0    MM   0.0    0.0      0.0
  MONTH TO DATE    0.0                       0.0    0.0      0.0
  SINCE JUN 1      0.0                       0.0    0.0      0.0
  SINCE JUL 1      0.0                       0.0    0.0      0.0
  SNOW DEPTH       0

DEGREE DAYS
 HEATING
  TODAY            0                         0      0        0
  MONTH TO DATE    0                         0      0        0
  SINCE JUN 1      0                         5     -5        0
  SINCE JUL 1      0                         0      0        0

 COOLING
  TODAY            5                        14     -9        6
  MONTH TO DATE  309                       415   -106      345
  SINCE JUN 1    658                       720    -62      679
  SINCE JAN 1    855                       873    -18      892
..................................................................


WIND (MPH)
  HIGHEST WIND SPEED     7   HIGHEST WIND DIRECTION     W (250)
  HIGHEST GUST SPEED    MM   HIGHEST GUST DIRECTION    MM
  AVERAGE WIND SPEED     2.1


SKY COVER
  POSSIBLE SUNSHINE  MM
  AVERAGE SKY COVER 0.1


WEATHER CONDITIONS
 THE FOLLOWING WEATHER WAS RECORDED TODAY.
  NO SIGNIFICANT WEATHER WAS OBSERVED.


RELATIVE HUMIDITY (PERCENT)
 HIGHEST    87           600 AM
 LOWEST     34           200 PM
 AVERAGE    61

..........................................................


THE BOWLING GREEN CLIMATE NORMALS FOR TOMORROW
                         NORMAL    RECORD    YEAR
 MAXIMUM TEMPERATURE (F)   90       102      1931
                                             1921
 MINIMUM TEMPERATURE (F)   68        53      1965


SUNRISE AND SUNSET
JULY 30 2014..........SUNRISE   549 AM CDT   SUNSET   754 PM CDT
JULY 31 2014..........SUNRISE   550 AM CDT   SUNSET   754 PM CDT


-  INDICATES NEGATIVE NUMBERS.
R  INDICATES RECORD WAS SET OR TIED.
MM INDICATES DATA IS MISSING.
T  INDICATES TRACE AMOUNT.




$$
