000
CDUS43 KLMK 232032
CLIBWG


CLIMATE REPORT
NATIONAL WEATHER SERVICE LOUISVILLE KY
431 PM EDT TUE SEP 23 2014


...................................

...THE BOWLING GREEN CLIMATE SUMMARY FOR SEPTEMBER 23 2014...
VALID TODAY AS OF 0400 PM LOCAL TIME.

CLIMATE NORMAL PERIOD 1981 TO 2010
CLIMATE RECORD PERIOD 1870 TO 2014


WEATHER ITEM   OBSERVED TIME   RECORD YEAR NORMAL DEPARTURE LAST
                VALUE   (LST)  VALUE       VALUE  FROM      YEAR
                                                  NORMAL
..................................................................
TEMPERATURE (F)
 TODAY
  MAXIMUM         77    200 PM  95    2010  79     -2       77
                                      1931
                                      1910
  MINIMUM         44    700 AM  37    1927  55    -11       48
                                      1918
  AVERAGE         61                        67     -6       63

PRECIPITATION (IN)
  TODAY            0.00          2.83 2006   0.13  -0.13     0.00
  MONTH TO DATE    0.37                      3.00  -2.63     4.98
  SINCE SEP 1      0.37                      3.00  -2.63     4.98
  SINCE JAN 1     36.53                     36.56  -0.03    47.68

SNOWFALL (IN)
  TODAY            0.0           0.0    MM   0.0    0.0      0.0
  MONTH TO DATE    0.0                       0.0    0.0      0.0
  SINCE SEP 1      0.0                       0.0    0.0      0.0
  SINCE JUL 1      0.0                       0.0    0.0      0.0
  SNOW DEPTH       0

DEGREE DAYS
 HEATING
  TODAY            4                         2      2        2
  MONTH TO DATE   24                        13     11       12
  SINCE SEP 1     24                        13     11       12
  SINCE JUL 1     24                        14     10       12

 COOLING
  TODAY            0                         4     -4        0
  MONTH TO DATE  147                       163    -16      173
  SINCE SEP 1    147                       163    -16      173
  SINCE JAN 1   1424                      1432     -8     1433
..................................................................


WIND (MPH)
  HIGHEST WIND SPEED    13   HIGHEST WIND DIRECTION    NE (60)
  HIGHEST GUST SPEED    18   HIGHEST GUST DIRECTION    NE (50)
  AVERAGE WIND SPEED     5.1


SKY COVER
  POSSIBLE SUNSHINE  MM
  AVERAGE SKY COVER 0.0


WEATHER CONDITIONS
 THE FOLLOWING WEATHER WAS RECORDED TODAY.
  NO SIGNIFICANT WEATHER WAS OBSERVED.


RELATIVE HUMIDITY (PERCENT)
 HIGHEST    67           800 AM
 LOWEST     31           200 PM
 AVERAGE    49

..........................................................


THE BOWLING GREEN CLIMATE NORMALS FOR TOMORROW
                         NORMAL    RECORD    YEAR
 MAXIMUM TEMPERATURE (F)   79        96      1910
 MINIMUM TEMPERATURE (F)   55        33      1983


SUNRISE AND SUNSET
SEPTEMBER 23 2014.....SUNRISE   634 AM CDT   SUNSET   641 PM CDT
SEPTEMBER 24 2014.....SUNRISE   635 AM CDT   SUNSET   640 PM CDT


-  INDICATES NEGATIVE NUMBERS.
R  INDICATES RECORD WAS SET OR TIED.
MM INDICATES DATA IS MISSING.
T  INDICATES TRACE AMOUNT.




$$
