000
CDUS43 KLMK 072130
CLIBWG


CLIMATE REPORT
NATIONAL WEATHER SERVICE LOUISVILLE KY
430 PM EST SUN JAN 7 2018


...................................

...THE BOWLING GREEN CLIMATE SUMMARY FOR JANUARY 7 2018...
VALID TODAY AS OF 0400 PM LOCAL TIME.

CLIMATE NORMAL PERIOD 1981 TO 2010
CLIMATE RECORD PERIOD 1870 TO 2018


WEATHER ITEM   OBSERVED TIME   RECORD YEAR NORMAL DEPARTURE LAST
                VALUE   (LST)  VALUE       VALUE  FROM      YEAR
                                                  NORMAL
..................................................................
TEMPERATURE (F)
 TODAY
  MAXIMUM         45    154 PM  72    1907  45      0       21
  MINIMUM         11   1253 AM -11    1912  26    -15       10
  AVERAGE         28                        35     -7       16

PRECIPITATION (IN)
  TODAY            0.00          3.40 1913   0.11  -0.11     0.00
  MONTH TO DATE    T                         0.83  -0.83     0.96
  SINCE DEC 1      3.49                      5.63  -2.14     6.60
  SINCE JAN 1      T                         0.83  -0.83     0.96

SNOWFALL (IN)
  TODAY            0.0           6.0  1912   0.1   -0.1      0.0
  MONTH TO DATE    T                         0.6   -0.6      0.7
  SINCE DEC 1      T                         1.8   -1.8      0.7
  SINCE JUL 1      T                         1.8   -1.8      0.7
  SNOW DEPTH       0

DEGREE DAYS
 HEATING
  TODAY           37                        30      7       49
  MONTH TO DATE  329                       205    124      206
  SINCE DEC 1   1166                      1026    140     1001
  SINCE JUL 1   1867                      1789     78     1487

 COOLING
  TODAY            0                         0      0        0
  MONTH TO DATE    0                         0      0        0
  SINCE DEC 1      0                         1     -1        0
  SINCE JAN 1      0                         0      0        0
..................................................................


WIND (MPH)
  HIGHEST WIND SPEED    16   HIGHEST WIND DIRECTION     S (190)
  HIGHEST GUST SPEED    22   HIGHEST GUST DIRECTION     S (180)
  AVERAGE WIND SPEED     5.9


SKY COVER
  POSSIBLE SUNSHINE  MM
  AVERAGE SKY COVER 0.0


WEATHER CONDITIONS
 THE FOLLOWING WEATHER WAS RECORDED TODAY.
  NO SIGNIFICANT WEATHER WAS OBSERVED.


RELATIVE HUMIDITY (PERCENT)
 HIGHEST    70           300 AM
 LOWEST     24          1100 AM
 AVERAGE    47

..........................................................


THE BOWLING GREEN CLIMATE NORMALS FOR TOMORROW
                         NORMAL    RECORD    YEAR
 MAXIMUM TEMPERATURE (F)   45        69      2008
                                             2006
 MINIMUM TEMPERATURE (F)   26       -12      1877


SUNRISE AND SUNSET
JANUARY  7 2018.......SUNRISE   659 AM CST   SUNSET   445 PM CST
JANUARY  8 2018.......SUNRISE   659 AM CST   SUNSET   446 PM CST


-  INDICATES NEGATIVE NUMBERS.
R  INDICATES RECORD WAS SET OR TIED.
MM INDICATES DATA IS MISSING.
T  INDICATES TRACE AMOUNT.




$$
