000
CDUS43 KLMK 142127
CLIBWG

CLIMATE REPORT
NATIONAL WEATHER SERVICE LOUISVILLE KY
426 PM EST TUE NOV 14 2017


...................................

...THE BOWLING GREEN CLIMATE SUMMARY FOR NOVEMBER 14 2017...
VALID TODAY AS OF 0400 PM LOCAL TIME.

CLIMATE NORMAL PERIOD 1981 TO 2010
CLIMATE RECORD PERIOD 1870 TO 2017


WEATHER ITEM   OBSERVED TIME   RECORD YEAR NORMAL DEPARTURE LAST
                VALUE   (LST)  VALUE       VALUE  FROM      YEAR
                                                  NORMAL
..................................................................
TEMPERATURE (F)
 TODAY
  MAXIMUM         57    259 PM  80    1964  60     -3       66
  MINIMUM         33    652 AM  15    1986  38     -5       30
                                      1886
  AVERAGE         45                        49     -4       48

PRECIPITATION (IN)
  TODAY            0.00          1.13 1993   0.14  -0.14     0.00
  MONTH TO DATE    1.45                      1.80  -0.35     0.02
  SINCE SEP 1     11.39                      9.11   2.28     2.15
  SINCE JAN 1     48.47                     42.67   5.80    40.07

SNOWFALL (IN)
  TODAY            0.0           0.5  1906   0.0    0.0      0.0
  MONTH TO DATE    0.0                       0.0    0.0      0.0
  SINCE SEP 1      T                         T      0.0      0.0
  SINCE JUL 1      T                         T      0.0      0.0
  SNOW DEPTH       0

DEGREE DAYS
 HEATING
  TODAY           20                        16      4       17
  MONTH TO DATE  164                       193    -29      141
  SINCE SEP 1    384                       455    -71      227
  SINCE JUL 1    384                       456    -72      227

 COOLING
  TODAY            0                         0      0        0
  MONTH TO DATE   12                         0     12       15
  SINCE SEP 1    248                       219     29      420
  SINCE JAN 1   1600                      1488    112     1979
..................................................................


WIND (MPH)
  HIGHEST WIND SPEED    13   HIGHEST WIND DIRECTION     E (90)
  HIGHEST GUST SPEED    17   HIGHEST GUST DIRECTION    SE (120)
  AVERAGE WIND SPEED     4.4


SKY COVER
  POSSIBLE SUNSHINE  MM
  AVERAGE SKY COVER 0.1


WEATHER CONDITIONS
 THE FOLLOWING WEATHER WAS RECORDED TODAY.
  FOG


RELATIVE HUMIDITY (PERCENT)
 HIGHEST    96           700 AM
 LOWEST     51           200 PM
 AVERAGE    74

..........................................................


THE BOWLING GREEN CLIMATE NORMALS FOR TOMORROW
                         NORMAL    RECORD    YEAR
 MAXIMUM TEMPERATURE (F)   60        80      1931
 MINIMUM TEMPERATURE (F)   38         9      1883


SUNRISE AND SUNSET
NOVEMBER 14 2017......SUNRISE   623 AM CST   SUNSET   437 PM CST
NOVEMBER 15 2017......SUNRISE   624 AM CST   SUNSET   436 PM CST


-  INDICATES NEGATIVE NUMBERS.
R  INDICATES RECORD WAS SET OR TIED.
MM INDICATES DATA IS MISSING.
T  INDICATES TRACE AMOUNT.




$$
