000
CDUS43 KLMK 030627
CLIBWG


CLIMATE REPORT
NATIONAL WEATHER SERVICE LOUISVILLE KY
127 AM EST TUE JAN 3 2017


...................................

...THE BOWLING GREEN KY CLIMATE SUMMARY FOR JANUARY 2 2017...

CLIMATE NORMAL PERIOD 1981 TO 2010
CLIMATE RECORD PERIOD 1870 TO 2017


WEATHER ITEM   OBSERVED TIME   RECORD YEAR NORMAL DEPARTURE LAST
                VALUE   (LST)  VALUE       VALUE  FROM      YEAR
                                                  NORMAL
..................................................................
TEMPERATURE (F)
 YESTERDAY
  MAXIMUM         65    342 PM  74    2006  45     20       47
  MINIMUM         51    241 AM  -5    1887  27     24       26
  AVERAGE         58                        36     22       37

PRECIPITATION (IN)
  YESTERDAY        0.43          1.85 1966   0.12   0.31     0.00
  MONTH TO DATE    0.46                      0.24   0.22     0.00
  SINCE DEC 1      5.20                      5.04   0.16     5.23
  SINCE JAN 1      0.46                      0.24   0.22     0.00

SNOWFALL (IN)
  YESTERDAY        0.0           0.5  2014   0.1   -0.1      0.0
                                      1898
  MONTH TO DATE    0.0                       0.2   -0.2      0.0
  SINCE DEC 1      T                         1.4   -1.4       T
  SINCE JUL 1      T                         1.4   -1.4       T
  SNOW DEPTH       0

DEGREE DAYS
 HEATING
  YESTERDAY        7                        29    -22       28
  MONTH TO DATE   25                        58    -33       56
  SINCE DEC 1    820                       879    -59      497
  SINCE JUL 1   1306                      1642   -336     1035

 COOLING
  YESTERDAY        0                         0      0        0
  MONTH TO DATE    0                         0      0        0
  SINCE DEC 1      0                         1     -1        2
  SINCE JAN 1      0                         0      0        0
..................................................................


WIND (MPH)
  HIGHEST WIND SPEED    12   HIGHEST WIND DIRECTION    SE (130)
  HIGHEST GUST SPEED    24   HIGHEST GUST DIRECTION     E (100)
  AVERAGE WIND SPEED     2.5


SKY COVER
  POSSIBLE SUNSHINE  MM
  AVERAGE SKY COVER 0.8


WEATHER CONDITIONS
 THE FOLLOWING WEATHER WAS RECORDED YESTERDAY.
  HEAVY RAIN
  RAIN
  LIGHT RAIN
  FOG
  FOG W/VISIBILITY <= 1/4 MILE


RELATIVE HUMIDITY (PERCENT)
 HIGHEST   100           200 AM
 LOWEST     84           200 PM
 AVERAGE    92

..........................................................


THE BOWLING GREEN KY CLIMATE NORMALS FOR TODAY
                         NORMAL    RECORD    YEAR
 MAXIMUM TEMPERATURE (F)   45        71      2004
                                             1907
 MINIMUM TEMPERATURE (F)   27       -11      1879


SUNRISE AND SUNSET
JANUARY  3 2017.......SUNRISE   659 AM CST   SUNSET   442 PM CST
JANUARY  4 2017.......SUNRISE   659 AM CST   SUNSET   443 PM CST


-  INDICATES NEGATIVE NUMBERS.
R  INDICATES RECORD WAS SET OR TIED.
MM INDICATES DATA IS MISSING.
T  INDICATES TRACE AMOUNT.




$$
