964
CDUS43 KLMK 222027
CLIBWG


CLIMATE REPORT
NATIONAL WEATHER SERVICE LOUISVILLE KY
426 PM EDT WED MAR 22 2017


...................................

...THE BOWLING GREEN CLIMATE SUMMARY FOR MARCH 22 2017...
VALID TODAY AS OF 0400 PM LOCAL TIME.

CLIMATE NORMAL PERIOD 1981 TO 2010
CLIMATE RECORD PERIOD 1870 TO 2017


WEATHER ITEM   OBSERVED TIME   RECORD YEAR NORMAL DEPARTURE LAST
                VALUE   (LST)  VALUE       VALUE  FROM      YEAR
                                                  NORMAL
..................................................................
TEMPERATURE (F)
 TODAY
  MAXIMUM         55    115 PM  90    1907  62     -7       69
  MINIMUM         41    711 AM  20    2002  39      2       33
  AVERAGE         48                        50     -2       51

PRECIPITATION (IN)
  TODAY            0.00          3.75 1952   0.14  -0.14     0.00
  MONTH TO DATE    2.40                      3.06  -0.66     1.81
  SINCE MAR 1      2.40                      3.06  -0.66     1.81
  SINCE JAN 1      8.98                     10.63  -1.65     8.39

SNOWFALL (IN)
  TODAY            0.0          11.0  1968   0.0    0.0      0.0
  MONTH TO DATE    T                         0.8   -0.8       T
  SINCE MAR 1      T                         0.8   -0.8       T
  SINCE JUL 1      0.7                       8.6   -7.9     24.0
  SNOW DEPTH       0

DEGREE DAYS
 HEATING
  TODAY           17                        15      2       14
  MONTH TO DATE  398                       399     -1      264
  SINCE MAR 1    398                       399     -1      264
  SINCE JUL 1   2779                      3597   -818     2864

 COOLING
  TODAY            0                         0      0        0
  MONTH TO DATE    0                         0      0        0
  SINCE MAR 1      0                         0      0        0
  SINCE JAN 1      4                         0      4        0
..................................................................


WIND (MPH)
  HIGHEST WIND SPEED    21   HIGHEST WIND DIRECTION    NE (40)
  HIGHEST GUST SPEED    27   HIGHEST GUST DIRECTION    NE (40)
  AVERAGE WIND SPEED    13.2


SKY COVER
  POSSIBLE SUNSHINE  MM
  AVERAGE SKY COVER 0.0


WEATHER CONDITIONS
 THE FOLLOWING WEATHER WAS RECORDED TODAY.
  NO SIGNIFICANT WEATHER WAS OBSERVED.


RELATIVE HUMIDITY (PERCENT)
 HIGHEST    54           100 AM
 LOWEST     24          1200 PM
 AVERAGE    39

..........................................................


THE BOWLING GREEN CLIMATE NORMALS FOR TOMORROW
                         NORMAL    RECORD    YEAR
 MAXIMUM TEMPERATURE (F)   62        90      1910
 MINIMUM TEMPERATURE (F)   39         4      1885


SUNRISE AND SUNSET
MARCH 22 2017.........SUNRISE   646 AM CDT   SUNSET   700 PM CDT
MARCH 23 2017.........SUNRISE   644 AM CDT   SUNSET   700 PM CDT


-  INDICATES NEGATIVE NUMBERS.
R  INDICATES RECORD WAS SET OR TIED.
MM INDICATES DATA IS MISSING.
T  INDICATES TRACE AMOUNT.




$$
