000
CDUS43 KLMK 182128
CLIBWG

CLIMATE REPORT
NATIONAL WEATHER SERVICE LOUISVILLE KY
426 PM EST TUE NOV 18 2014


...................................

...THE BOWLING GREEN CLIMATE SUMMARY FOR NOVEMBER 18 2014...
VALID TODAY AS OF 0400 PM LOCAL TIME.

CLIMATE NORMAL PERIOD 1981 TO 2010
CLIMATE RECORD PERIOD 1870 TO 2014


WEATHER ITEM   OBSERVED TIME   RECORD YEAR NORMAL DEPARTURE LAST
                VALUE   (LST)  VALUE       VALUE  FROM      YEAR
                                                  NORMAL
..................................................................
TEMPERATURE (F)
 TODAY
  MAXIMUM         29    300 PM  82    1930  58    -29       60
  MINIMUM         16        MM  10    1891  37    -21       39
  AVERAGE         23                        48    -25       50

PRECIPITATION (IN)
  TODAY            T             3.00 1906   0.15  -0.15     0.00
  MONTH TO DATE    1.85                      2.38  -0.53     2.34
  SINCE SEP 1      7.60                      9.69  -2.09    11.47
  SINCE JAN 1     43.76                     43.25   0.51    54.17

SNOWFALL (IN)
  TODAY            T   R         T    1980   0.0    0.0      0.0
                                      1968
                                      1961
  MONTH TO DATE    0.3                       0.0    0.3       T
  SINCE SEP 1      0.3                       T      0.3       T
  SINCE JUL 1      0.3                       T      0.3       T
  SNOW DEPTH       T

DEGREE DAYS
 HEATING
  TODAY           42                        17     25       15
  MONTH TO DATE  420                       260    160      300
  SINCE SEP 1    638                       522    116      550
  SINCE JUL 1    638                       523    115      550

 COOLING
  TODAY            0                         0      0        0
  MONTH TO DATE    0                         0      0        0
  SINCE SEP 1    211                       219     -8      239
  SINCE JAN 1   1488                      1488      0     1499
..................................................................


WIND (MPH)
  HIGHEST WIND SPEED    14   HIGHEST WIND DIRECTION     W (260)
  HIGHEST GUST SPEED    22   HIGHEST GUST DIRECTION     W (280)
  AVERAGE WIND SPEED     9.9


SKY COVER
  POSSIBLE SUNSHINE  MM
  AVERAGE SKY COVER 0.1


WEATHER CONDITIONS
 THE FOLLOWING WEATHER WAS RECORDED TODAY.
  LIGHT SNOW


RELATIVE HUMIDITY (PERCENT)
 HIGHEST    61           700 AM
 LOWEST     39           100 PM
 AVERAGE    50

..........................................................


THE BOWLING GREEN CLIMATE NORMALS FOR TOMORROW
                         NORMAL    RECORD    YEAR
 MAXIMUM TEMPERATURE (F)   58        83      1930
 MINIMUM TEMPERATURE (F)   37        17      1951


SUNRISE AND SUNSET
NOVEMBER 18 2014......SUNRISE   627 AM CST   SUNSET   434 PM CST
NOVEMBER 19 2014......SUNRISE   628 AM CST   SUNSET   434 PM CST


-  INDICATES NEGATIVE NUMBERS.
R  INDICATES RECORD WAS SET OR TIED.
MM INDICATES DATA IS MISSING.
T  INDICATES TRACE AMOUNT.




$$
