000
CDUS43 KLMK 122133
CLIBWG


CLIMATE REPORT
NATIONAL WEATHER SERVICE LOUISVILLE KY
432 PM EST SUN FEB 12 2017


...................................

...THE BOWLING GREEN CLIMATE SUMMARY FOR FEBRUARY 12 2017...
VALID TODAY AS OF 0400 PM LOCAL TIME.

CLIMATE NORMAL PERIOD 1981 TO 2010
CLIMATE RECORD PERIOD 1870 TO 2017


WEATHER ITEM   OBSERVED TIME   RECORD YEAR NORMAL DEPARTURE LAST
                VALUE   (LST)  VALUE       VALUE  FROM      YEAR
                                                  NORMAL
..................................................................
TEMPERATURE (F)
 TODAY
  MAXIMUM         67    449 AM  76    1938  49     18       36
  MINIMUM         59   1229 PM  -9    1899  29     30       26
  AVERAGE         63                        39     24       31

PRECIPITATION (IN)
  TODAY            T             1.20 1910   0.14  -0.14     0.06
  MONTH TO DATE    1.68                      1.74  -0.06     1.89
  SINCE DEC 1     11.48                     10.15   1.33     8.93
  SINCE JAN 1      5.84                      5.35   0.49     3.70

SNOWFALL (IN)
  TODAY            0.0          13.0  1910   0.2   -0.2      1.4
  MONTH TO DATE    0.0                       1.8   -1.8      3.4
  SINCE DEC 1      0.7                       6.3   -5.6     18.2
  SINCE JUL 1      0.7                       6.3   -5.6     18.2
  SNOW DEPTH       0

DEGREE DAYS
 HEATING
  TODAY            2                        26    -24       34
  MONTH TO DATE  236                       325    -89      329
  SINCE DEC 1   1671                      2054   -383     1714
  SINCE JUL 1   2157                      2817   -660     2252

 COOLING
  TODAY            0                         0      0        0
  MONTH TO DATE    0                         0      0        0
  SINCE DEC 1      0                         1     -1        2
  SINCE JAN 1      0                         0      0        0
..................................................................


WIND (MPH)
  HIGHEST WIND SPEED    18   HIGHEST WIND DIRECTION    NW (320)
  HIGHEST GUST SPEED    27   HIGHEST GUST DIRECTION    NW (300)
  AVERAGE WIND SPEED    10.7


SKY COVER
  POSSIBLE SUNSHINE  MM
  AVERAGE SKY COVER 0.5


WEATHER CONDITIONS
 THE FOLLOWING WEATHER WAS RECORDED TODAY.
  NO SIGNIFICANT WEATHER WAS OBSERVED.


RELATIVE HUMIDITY (PERCENT)
 HIGHEST    87           100 AM
 LOWEST     43           300 PM
 AVERAGE    65

..........................................................


THE BOWLING GREEN CLIMATE NORMALS FOR TOMORROW
                         NORMAL    RECORD    YEAR
 MAXIMUM TEMPERATURE (F)   49        82      1962
 MINIMUM TEMPERATURE (F)   29       -17      1899


SUNRISE AND SUNSET
FEBRUARY 12 2017......SUNRISE   637 AM CST   SUNSET   523 PM CST
FEBRUARY 13 2017......SUNRISE   636 AM CST   SUNSET   524 PM CST


-  INDICATES NEGATIVE NUMBERS.
R  INDICATES RECORD WAS SET OR TIED.
MM INDICATES DATA IS MISSING.
T  INDICATES TRACE AMOUNT.




$$
