000
CDUS43 KLMK 222127
CLIBWG

CLIMATE REPORT
NATIONAL WEATHER SERVICE LOUISVILLE KY
425 PM EST MON DEC 22 2014


...................................

...THE BOWLING GREEN CLIMATE SUMMARY FOR DECEMBER 22 2014...
VALID TODAY AS OF 0400 PM LOCAL TIME.

CLIMATE NORMAL PERIOD 1981 TO 2010
CLIMATE RECORD PERIOD 1870 TO 2014


WEATHER ITEM   OBSERVED TIME   RECORD YEAR NORMAL DEPARTURE LAST
                VALUE   (LST)  VALUE       VALUE  FROM      YEAR
                                                  NORMAL
..................................................................
TEMPERATURE (F)
 TODAY
  MAXIMUM         56    300 PM  66    1941  46     10       62
  MINIMUM         31        MM -14    1989  28      3       38
  AVERAGE         44                        37      7       50

PRECIPITATION (IN)
  TODAY            0.00          1.76 2004   0.15  -0.15     0.30
  MONTH TO DATE    1.10                      3.54  -2.44     4.54
  SINCE DEC 1      1.10                      3.54  -2.44     4.54
  SINCE JAN 1     45.53                     48.63  -3.10    59.19

SNOWFALL (IN)
  TODAY            0.0           6.0  1963   0.0    0.0      0.0
  MONTH TO DATE    T                         0.6   -0.6      0.1
  SINCE DEC 1      T                         0.6   -0.6      0.1
  SINCE JUL 1      0.3                       0.6   -0.3      1.2
  SNOW DEPTH       0

DEGREE DAYS
 HEATING
  TODAY           21                        28     -7       15
  MONTH TO DATE  506                       561    -55      514
  SINCE DEC 1    506                       561    -55      514
  SINCE JUL 1   1403                      1324     79     1394

 COOLING
  TODAY            0                         0      0        0
  MONTH TO DATE    0                         0      0        2
  SINCE DEC 1      0                         0      0        2
  SINCE JAN 1   1488                      1491     -3     1501
..................................................................


WIND (MPH)
  HIGHEST WIND SPEED    10   HIGHEST WIND DIRECTION    SE (150)
  HIGHEST GUST SPEED    MM   HIGHEST GUST DIRECTION    MM
  AVERAGE WIND SPEED     4.5


SKY COVER
  POSSIBLE SUNSHINE  MM
  AVERAGE SKY COVER 0.7


WEATHER CONDITIONS
 THE FOLLOWING WEATHER WAS RECORDED TODAY.
  NO SIGNIFICANT WEATHER WAS OBSERVED.


RELATIVE HUMIDITY (PERCENT)
 HIGHEST    82           400 AM
 LOWEST     66          1000 AM
 AVERAGE    74

..........................................................


THE BOWLING GREEN CLIMATE NORMALS FOR TOMORROW
                         NORMAL    RECORD    YEAR
 MAXIMUM TEMPERATURE (F)   46        72      1895
 MINIMUM TEMPERATURE (F)   28       -11      1989


SUNRISE AND SUNSET
DECEMBER 22 2014......SUNRISE   656 AM CST   SUNSET   433 PM CST
DECEMBER 23 2014......SUNRISE   656 AM CST   SUNSET   434 PM CST


-  INDICATES NEGATIVE NUMBERS.
R  INDICATES RECORD WAS SET OR TIED.
MM INDICATES DATA IS MISSING.
T  INDICATES TRACE AMOUNT.




$$
