000
CDUS43 KLMK 010627
CLIBWG


CLIMATE REPORT
NATIONAL WEATHER SERVICE LOUISVILLE KY
126 AM EST MON FEB 1 2016


...................................

...THE BOWLING GREEN KY CLIMATE SUMMARY FOR JANUARY 31 2016...

CLIMATE NORMAL PERIOD 1981 TO 2010
CLIMATE RECORD PERIOD 1870 TO 2016


WEATHER ITEM   OBSERVED TIME   RECORD YEAR NORMAL DEPARTURE LAST
                VALUE   (LST)  VALUE       VALUE  FROM      YEAR
                                                  NORMAL
..................................................................
TEMPERATURE (F)
 YESTERDAY
  MAXIMUM         72R   233 PM  72    2002  46     26       45
  MINIMUM         54    409 AM  -8    1965  27     27       20
  AVERAGE         63                        37     26       33

PRECIPITATION (IN)
  YESTERDAY        0.02          1.81 1951   0.14  -0.12     0.00
  MONTH TO DATE    1.81                      3.61  -1.80     1.88
  SINCE DEC 1      7.04                      8.41  -1.37     3.57
  SINCE JAN 1      1.81                      3.61  -1.80     1.88

SNOWFALL (IN)
  YESTERDAY        0.0           8.0  1899   0.1   -0.1      0.0
  MONTH TO DATE   14.8                       3.3   11.5      3.4
  SINCE DEC 1     14.8                       4.5   10.3      3.4
  SINCE JUL 1     14.8                       4.5   10.3      3.7
  SNOW DEPTH       0

DEGREE DAYS
 HEATING
  YESTERDAY        2                        28    -26       32
  MONTH TO DATE  944                       910     34      932
  SINCE DEC 1   1385                      1729   -344     1648
  SINCE JUL 1   1923                      2492   -569     2545

 COOLING
  YESTERDAY        0                         0      0        0
  MONTH TO DATE    0                         0      0        0
  SINCE DEC 1      2                         1      1        0
  SINCE JAN 1      0                         0      0        0
..................................................................


WIND (MPH)
  HIGHEST WIND SPEED    30   HIGHEST WIND DIRECTION    SW (210)
  HIGHEST GUST SPEED    41   HIGHEST GUST DIRECTION    SW (220)
  AVERAGE WIND SPEED    15.2


SKY COVER
  POSSIBLE SUNSHINE  MM
  AVERAGE SKY COVER 0.6


WEATHER CONDITIONS
 THE FOLLOWING WEATHER WAS RECORDED YESTERDAY.
  LIGHT RAIN


RELATIVE HUMIDITY (PERCENT)
 HIGHEST    77           500 AM
 LOWEST     47           200 PM
 AVERAGE    62

..........................................................


THE BOWLING GREEN KY CLIMATE NORMALS FOR TODAY
                         NORMAL    RECORD    YEAR
 MAXIMUM TEMPERATURE (F)   47        74      1911
 MINIMUM TEMPERATURE (F)   27        -9      1951


SUNRISE AND SUNSET
FEBRUARY  1 2016......SUNRISE   649 AM CST   SUNSET   510 PM CST
FEBRUARY  2 2016......SUNRISE   648 AM CST   SUNSET   511 PM CST


-  INDICATES NEGATIVE NUMBERS.
R  INDICATES RECORD WAS SET OR TIED.
MM INDICATES DATA IS MISSING.
T  INDICATES TRACE AMOUNT.




$$
