000
CDUS43 KLMK 110630
CLIBWG


CLIMATE REPORT
NATIONAL WEATHER SERVICE LOUISVILLE KY
228 AM EDT WED OCT 11 2017


...................................

...THE BOWLING GREEN KY CLIMATE SUMMARY FOR OCTOBER 10 2017...

CLIMATE NORMAL PERIOD 1981 TO 2010
CLIMATE RECORD PERIOD 1870 TO 2017


WEATHER ITEM   OBSERVED TIME   RECORD YEAR NORMAL DEPARTURE LAST
                VALUE   (LST)  VALUE       VALUE  FROM      YEAR
                                                  NORMAL
..................................................................
TEMPERATURE (F)
 YESTERDAY
  MAXIMUM         81    949 AM  91    1928  73      8       77
  MINIMUM         70    233 AM  28    1915  48     22       45
  AVERAGE         76                        61     15       61

PRECIPITATION (IN)
  YESTERDAY        0.23          3.45 1914   0.11   0.12     0.00
  MONTH TO DATE    1.12                      1.11   0.01      T
  SINCE SEP 1      7.59                      5.04   2.55     1.57
  SINCE JAN 1     44.67                     38.60   6.07    39.49

SNOWFALL (IN)
  YESTERDAY        0.0           0.0    MM   0.0    0.0      0.0
  MONTH TO DATE    0.0                       0.0    0.0      0.0
  SINCE SEP 1      0.0                       0.0    0.0      0.0
  SINCE JUL 1      0.0                       0.0    0.0      0.0
  SNOW DEPTH       0

DEGREE DAYS
 HEATING
  YESTERDAY        0                         6     -6        4
  MONTH TO DATE    0                        48    -48       13
  SINCE SEP 1     19                        83    -64       32
  SINCE JUL 1     19                        84    -65       32

 COOLING
  YESTERDAY       11                         1     10        0
  MONTH TO DATE   55                        19     36       33
  SINCE SEP 1    225                       205     20      338
  SINCE JAN 1   1577                      1474    103     1897
..................................................................


WIND (MPH)
  HIGHEST WIND SPEED    14   HIGHEST WIND DIRECTION     S (160)
  HIGHEST GUST SPEED    17   HIGHEST GUST DIRECTION    SE (140)
  AVERAGE WIND SPEED     5.5


SKY COVER
  POSSIBLE SUNSHINE  MM
  AVERAGE SKY COVER 0.9


WEATHER CONDITIONS
 THE FOLLOWING WEATHER WAS RECORDED YESTERDAY.
  RAIN
  LIGHT RAIN
  FOG


RELATIVE HUMIDITY (PERCENT)
 HIGHEST   100           600 PM
 LOWEST     79          1000 AM
 AVERAGE    90

..........................................................


THE BOWLING GREEN KY CLIMATE NORMALS FOR TODAY
                         NORMAL    RECORD    YEAR
 MAXIMUM TEMPERATURE (F)   73        90      1963
 MINIMUM TEMPERATURE (F)   48        28      1906


SUNRISE AND SUNSET
OCTOBER 11 2017.......SUNRISE   650 AM CDT   SUNSET   614 PM CDT
OCTOBER 12 2017.......SUNRISE   651 AM CDT   SUNSET   613 PM CDT


-  INDICATES NEGATIVE NUMBERS.
R  INDICATES RECORD WAS SET OR TIED.
MM INDICATES DATA IS MISSING.
T  INDICATES TRACE AMOUNT.




$$

SCHOETTMER
