000
CDUS43 KLMK 090628
CLIBWG


CLIMATE REPORT
NATIONAL WEATHER SERVICE LOUISVILLE KY
227 AM EDT WED AUG 9 2017


...................................

...THE BOWLING GREEN KY CLIMATE SUMMARY FOR AUGUST 8 2017...

CLIMATE NORMAL PERIOD 1981 TO 2010
CLIMATE RECORD PERIOD 1870 TO 2017


WEATHER ITEM   OBSERVED TIME   RECORD YEAR NORMAL DEPARTURE LAST
                VALUE   (LST)  VALUE       VALUE  FROM      YEAR
                                                  NORMAL
..................................................................
TEMPERATURE (F)
 YESTERDAY
  MAXIMUM         84    351 PM 109    1930  90     -6       89
  MINIMUM         66   1159 PM  52    1989  67     -1       68
  AVERAGE         75                        78     -3       79

PRECIPITATION (IN)
  YESTERDAY        0.00          1.70 1942   0.10  -0.10     0.00
  MONTH TO DATE    1.39                      0.78   0.61     1.27
  SINCE JUN 1     12.81                      9.08   3.73    14.86
  SINCE JAN 1     33.11                     31.01   2.10    34.03

SNOWFALL (IN)
  YESTERDAY        0.0           0.0    MM   0.0    0.0      0.0
  MONTH TO DATE    0.0                       0.0    0.0      0.0
  SINCE JUN 1      0.0                       0.0    0.0      0.0
  SINCE JUL 1      0.0                       0.0    0.0      0.0
  SNOW DEPTH       0

DEGREE DAYS
 HEATING
  YESTERDAY        0                         0      0        0
  MONTH TO DATE    0                         0      0        0
  SINCE JUN 1      0                         5     -5        0
  SINCE JUL 1      0                         0      0        0

 COOLING
  YESTERDAY       10                        13     -3       14
  MONTH TO DATE   74                       105    -31      133
  SINCE JUN 1    832                       833     -1     1034
  SINCE JAN 1   1081                       986     95     1200
..................................................................


WIND (MPH)
  HIGHEST WIND SPEED    14   HIGHEST WIND DIRECTION    NE (60)
  HIGHEST GUST SPEED    20   HIGHEST GUST DIRECTION     E (70)
  AVERAGE WIND SPEED     5.5


SKY COVER
  POSSIBLE SUNSHINE  MM
  AVERAGE SKY COVER 0.2


WEATHER CONDITIONS
 THE FOLLOWING WEATHER WAS RECORDED YESTERDAY.
  FOG


RELATIVE HUMIDITY (PERCENT)
 HIGHEST   100          1200 AM
 LOWEST     47           100 PM
 AVERAGE    74

..........................................................


THE BOWLING GREEN KY CLIMATE NORMALS FOR TODAY
                         NORMAL    RECORD    YEAR
 MAXIMUM TEMPERATURE (F)   90       110      1930
 MINIMUM TEMPERATURE (F)   67        52      1989


SUNRISE AND SUNSET
AUGUST  9 2017........SUNRISE   558 AM CDT   SUNSET   744 PM CDT
AUGUST 10 2017........SUNRISE   559 AM CDT   SUNSET   743 PM CDT


-  INDICATES NEGATIVE NUMBERS.
R  INDICATES RECORD WAS SET OR TIED.
MM INDICATES DATA IS MISSING.
T  INDICATES TRACE AMOUNT.




$$
