000
CDUS43 KLMK 052034
CLIBWG


CLIMATE REPORT
NATIONAL WEATHER SERVICE LOUISVILLE KY
434 PM EDT THU OCT 5 2017


...................................

...THE BOWLING GREEN CLIMATE SUMMARY FOR OCTOBER 5 2017...
VALID TODAY AS OF 0400 PM LOCAL TIME.

CLIMATE NORMAL PERIOD 1981 TO 2010
CLIMATE RECORD PERIOD 1870 TO 2017


WEATHER ITEM   OBSERVED TIME   RECORD YEAR NORMAL DEPARTURE LAST
                VALUE   (LST)  VALUE       VALUE  FROM      YEAR
                                                  NORMAL
..................................................................
TEMPERATURE (F)
 TODAY
  MAXIMUM         84    103 PM  93    1951  75      9       85
  MINIMUM         55    442 AM  31    1968  50      5       62
                                      1901
  AVERAGE         70                        62      8       74

PRECIPITATION (IN)
  TODAY            0.00          3.99 1995   0.11  -0.11     0.00
  MONTH TO DATE    0.00                      0.57  -0.57      T
  SINCE SEP 1      6.47                      4.50   1.97     1.57
  SINCE JAN 1     43.55                     38.06   5.49    39.49

SNOWFALL (IN)
  TODAY            0.0           0.0    MM   0.0    0.0      0.0
  MONTH TO DATE    0.0                       0.0    0.0      0.0
  SINCE SEP 1      0.0                       0.0    0.0      0.0
  SINCE JUL 1      0.0                       0.0    0.0      0.0
  SNOW DEPTH       0

DEGREE DAYS
 HEATING
  TODAY            0                         5     -5        0
  MONTH TO DATE    0                        21    -21        0
  SINCE SEP 1     19                        56    -37       19
  SINCE JUL 1     19                        57    -38       19

 COOLING
  TODAY            5                         2      3        9
  MONTH TO DATE   15                        11      4       19
  SINCE SEP 1    185                       197    -12      324
  SINCE JAN 1   1537                      1466     71     1883
..................................................................


WIND (MPH)
  HIGHEST WIND SPEED     9   HIGHEST WIND DIRECTION     W (250)
  HIGHEST GUST SPEED    13   HIGHEST GUST DIRECTION     W (250)
  AVERAGE WIND SPEED     0.5


SKY COVER
  POSSIBLE SUNSHINE  MM
  AVERAGE SKY COVER 0.0


WEATHER CONDITIONS
 THE FOLLOWING WEATHER WAS RECORDED TODAY.
  FOG


RELATIVE HUMIDITY (PERCENT)
 HIGHEST   100           200 AM
 LOWEST     40           200 PM
 AVERAGE    70

..........................................................


THE BOWLING GREEN CLIMATE NORMALS FOR TOMORROW
                         NORMAL    RECORD    YEAR
 MAXIMUM TEMPERATURE (F)   75        93      1941
 MINIMUM TEMPERATURE (F)   49        32      1980
                                             1952


SUNRISE AND SUNSET
OCTOBER  5 2017.......SUNRISE   645 AM CDT   SUNSET   623 PM CDT
OCTOBER  6 2017.......SUNRISE   646 AM CDT   SUNSET   621 PM CDT


-  INDICATES NEGATIVE NUMBERS.
R  INDICATES RECORD WAS SET OR TIED.
MM INDICATES DATA IS MISSING.
T  INDICATES TRACE AMOUNT.




$$
