000
CDUS43 KLMK 142027 RRD
CLIBWG

CLIMATE REPORT
NATIONAL WEATHER SERVICE LOUISVILLE KY
426 PM EDT SUN MAY 14 2017


...................................

...THE BOWLING GREEN CLIMATE SUMMARY FOR MAY 14 2017...
VALID TODAY AS OF 0400 PM LOCAL TIME.

CLIMATE NORMAL PERIOD 1981 TO 2010
CLIMATE RECORD PERIOD 1870 TO 2017


WEATHER ITEM   OBSERVED TIME   RECORD YEAR NORMAL DEPARTURE LAST
                VALUE   (LST)  VALUE       VALUE  FROM      YEAR
                                                  NORMAL
..................................................................
TEMPERATURE (F)
 TODAY
  MAXIMUM         81    200 PM  96    1916  77      4       62
  MINIMUM         52    713 AM  37    1910  54     -2       43
  AVERAGE         67                        66      1       53

PRECIPITATION (IN)
  TODAY            0.00          2.98 1967   0.20  -0.20      T
  MONTH TO DATE    1.75                      2.62  -0.87     2.30
  SINCE MAR 1     10.12                     11.37  -1.25     7.65
  SINCE JAN 1     16.70                     18.94  -2.24    14.23

SNOWFALL (IN)
  TODAY            0.0           0.0    MM   0.0    0.0     MM
  MONTH TO DATE    0.0                       0.0    0.0      0.0
  SINCE MAR 1      T                         1.3   -1.3       T
  SINCE JUL 1      0.7                       9.1   -8.4     24.0
  SNOW DEPTH       0

DEGREE DAYS
 HEATING
  TODAY            0                         3     -3       12
  MONTH TO DATE   56                        49      7       44
  SINCE MAR 1    604                       820   -216      581
  SINCE JUL 1   2985                      4018  -1033     3181

 COOLING
  TODAY            2                         3     -1        0
  MONTH TO DATE   28                        34     -6       48
  SINCE MAR 1    118                        70     48       92
  SINCE JAN 1    122                        70     52       92
..................................................................


WIND (MPH)
  HIGHEST WIND SPEED    12   HIGHEST WIND DIRECTION    SW (210)
  HIGHEST GUST SPEED    23   HIGHEST GUST DIRECTION    SW (230)
  AVERAGE WIND SPEED     1.7


SKY COVER
  POSSIBLE SUNSHINE  MM
  AVERAGE SKY COVER 0.0


WEATHER CONDITIONS
 THE FOLLOWING WEATHER WAS RECORDED TODAY.
  FOG


RELATIVE HUMIDITY (PERCENT)
 HIGHEST   100           200 AM
 LOWEST     39          1200 PM
 AVERAGE    70

..........................................................


THE BOWLING GREEN CLIMATE NORMALS FOR TOMORROW
                         NORMAL    RECORD    YEAR
 MAXIMUM TEMPERATURE (F)   77        92      1962
                                             1900
 MINIMUM TEMPERATURE (F)   55        36      1904


SUNRISE AND SUNSET
MAY 14 2017...........SUNRISE   538 AM CDT   SUNSET   746 PM CDT
MAY 15 2017...........SUNRISE   538 AM CDT   SUNSET   747 PM CDT


-  INDICATES NEGATIVE NUMBERS.
R  INDICATES RECORD WAS SET OR TIED.
MM INDICATES DATA IS MISSING.
T  INDICATES TRACE AMOUNT.




$$
