000
CDUS43 KLMK 152032
CLIBWG


CLIMATE REPORT
NATIONAL WEATHER SERVICE LOUISVILLE KY
432 PM EDT THU SEP 15 2016


...................................

...THE BOWLING GREEN CLIMATE SUMMARY FOR SEPTEMBER 15 2016...
VALID TODAY AS OF 0400 PM LOCAL TIME.

CLIMATE NORMAL PERIOD 1981 TO 2010
CLIMATE RECORD PERIOD 1870 TO 2016


WEATHER ITEM   OBSERVED TIME   RECORD YEAR NORMAL DEPARTURE LAST
                VALUE   (LST)  VALUE       VALUE  FROM      YEAR
                                                  NORMAL
..................................................................
TEMPERATURE (F)
 TODAY
  MAXIMUM         91    200 PM 102    1927  82      9       83
  MINIMUM         68    502 AM  39    1902  58     10       48
  AVERAGE         80                        70     10       66

PRECIPITATION (IN)
  TODAY            0.00          1.33 1981   0.14  -0.14     0.00
  MONTH TO DATE    0.03                      1.98  -1.95     0.71
  SINCE SEP 1      0.03                      1.98  -1.95     0.71
  SINCE JAN 1     37.95                     35.54   2.41    35.75

SNOWFALL (IN)
  TODAY            0.0           0.0    MM   0.0    0.0      0.0
  MONTH TO DATE    0.0                       0.0    0.0      0.0
  SINCE SEP 1      0.0                       0.0    0.0      0.0
  SINCE JUL 1      0.0                       0.0    0.0      0.0
  SNOW DEPTH       0

DEGREE DAYS
 HEATING
  TODAY            0                         1     -1        0
  MONTH TO DATE    0                         2     -2        8
  SINCE SEP 1      0                         2     -2        8
  SINCE JUL 1      0                         3     -3        8

 COOLING
  TODAY           15                         6      9        1
  MONTH TO DATE  183                       123     60      160
  SINCE SEP 1    183                       123     60      160
  SINCE JAN 1   1742                      1392    350     1541
..................................................................


WIND (MPH)
  HIGHEST WIND SPEED    10   HIGHEST WIND DIRECTION     E (70)
  HIGHEST GUST SPEED    16   HIGHEST GUST DIRECTION     E (90)
  AVERAGE WIND SPEED     3.6


SKY COVER
  POSSIBLE SUNSHINE  MM
  AVERAGE SKY COVER  MM


WEATHER CONDITIONS
 THE FOLLOWING WEATHER WAS RECORDED TODAY.
  NO SIGNIFICANT WEATHER WAS OBSERVED.


RELATIVE HUMIDITY (PERCENT)
 HIGHEST     0          1200 AM
 LOWEST      0          1200 AM
 AVERAGE     0

..........................................................


THE BOWLING GREEN CLIMATE NORMALS FOR TOMORROW
                         NORMAL    RECORD    YEAR
 MAXIMUM TEMPERATURE (F)   82       101      1927
 MINIMUM TEMPERATURE (F)   58        38      1916
                                             1904


SUNRISE AND SUNSET
SEPTEMBER 15 2016.....SUNRISE   628 AM CDT   SUNSET   653 PM CDT
SEPTEMBER 16 2016.....SUNRISE   629 AM CDT   SUNSET   651 PM CDT


-  INDICATES NEGATIVE NUMBERS.
R  INDICATES RECORD WAS SET OR TIED.
MM INDICATES DATA IS MISSING.
T  INDICATES TRACE AMOUNT.




$$
