000
CDUS43 KLMK 100632
CLIBWG


CLIMATE REPORT
NATIONAL WEATHER SERVICE LOUISVILLE KY
232 AM EDT SUN SEP 10 2017


...................................

...THE BOWLING GREEN KY CLIMATE SUMMARY FOR SEPTEMBER 9 2017...

CLIMATE NORMAL PERIOD 1981 TO 2010
CLIMATE RECORD PERIOD 1870 TO 2017


WEATHER ITEM   OBSERVED TIME   RECORD YEAR NORMAL DEPARTURE LAST
                VALUE   (LST)  VALUE       VALUE  FROM      YEAR
                                                  NORMAL
..................................................................
TEMPERATURE (F)
 YESTERDAY
  MAXIMUM         80    307 PM 103    1939  85     -5       93
  MINIMUM         52    545 AM  44    1958  61     -9       72
  AVERAGE         66                        73     -7       83

PRECIPITATION (IN)
  YESTERDAY        0.00          1.42 1936   0.14  -0.14     0.00
  MONTH TO DATE    5.18                      1.14   4.04     0.00
  SINCE SEP 1      5.18                      1.14   4.04     0.00
  SINCE JAN 1     42.26                     34.70   7.56    37.92

SNOWFALL (IN)
  YESTERDAY        0.0           0.0    MM   0.0    0.0      0.0
  MONTH TO DATE    0.0                       0.0    0.0      0.0
  SINCE SEP 1      0.0                       0.0    0.0      0.0
  SINCE JUL 1      0.0                       0.0    0.0      0.0
  SNOW DEPTH       0

DEGREE DAYS
 HEATING
  YESTERDAY        0                         0      0        0
  MONTH TO DATE   14                         0     14        0
  SINCE SEP 1     14                         0     14        0
  SINCE JUL 1     14                         1     13        0

 COOLING
  YESTERDAY        1                         8     -7       18
  MONTH TO DATE   18                        82    -64      115
  SINCE SEP 1     18                        82    -64      115
  SINCE JAN 1   1370                      1351     19     1674
..................................................................


WIND (MPH)
  HIGHEST WIND SPEED    16   HIGHEST WIND DIRECTION    NE (50)
  HIGHEST GUST SPEED    20   HIGHEST GUST DIRECTION    NE (60)
  AVERAGE WIND SPEED     6.0


SKY COVER
  POSSIBLE SUNSHINE  MM
  AVERAGE SKY COVER 0.1


WEATHER CONDITIONS
 THE FOLLOWING WEATHER WAS RECORDED YESTERDAY.
  FOG


RELATIVE HUMIDITY (PERCENT)
 HIGHEST   100           200 AM
 LOWEST     45          1200 PM
 AVERAGE    73

..........................................................


THE BOWLING GREEN KY CLIMATE NORMALS FOR TODAY
                         NORMAL    RECORD    YEAR
 MAXIMUM TEMPERATURE (F)   84       100      1919
                                             1912
 MINIMUM TEMPERATURE (F)   60        42      1924


SUNRISE AND SUNSET
SEPTEMBER 10 2017.....SUNRISE   624 AM CDT   SUNSET   700 PM CDT
SEPTEMBER 11 2017.....SUNRISE   625 AM CDT   SUNSET   659 PM CDT


-  INDICATES NEGATIVE NUMBERS.
R  INDICATES RECORD WAS SET OR TIED.
MM INDICATES DATA IS MISSING.
T  INDICATES TRACE AMOUNT.




$$
