000
CDUS43 KLMK 102029
CLIBWG


CLIMATE REPORT
NATIONAL WEATHER SERVICE LOUISVILLE KY
428 PM EDT MON JUL 10 2017


...................................

...THE BOWLING GREEN CLIMATE SUMMARY FOR JULY 10 2017...
VALID TODAY AS OF 0400 PM LOCAL TIME.

CLIMATE NORMAL PERIOD 1981 TO 2010
CLIMATE RECORD PERIOD 1870 TO 2017


WEATHER ITEM   OBSERVED TIME   RECORD YEAR NORMAL DEPARTURE LAST
                VALUE   (LST)  VALUE       VALUE  FROM      YEAR
                                                  NORMAL
..................................................................
TEMPERATURE (F)
 TODAY
  MAXIMUM         91    209 PM 106    1936  89      2       88
  MINIMUM         69    411 AM  52    1963  68      1       69
  AVERAGE         80                        79      1       79

PRECIPITATION (IN)
  TODAY            0.00          1.74 1967   0.14  -0.14     0.00
  MONTH TO DATE    3.05                      1.44   1.61     5.44
  SINCE JUN 1     10.98                      5.64   5.34     7.91
  SINCE JAN 1     31.28                     27.57   3.71    27.08

SNOWFALL (IN)
  TODAY            0.0           0.0    MM   0.0    0.0      0.0
  MONTH TO DATE    0.0                       0.0    0.0      0.0
  SINCE JUN 1      0.0                       0.0    0.0      0.0
  SINCE JUL 1      0.0                       0.0    0.0      0.0
  SNOW DEPTH       0

DEGREE DAYS
 HEATING
  TODAY            0                         0      0        0
  MONTH TO DATE    0                         0      0        0
  SINCE JUN 1      0                         5     -5        0
  SINCE JUL 1      0                         0      0        0

 COOLING
  TODAY           15                        14      1       14
  MONTH TO DATE  133                       135     -2      149
  SINCE JUN 1    418                       440    -22      542
  SINCE JAN 1    667                       593     74      708
..................................................................


WIND (MPH)
  HIGHEST WIND SPEED    16   HIGHEST WIND DIRECTION     S (200)
  HIGHEST GUST SPEED    22   HIGHEST GUST DIRECTION    SW (240)
  AVERAGE WIND SPEED     6.2


SKY COVER
  POSSIBLE SUNSHINE  MM
  AVERAGE SKY COVER 0.0


WEATHER CONDITIONS
 THE FOLLOWING WEATHER WAS RECORDED TODAY.
  NO SIGNIFICANT WEATHER WAS OBSERVED.


RELATIVE HUMIDITY (PERCENT)
 HIGHEST    90           300 AM
 LOWEST     50          1200 PM
 AVERAGE    70

..........................................................


THE BOWLING GREEN CLIMATE NORMALS FOR TOMORROW
                         NORMAL    RECORD    YEAR
 MAXIMUM TEMPERATURE (F)   89       108      1901
 MINIMUM TEMPERATURE (F)   68        49      1963


SUNRISE AND SUNSET
JULY 10 2017..........SUNRISE   535 AM CDT   SUNSET   807 PM CDT
JULY 11 2017..........SUNRISE   536 AM CDT   SUNSET   807 PM CDT


-  INDICATES NEGATIVE NUMBERS.
R  INDICATES RECORD WAS SET OR TIED.
MM INDICATES DATA IS MISSING.
T  INDICATES TRACE AMOUNT.




$$
