000
CDUS43 KLMK 022129
CLIBWG


CLIMATE REPORT
NATIONAL WEATHER SERVICE LOUISVILLE KY
429 PM EST SAT DEC 2 2017


...................................

...THE BOWLING GREEN CLIMATE SUMMARY FOR DECEMBER 2 2017...
VALID TODAY AS OF 0400 PM LOCAL TIME.

CLIMATE NORMAL PERIOD 1981 TO 2010
CLIMATE RECORD PERIOD 1870 TO 2017


WEATHER ITEM   OBSERVED TIME   RECORD YEAR NORMAL DEPARTURE LAST
                VALUE   (LST)  VALUE       VALUE  FROM      YEAR
                                                  NORMAL
..................................................................
TEMPERATURE (F)
 TODAY
  MAXIMUM         63    223 PM  76    1982  52     11       54
  MINIMUM         37   1200 AM  10    1877  32      5       27
  AVERAGE         50                        42      8       41

PRECIPITATION (IN)
  TODAY            0.00          2.77 1991   0.16  -0.16     0.00
  MONTH TO DATE    0.00                      0.32  -0.32     0.00
  SINCE DEC 1      0.00                      0.32  -0.32     0.00
  SINCE JAN 1     48.98                     45.41   3.57    41.96

SNOWFALL (IN)
  TODAY            0.0           0.4  1937   0.0    0.0      0.0
  MONTH TO DATE    0.0                       0.0    0.0      0.0
  SINCE DEC 1      0.0                       0.0    0.0      0.0
  SINCE JUL 1      T                         T      0.0      0.0
  SNOW DEPTH       0

DEGREE DAYS
 HEATING
  TODAY           15                        23     -8       24
  MONTH TO DATE   37                        45     -8       47
  SINCE DEC 1     37                        45     -8       47
  SINCE JUL 1    738                       808    -70      533

 COOLING
  TODAY            0                         0      0        0
  MONTH TO DATE    0                         0      0        0
  SINCE DEC 1      0                         0      0        0
  SINCE JAN 1   1600                      1491    109     1979
..................................................................


WIND (MPH)
  HIGHEST WIND SPEED     7   HIGHEST WIND DIRECTION     S (190)
  HIGHEST GUST SPEED    12   HIGHEST GUST DIRECTION    SW (210)
  AVERAGE WIND SPEED     1.7


SKY COVER
  POSSIBLE SUNSHINE  MM
  AVERAGE SKY COVER 0.1


WEATHER CONDITIONS
 THE FOLLOWING WEATHER WAS RECORDED TODAY.
  NO SIGNIFICANT WEATHER WAS OBSERVED.


RELATIVE HUMIDITY (PERCENT)
 HIGHEST    85          1200 AM
 LOWEST     34           200 PM
 AVERAGE    60

..........................................................


THE BOWLING GREEN CLIMATE NORMALS FOR TOMORROW
                         NORMAL    RECORD    YEAR
 MAXIMUM TEMPERATURE (F)   52        78      1982
 MINIMUM TEMPERATURE (F)   32        -1      1929


SUNRISE AND SUNSET
DECEMBER  2 2017......SUNRISE   641 AM CST   SUNSET   429 PM CST
DECEMBER  3 2017......SUNRISE   642 AM CST   SUNSET   429 PM CST


-  INDICATES NEGATIVE NUMBERS.
R  INDICATES RECORD WAS SET OR TIED.
MM INDICATES DATA IS MISSING.
T  INDICATES TRACE AMOUNT.




$$
