000
CDUS43 KLMK 132038
CLIBWG


CLIMATE REPORT
NATIONAL WEATHER SERVICE LOUISVILLE KY
437 PM EDT MON OCT 13 2014


...................................

...THE BOWLING GREEN CLIMATE SUMMARY FOR OCTOBER 13 2014...
VALID TODAY AS OF 0400 PM LOCAL TIME.

CLIMATE NORMAL PERIOD 1981 TO 2010
CLIMATE RECORD PERIOD 1870 TO 2014


WEATHER ITEM   OBSERVED TIME   RECORD YEAR NORMAL DEPARTURE LAST
                VALUE   (LST)  VALUE       VALUE  FROM      YEAR
                                                  NORMAL
..................................................................
TEMPERATURE (F)
 TODAY
  MAXIMUM         79    130 PM  92    1928  72      7       79
  MINIMUM         67    719 AM  26    1909  47     20       56
  AVERAGE         73                        60     13       68

PRECIPITATION (IN)
  TODAY            0.03          1.00 1959   0.11  -0.08      T
  MONTH TO DATE    2.17                      1.42   0.75     2.07
  SINCE SEP 1      2.54                      5.35  -2.81     7.16
  SINCE JAN 1     38.70                     38.91  -0.21    49.86

SNOWFALL (IN)
  TODAY            0.0           0.0    MM   0.0    0.0      0.0
  MONTH TO DATE    0.0                       0.0    0.0      0.0
  SINCE SEP 1      0.0                       0.0    0.0      0.0
  SINCE JUL 1      0.0                       0.0    0.0      0.0
  SNOW DEPTH       0

DEGREE DAYS
 HEATING
  TODAY            0                         6     -6        0
  MONTH TO DATE   37                        66    -29       24
  SINCE SEP 1     61                       101    -40       36
  SINCE JUL 1     61                       102    -41       36

 COOLING
  TODAY            8                         1      7        3
  MONTH TO DATE   29                        22      7       43
  SINCE SEP 1    208                       208      0      235
  SINCE JAN 1   1485                      1477      8     1495
..................................................................


WIND (MPH)
  HIGHEST WIND SPEED    26   HIGHEST WIND DIRECTION     S (160)
  HIGHEST GUST SPEED    33   HIGHEST GUST DIRECTION     S (160)
  AVERAGE WIND SPEED    12.7


SKY COVER
  POSSIBLE SUNSHINE   0 PERCENT
  AVERAGE SKY COVER 0.0


WEATHER CONDITIONS
 THE FOLLOWING WEATHER WAS RECORDED TODAY.
  LIGHT RAIN


RELATIVE HUMIDITY (PERCENT)
 HIGHEST     0          1200 AM
 LOWEST      0          1200 AM
 AVERAGE     0

..........................................................


THE BOWLING GREEN CLIMATE NORMALS FOR TOMORROW
                         NORMAL    RECORD    YEAR
 MAXIMUM TEMPERATURE (F)   72        94      1928
 MINIMUM TEMPERATURE (F)   47        29      1987


SUNRISE AND SUNSET
OCTOBER 13 2014.......SUNRISE   652 AM CDT   SUNSET   612 PM CDT
OCTOBER 14 2014.......SUNRISE   652 AM CDT   SUNSET   610 PM CDT


-  INDICATES NEGATIVE NUMBERS.
R  INDICATES RECORD WAS SET OR TIED.
MM INDICATES DATA IS MISSING.
T  INDICATES TRACE AMOUNT.




$$
