000
CDUS43 KLMK 150626
CLIBWG


CLIMATE REPORT
NATIONAL WEATHER SERVICE LOUISVILLE KY
226 AM EDT THU SEP 15 2016


...................................

...THE BOWLING GREEN KY CLIMATE SUMMARY FOR SEPTEMBER 14 2016...

CLIMATE NORMAL PERIOD 1981 TO 2010
CLIMATE RECORD PERIOD 1870 TO 2016


WEATHER ITEM   OBSERVED TIME   RECORD YEAR NORMAL DEPARTURE LAST
                VALUE   (LST)  VALUE       VALUE  FROM      YEAR
                                                  NORMAL
..................................................................
TEMPERATURE (F)
 YESTERDAY
  MAXIMUM         91    253 PM 103    1939  83      8       78
  MINIMUM         68    345 AM  35    1902  59      9       46
  AVERAGE         80                        71      9       62

PRECIPITATION (IN)
  YESTERDAY        0.00          1.61 1901   0.13  -0.13     0.00
  MONTH TO DATE    0.03                      1.84  -1.81     0.71
  SINCE SEP 1      0.03                      1.84  -1.81     0.71
  SINCE JAN 1     37.95                     35.40   2.55    35.75

SNOWFALL (IN)
  YESTERDAY        0.0           0.0    MM   0.0    0.0      0.0
  MONTH TO DATE    0.0                       0.0    0.0      0.0
  SINCE SEP 1      0.0                       0.0    0.0      0.0
  SINCE JUL 1      0.0                       0.0    0.0      0.0
  SNOW DEPTH       0

DEGREE DAYS
 HEATING
  YESTERDAY        0                         1     -1        3
  MONTH TO DATE    0                         1     -1        8
  SINCE SEP 1      0                         1     -1        8
  SINCE JUL 1      0                         2     -2        8

 COOLING
  YESTERDAY       15                         6      9        0
  MONTH TO DATE  168                       117     51      159
  SINCE SEP 1    168                       117     51      159
  SINCE JAN 1   1727                      1386    341     1540
..................................................................


WIND (MPH)
  HIGHEST WIND SPEED    10   HIGHEST WIND DIRECTION    NE (40)
  HIGHEST GUST SPEED    14   HIGHEST GUST DIRECTION    NE (40)
  AVERAGE WIND SPEED     2.3


SKY COVER
  POSSIBLE SUNSHINE  MM
  AVERAGE SKY COVER 0.2


WEATHER CONDITIONS
 THE FOLLOWING WEATHER WAS RECORDED YESTERDAY.
  FOG


RELATIVE HUMIDITY (PERCENT)
 HIGHEST    97           100 AM
 LOWEST     44           300 PM
 AVERAGE    71

..........................................................


THE BOWLING GREEN KY CLIMATE NORMALS FOR TODAY
                         NORMAL    RECORD    YEAR
 MAXIMUM TEMPERATURE (F)   82       102      1927
 MINIMUM TEMPERATURE (F)   58        39      1902


SUNRISE AND SUNSET
SEPTEMBER 15 2016.....SUNRISE   628 AM CDT   SUNSET   653 PM CDT
SEPTEMBER 16 2016.....SUNRISE   629 AM CDT   SUNSET   651 PM CDT


-  INDICATES NEGATIVE NUMBERS.
R  INDICATES RECORD WAS SET OR TIED.
MM INDICATES DATA IS MISSING.
T  INDICATES TRACE AMOUNT.




$$
