000
CDUS43 KLMK 030631
CLIBWG


CLIMATE REPORT
NATIONAL WEATHER SERVICE LOUISVILLE KY
231 AM EDT THU APR 3 2014


...................................

...THE BOWLING GREEN KY CLIMATE SUMMARY FOR APRIL 2 2014...

CLIMATE NORMAL PERIOD 1981 TO 2010
CLIMATE RECORD PERIOD 1870 TO 2014


WEATHER ITEM   OBSERVED TIME   RECORD YEAR NORMAL DEPARTURE LAST
                VALUE   (LST)  VALUE       VALUE  FROM      YEAR
                                                  NORMAL
..................................................................
TEMPERATURE (F)
 YESTERDAY
  MAXIMUM         80    248 PM  88    1946  66     14       52
  MINIMUM         49    323 AM  23    1924  42      7       31
  AVERAGE         65                        54     11       42

PRECIPITATION (IN)
  YESTERDAY        0.68          4.54 1912   0.14   0.54     0.00
  MONTH TO DATE    0.68                      0.27   0.41     0.00
  SINCE MAR 1      4.41                      4.68  -0.27     5.21
  SINCE JAN 1     11.58                     12.25  -0.67    12.90

SNOWFALL (IN)
  YESTERDAY        0.0           1.2  1951   0.0    0.0      0.0
  MONTH TO DATE    0.0                       0.0    0.0      0.0
  SINCE MAR 1      5.1                       1.1    4.0      2.5
  SINCE JUL 1     10.4                       8.9    1.5      3.8
  SNOW DEPTH       0

DEGREE DAYS
 HEATING
  YESTERDAY        0                        12    -12       23
  MONTH TO DATE    0                        24    -24       39
  SINCE MAR 1    653                       544    109      716
  SINCE JUL 1   4262                      3742    520     3611

 COOLING
  YESTERDAY        0                         1     -1        0
  MONTH TO DATE    0                         1     -1        0
  SINCE MAR 1      0                         6     -6        0
  SINCE JAN 1      0                         6     -6        0
..................................................................


WIND (MPH)
  HIGHEST WIND SPEED    22   HIGHEST WIND DIRECTION     S (180)
  HIGHEST GUST SPEED    27   HIGHEST GUST DIRECTION     S (180)
  AVERAGE WIND SPEED     7.9


SKY COVER
  POSSIBLE SUNSHINE  MM
  AVERAGE SKY COVER 0.6


WEATHER CONDITIONS
 THE FOLLOWING WEATHER WAS RECORDED YESTERDAY.
  THUNDERSTORM
  HEAVY RAIN
  RAIN
  LIGHT RAIN
  FOG
  HAZE


RELATIVE HUMIDITY (PERCENT)
 HIGHEST    93          1100 PM
 LOWEST     42           300 PM
 AVERAGE    68

..........................................................


THE BOWLING GREEN KY CLIMATE NORMALS FOR TODAY
                         NORMAL    RECORD    YEAR
 MAXIMUM TEMPERATURE (F)   66        85      1934
                                             1940
 MINIMUM TEMPERATURE (F)   42        25      1992


SUNRISE AND SUNSET
APRIL  3 2014.........SUNRISE   629 AM CDT   SUNSET   710 PM CDT
APRIL  4 2014.........SUNRISE   627 AM CDT   SUNSET   711 PM CDT


-  INDICATES NEGATIVE NUMBERS.
R  INDICATES RECORD WAS SET OR TIED.
MM INDICATES DATA IS MISSING.
T  INDICATES TRACE AMOUNT.




$$
