000
CDUS43 KLMK 090627
CLIBWG


CLIMATE REPORT
NATIONAL WEATHER SERVICE LOUISVILLE KY
226 AM EDT SAT SEP 9 2017


...................................

...THE BOWLING GREEN KY CLIMATE SUMMARY FOR SEPTEMBER 8 2017...

CLIMATE NORMAL PERIOD 1981 TO 2010
CLIMATE RECORD PERIOD 1870 TO 2017


WEATHER ITEM   OBSERVED TIME   RECORD YEAR NORMAL DEPARTURE LAST
                VALUE   (LST)  VALUE       VALUE  FROM      YEAR
                                                  NORMAL
..................................................................
TEMPERATURE (F)
 YESTERDAY
  MAXIMUM         78    254 PM 103    1939  85     -7       93
  MINIMUM         48    530 AM  47    1956  61    -13       68
                                      1898
  AVERAGE         63                        73    -10       81

PRECIPITATION (IN)
  YESTERDAY        0.00          1.32 1914   0.13  -0.13     0.00
  MONTH TO DATE    5.18                      1.00   4.18     0.00
  SINCE SEP 1      5.18                      1.00   4.18     0.00
  SINCE JAN 1     42.26                     34.56   7.70    37.92

SNOWFALL (IN)
  YESTERDAY        0.0           0.0    MM   0.0    0.0      0.0
  MONTH TO DATE    0.0                       0.0    0.0      0.0
  SINCE SEP 1      0.0                       0.0    0.0      0.0
  SINCE JUL 1      0.0                       0.0    0.0      0.0
  SNOW DEPTH      MM

DEGREE DAYS
 HEATING
  YESTERDAY        2                         0      2        0
  MONTH TO DATE   14                         0     14        0
  SINCE SEP 1     14                         0     14        0
  SINCE JUL 1     14                         1     13        0

 COOLING
  YESTERDAY        0                         8     -8       16
  MONTH TO DATE   17                        74    -57       97
  SINCE SEP 1     17                        74    -57       97
  SINCE JAN 1   1369                      1343     26     1656
..................................................................


WIND (MPH)
  HIGHEST WIND SPEED    12   HIGHEST WIND DIRECTION     E (110)
  HIGHEST GUST SPEED    14   HIGHEST GUST DIRECTION    NE (40)
  AVERAGE WIND SPEED     2.0


SKY COVER
  POSSIBLE SUNSHINE  MM
  AVERAGE SKY COVER 0.0


WEATHER CONDITIONS
 THE FOLLOWING WEATHER WAS RECORDED YESTERDAY.
  FOG


RELATIVE HUMIDITY (PERCENT)
 HIGHEST    93          1000 PM
 LOWEST     38          1200 PM
 AVERAGE    66

..........................................................


THE BOWLING GREEN KY CLIMATE NORMALS FOR TODAY
                         NORMAL    RECORD    YEAR
 MAXIMUM TEMPERATURE (F)   85       103      1939
 MINIMUM TEMPERATURE (F)   61        44      1958


SUNRISE AND SUNSET
SEPTEMBER  9 2017.....SUNRISE   623 AM CDT   SUNSET   702 PM CDT
SEPTEMBER 10 2017.....SUNRISE   624 AM CDT   SUNSET   700 PM CDT


-  INDICATES NEGATIVE NUMBERS.
R  INDICATES RECORD WAS SET OR TIED.
MM INDICATES DATA IS MISSING.
T  INDICATES TRACE AMOUNT.




$$
