000
CDUS43 KLMK 282035
CLIBWG

CLIMATE REPORT
NATIONAL WEATHER SERVICE LOUISVILLE KY
427 PM EDT SUN JUN 28 2015


...................................

...THE BOWLING GREEN CLIMATE SUMMARY FOR JUNE 28 2015...
VALID TODAY AS OF 0400 PM LOCAL TIME.

CLIMATE NORMAL PERIOD 1981 TO 2010
CLIMATE RECORD PERIOD 1870 TO 2015


WEATHER ITEM   OBSERVED TIME   RECORD YEAR NORMAL DEPARTURE LAST
                VALUE   (LST)  VALUE       VALUE  FROM      YEAR
                                                  NORMAL
..................................................................
TEMPERATURE (F)
 TODAY
  MAXIMUM         81    100 PM 106    2012  89     -8       87
                                      1936
  MINIMUM         57    710 AM  50    1926  67    -10       72
  AVERAGE         69                        78     -9       80

PRECIPITATION (IN)
  TODAY            0.00          3.47 1960   0.13  -0.13      T
  MONTH TO DATE    2.81                      3.94  -1.13     1.58
  SINCE JUN 1      2.81                      3.94  -1.13     1.58
  SINCE JAN 1     27.00                     25.87   1.13    22.16

SNOWFALL (IN)
  TODAY            0.0           0.0    MM   0.0    0.0      0.0
  MONTH TO DATE    0.0                       0.0    0.0      0.0
  SINCE JUN 1      0.0                       0.0    0.0      0.0
  SINCE JUL 1     23.5                       9.1   14.4     10.4
  SNOW DEPTH       0

DEGREE DAYS
 HEATING
  TODAY            0                         0      0        0
  MONTH TO DATE    3                         3      0        0
  SINCE JUN 1      3                         3      0        0
  SINCE JUL 1   4288                      4046    242     4533

 COOLING
  TODAY            4                        13     -9       15
  MONTH TO DATE  352                       279     73      318
  SINCE JUN 1    352                       279     73      318
  SINCE JAN 1    555                       432    123      515
..................................................................


WIND (MPH)
  HIGHEST WIND SPEED     8   HIGHEST WIND DIRECTION     W (290)
  HIGHEST GUST SPEED    12   HIGHEST GUST DIRECTION     W (270)
  AVERAGE WIND SPEED     2.1


SKY COVER
  POSSIBLE SUNSHINE   0 PERCENT
  AVERAGE SKY COVER 0.0


WEATHER CONDITIONS
 THE FOLLOWING WEATHER WAS RECORDED TODAY.
  NO SIGNIFICANT WEATHER WAS OBSERVED.


RELATIVE HUMIDITY (PERCENT)
 HIGHEST     0          1200 AM
 LOWEST      0          1200 AM
 AVERAGE     0

..........................................................


THE BOWLING GREEN CLIMATE NORMALS FOR TOMORROW
                         NORMAL    RECORD    YEAR
 MAXIMUM TEMPERATURE (F)   89       110      2012
 MINIMUM TEMPERATURE (F)   67        53      1926


SUNRISE AND SUNSET
JUNE 28 2015..........SUNRISE   529 AM CDT   SUNSET   809 PM CDT
JUNE 29 2015..........SUNRISE   529 AM CDT   SUNSET   809 PM CDT


-  INDICATES NEGATIVE NUMBERS.
R  INDICATES RECORD WAS SET OR TIED.
MM INDICATES DATA IS MISSING.
T  INDICATES TRACE AMOUNT.




$$
