000
CDUS43 KLMK 202035
CLIBWG


CLIMATE REPORT
NATIONAL WEATHER SERVICE LOUISVILLE KY
435 PM EDT SAT SEP 20 2014


...................................

...THE BOWLING GREEN CLIMATE SUMMARY FOR SEPTEMBER 20 2014...
VALID TODAY AS OF 0400 PM LOCAL TIME.

CLIMATE NORMAL PERIOD 1981 TO 2010
CLIMATE RECORD PERIOD 1870 TO 2014


WEATHER ITEM   OBSERVED TIME   RECORD YEAR NORMAL DEPARTURE LAST
                VALUE   (LST)  VALUE       VALUE  FROM      YEAR
                                                  NORMAL
..................................................................
TEMPERATURE (F)
 TODAY
  MAXIMUM         86    104 PM  98    1931  81      5       85
                                      1925
  MINIMUM         63    142 AM  40    1916  56      7       67
                                      1903
  AVERAGE         75                        68      7       76

PRECIPITATION (IN)
  TODAY            T             3.91 1954   0.13  -0.13     0.86
  MONTH TO DATE    0.14                      2.61  -2.47     4.36
  SINCE SEP 1      0.14                      2.61  -2.47     4.36
  SINCE JAN 1     36.30                     36.17   0.13    47.06

SNOWFALL (IN)
  TODAY            0.0           0.0    MM   0.0    0.0      0.0
  MONTH TO DATE    0.0                       0.0    0.0      0.0
  SINCE SEP 1      0.0                       0.0    0.0      0.0
  SINCE JUL 1      0.0                       0.0    0.0      0.0
  SNOW DEPTH       0

DEGREE DAYS
 HEATING
  TODAY            0                         1     -1        0
  MONTH TO DATE   15                         7      8        6
  SINCE SEP 1     15                         7      8        6
  SINCE JUL 1     15                         8      7        6

 COOLING
  TODAY           10                         5      5       11
  MONTH TO DATE  140                       150    -10      173
  SINCE SEP 1    140                       150    -10      173
  SINCE JAN 1   1417                      1419     -2     1433
..................................................................


WIND (MPH)
  HIGHEST WIND SPEED    17   HIGHEST WIND DIRECTION     S (200)
  HIGHEST GUST SPEED    22   HIGHEST GUST DIRECTION     S (180)
  AVERAGE WIND SPEED     7.7


SKY COVER
  POSSIBLE SUNSHINE  MM
  AVERAGE SKY COVER 0.4


WEATHER CONDITIONS
 THE FOLLOWING WEATHER WAS RECORDED TODAY.
  LIGHT RAIN


RELATIVE HUMIDITY (PERCENT)
 HIGHEST    93          1200 AM
 LOWEST     48           200 PM
 AVERAGE    71

..........................................................


THE BOWLING GREEN CLIMATE NORMALS FOR TOMORROW
                         NORMAL    RECORD    YEAR
 MAXIMUM TEMPERATURE (F)   80       100      1931
 MINIMUM TEMPERATURE (F)   56        37      1927


SUNRISE AND SUNSET
SEPTEMBER 20 2014.....SUNRISE   632 AM CDT   SUNSET   646 PM CDT
SEPTEMBER 21 2014.....SUNRISE   633 AM CDT   SUNSET   644 PM CDT


-  INDICATES NEGATIVE NUMBERS.
R  INDICATES RECORD WAS SET OR TIED.
MM INDICATES DATA IS MISSING.
T  INDICATES TRACE AMOUNT.




$$
