392
CDUS43 KLMK 172138
CLIBWG


CLIMATE REPORT
NATIONAL WEATHER SERVICE LOUISVILLE KY
437 PM EST FRI FEB 17 2017


...................................

...THE BOWLING GREEN CLIMATE SUMMARY FOR FEBRUARY 17 2017...
VALID TODAY AS OF 0400 PM LOCAL TIME.

CLIMATE NORMAL PERIOD 1981 TO 2010
CLIMATE RECORD PERIOD 1870 TO 2017


WEATHER ITEM   OBSERVED TIME   RECORD YEAR NORMAL DEPARTURE LAST
                VALUE   (LST)  VALUE       VALUE  FROM      YEAR
                                                  NORMAL
..................................................................
TEMPERATURE (F)
 TODAY
  MAXIMUM         69    218 PM  79    1927  51     18       41
  MINIMUM         33   1240 AM  -9    1958  30      3       28
  AVERAGE         51                        40     11       35

PRECIPITATION (IN)
  TODAY            0.00          3.01 1956   0.13  -0.13     0.00
  MONTH TO DATE    2.04                      2.43  -0.39     3.32
  SINCE DEC 1     11.84                     10.84   1.00    10.36
  SINCE JAN 1      6.20                      6.04   0.16     5.13

SNOWFALL (IN)
  TODAY            0.0           2.0  1967   0.1   -0.1      0.0
  MONTH TO DATE    0.0                       2.4   -2.4      9.2
  SINCE DEC 1      0.7                       6.9   -6.2     24.0
  SINCE JUL 1      0.7                       6.9   -6.2     24.0
  SNOW DEPTH       0

DEGREE DAYS
 HEATING
  TODAY           14                        25    -11       30
  MONTH TO DATE  353                       452    -99      495
  SINCE DEC 1   1788                      2181   -393     1880
  SINCE JUL 1   2274                      2944   -670     2418

 COOLING
  TODAY            0                         0      0        0
  MONTH TO DATE    0                         0      0        0
  SINCE DEC 1      0                         1     -1        2
  SINCE JAN 1      0                         0      0        0
..................................................................


WIND (MPH)
  HIGHEST WIND SPEED    18   HIGHEST WIND DIRECTION    SW (210)
  HIGHEST GUST SPEED    31   HIGHEST GUST DIRECTION     E (100)
  AVERAGE WIND SPEED     8.5


SKY COVER
  POSSIBLE SUNSHINE  MM
  AVERAGE SKY COVER 0.0


WEATHER CONDITIONS
 THE FOLLOWING WEATHER WAS RECORDED TODAY.
  NO SIGNIFICANT WEATHER WAS OBSERVED.


RELATIVE HUMIDITY (PERCENT)
 HIGHEST    75           100 AM
 LOWEST     22           300 PM
 AVERAGE    49

..........................................................


THE BOWLING GREEN CLIMATE NORMALS FOR TOMORROW
                         NORMAL    RECORD    YEAR
 MAXIMUM TEMPERATURE (F)   51        72      1913
 MINIMUM TEMPERATURE (F)   30        -7      1958


SUNRISE AND SUNSET
FEBRUARY 17 2017......SUNRISE   632 AM CST   SUNSET   528 PM CST
FEBRUARY 18 2017......SUNRISE   630 AM CST   SUNSET   529 PM CST


-  INDICATES NEGATIVE NUMBERS.
R  INDICATES RECORD WAS SET OR TIED.
MM INDICATES DATA IS MISSING.
T  INDICATES TRACE AMOUNT.




$$
