000
CDUS43 KLMK 172029
CLIBWG


CLIMATE REPORT
NATIONAL WEATHER SERVICE LOUISVILLE KY
429 PM EDT SUN APR 17 2016


...................................

...THE BOWLING GREEN CLIMATE SUMMARY FOR APRIL 17 2016...
VALID TODAY AS OF 0400 PM LOCAL TIME.

CLIMATE NORMAL PERIOD 1981 TO 2010
CLIMATE RECORD PERIOD 1870 TO 2016


WEATHER ITEM   OBSERVED TIME   RECORD YEAR NORMAL DEPARTURE LAST
                VALUE   (LST)  VALUE       VALUE  FROM      YEAR
                                                  NORMAL
..................................................................
TEMPERATURE (F)
 TODAY
  MAXIMUM         79    200 PM  90    1955  70      9       75
                                      1914
                                      1909
  MINIMUM         45    530 AM  18    1875  46     -1       55
  AVERAGE         62                        58      4       65

PRECIPITATION (IN)
  TODAY            0.00          1.20 1982   0.14  -0.14     0.00
  MONTH TO DATE    0.59                      2.30  -1.71     7.16
  SINCE MAR 1      4.41                      6.71  -2.30    13.43
  SINCE JAN 1     10.99                     14.28  -3.29    19.31

SNOWFALL (IN)
  TODAY            0.0           0.0    MM   0.0    0.0      0.0
  MONTH TO DATE    0.0                       0.2   -0.2      0.0
  SINCE MAR 1      T                         1.3   -1.3      7.2
  SINCE JUL 1     24.0                       9.1   14.9     23.5
  SNOW DEPTH       0

DEGREE DAYS
 HEATING
  TODAY            3                         8     -5        0
  MONTH TO DATE  181                       171     10       74
  SINCE MAR 1    530                       691   -161      614
  SINCE JUL 1   3130                      3889   -759     4149

 COOLING
  TODAY            0                         1     -1        0
  MONTH TO DATE    2                        16    -14       28
  SINCE MAR 1      3                        21    -18       28
  SINCE JAN 1      3                        21    -18       28
..................................................................


WIND (MPH)
  HIGHEST WIND SPEED    10   HIGHEST WIND DIRECTION    SE (120)
  HIGHEST GUST SPEED    13   HIGHEST GUST DIRECTION    NE (60)
  AVERAGE WIND SPEED     2.6


SKY COVER
  POSSIBLE SUNSHINE   0 PERCENT
  AVERAGE SKY COVER 0.0


WEATHER CONDITIONS
 THE FOLLOWING WEATHER WAS RECORDED TODAY.
  NO SIGNIFICANT WEATHER WAS OBSERVED.


RELATIVE HUMIDITY (PERCENT)
 HIGHEST     0          1200 AM
 LOWEST      0          1200 AM
 AVERAGE     0

..........................................................


THE BOWLING GREEN CLIMATE NORMALS FOR TOMORROW
                         NORMAL    RECORD    YEAR
 MAXIMUM TEMPERATURE (F)   71        90      1917
                                             1909
 MINIMUM TEMPERATURE (F)   46        20      1875


SUNRISE AND SUNSET
APRIL 17 2016.........SUNRISE   608 AM CDT   SUNSET   723 PM CDT
APRIL 18 2016.........SUNRISE   607 AM CDT   SUNSET   724 PM CDT


-  INDICATES NEGATIVE NUMBERS.
R  INDICATES RECORD WAS SET OR TIED.
MM INDICATES DATA IS MISSING.
T  INDICATES TRACE AMOUNT.




$$
