000
CDUS43 KLMK 230921
CLIBWG


CLIMATE REPORT
NATIONAL WEATHER SERVICE LOUISVILLE KY
420 AM EST WED NOV 23 2016


...................................

...THE BOWLING GREEN KY CLIMATE SUMMARY FOR NOVEMBER 22 2016...

CLIMATE NORMAL PERIOD 1981 TO 2010
CLIMATE RECORD PERIOD 1870 TO 2016


WEATHER ITEM   OBSERVED TIME   RECORD YEAR NORMAL DEPARTURE LAST
                VALUE   (LST)  VALUE       VALUE  FROM      YEAR
                                                  NORMAL
..................................................................
TEMPERATURE (F)
 YESTERDAY
  MAXIMUM         57    331 PM  78    1934  57      0       41
                                      1931
  MINIMUM         30    311 AM   8    1880  36     -6       24
  AVERAGE         44                        46     -2       33

PRECIPITATION (IN)
  YESTERDAY        0.00          1.89 1940   0.14  -0.14     0.00
  MONTH TO DATE    0.23                      2.98  -2.75     3.03
  SINCE SEP 1      2.36                     10.29  -7.93    11.78
  SINCE JAN 1     40.28                     43.85  -3.57    46.82

SNOWFALL (IN)
  YESTERDAY        0.0           3.8  1929   0.0    0.0      0.0
  MONTH TO DATE    0.0                       0.0    0.0      0.0
  SINCE SEP 1      0.0                       T      0.0      0.0
  SINCE JUL 1      0.0                       T      0.0      0.0
  SNOW DEPTH       0

DEGREE DAYS
 HEATING
  YESTERDAY       21                        19      2       32
  MONTH TO DATE  269                       334    -65      248
  SINCE SEP 1    355                       596   -241      434
  SINCE JUL 1    355                       597   -242      434

 COOLING
  YESTERDAY        0                         0      0        0
  MONTH TO DATE   15                         0     15        9
  SINCE SEP 1    420                       219    201      290
  SINCE JAN 1   1979                      1488    491     1671
..................................................................


WIND (MPH)
  HIGHEST WIND SPEED    24   HIGHEST WIND DIRECTION     N (17)
  HIGHEST GUST SPEED    25   HIGHEST GUST DIRECTION     N (17)
  AVERAGE WIND SPEED     3.5


SKY COVER
  POSSIBLE SUNSHINE  MM
  AVERAGE SKY COVER 0.1


WEATHER CONDITIONS
 THE FOLLOWING WEATHER WAS RECORDED YESTERDAY.
  NO SIGNIFICANT WEATHER WAS OBSERVED.


RELATIVE HUMIDITY (PERCENT)
 HIGHEST    78           200 AM
 LOWEST     24           100 PM
 AVERAGE    51

..........................................................


THE BOWLING GREEN KY CLIMATE NORMALS FOR TODAY
                         NORMAL    RECORD    YEAR
 MAXIMUM TEMPERATURE (F)   56        78      1931
 MINIMUM TEMPERATURE (F)   35        10      1880


SUNRISE AND SUNSET
NOVEMBER 23 2016......SUNRISE   633 AM CST   SUNSET   431 PM CST
NOVEMBER 24 2016......SUNRISE   634 AM CST   SUNSET   431 PM CST


-  INDICATES NEGATIVE NUMBERS.
R  INDICATES RECORD WAS SET OR TIED.
MM INDICATES DATA IS MISSING.
T  INDICATES TRACE AMOUNT.

$$
