000
CDUS43 KLMK 062034
CLIBWG


CLIMATE REPORT
NATIONAL WEATHER SERVICE LOUISVILLE KY
433 PM EDT SAT SEP 6 2014


...................................

...THE BOWLING GREEN CLIMATE SUMMARY FOR SEPTEMBER 6 2014...
VALID TODAY AS OF 0400 PM LOCAL TIME.

CLIMATE NORMAL PERIOD 1981 TO 2010
CLIMATE RECORD PERIOD 1870 TO 2014


WEATHER ITEM   OBSERVED TIME   RECORD YEAR NORMAL DEPARTURE LAST
                VALUE   (LST)  VALUE       VALUE  FROM      YEAR
                                                  NORMAL
..................................................................
TEMPERATURE (F)
 TODAY
  MAXIMUM         86    116 PM 104    1954  86      0       86
                                      1925
  MINIMUM         71    538 AM  46    1988  62      9       60
  AVERAGE         79                        74      5       73

PRECIPITATION (IN)
  TODAY            0.00          1.45 1977   0.13  -0.13     0.00
  MONTH TO DATE    0.11                      0.74  -0.63     0.84
  SINCE SEP 1      0.11                      0.74  -0.63     0.84
  SINCE JAN 1     36.27                     34.30   1.97    43.54

SNOWFALL (IN)
  TODAY            0.0           0.0    MM   0.0    0.0      0.0
  MONTH TO DATE    0.0                       0.0    0.0      0.0
  SINCE SEP 1      0.0                       0.0    0.0      0.0
  SINCE JUL 1      0.0                       0.0    0.0      0.0
  SNOW DEPTH       0

DEGREE DAYS
 HEATING
  TODAY            0                         0      0        0
  MONTH TO DATE    0                         0      0        0
  SINCE SEP 1      0                         0      0        0
  SINCE JUL 1      0                         1     -1        0

 COOLING
  TODAY           14                         9      5        8
  MONTH TO DATE   87                        57     30       56
  SINCE SEP 1     87                        57     30       56
  SINCE JAN 1   1364                      1326     38     1316
..................................................................


WIND (MPH)
  HIGHEST WIND SPEED    12   HIGHEST WIND DIRECTION    NW (310)
  HIGHEST GUST SPEED    16   HIGHEST GUST DIRECTION    NW (300)
  AVERAGE WIND SPEED     3.3


SKY COVER
  POSSIBLE SUNSHINE  MM
  AVERAGE SKY COVER 0.2


WEATHER CONDITIONS
 THE FOLLOWING WEATHER WAS RECORDED TODAY.
  NO SIGNIFICANT WEATHER WAS OBSERVED.


RELATIVE HUMIDITY (PERCENT)
 HIGHEST    93           100 AM
 LOWEST     55          1000 AM
 AVERAGE    74

..........................................................


THE BOWLING GREEN CLIMATE NORMALS FOR TOMORROW
                         NORMAL    RECORD    YEAR
 MAXIMUM TEMPERATURE (F)   85       105      1925
 MINIMUM TEMPERATURE (F)   62        43      1988


SUNRISE AND SUNSET
SEPTEMBER  6 2014.....SUNRISE   621 AM CDT   SUNSET   707 PM CDT
SEPTEMBER  7 2014.....SUNRISE   621 AM CDT   SUNSET   705 PM CDT


-  INDICATES NEGATIVE NUMBERS.
R  INDICATES RECORD WAS SET OR TIED.
MM INDICATES DATA IS MISSING.
T  INDICATES TRACE AMOUNT.




$$
