000
CDUS43 KLMK 192136
CLIBWG


CLIMATE REPORT
NATIONAL WEATHER SERVICE LOUISVILLE KY
436 PM EST SAT NOV 19 2016


...................................

...THE BOWLING GREEN CLIMATE SUMMARY FOR NOVEMBER 19 2016...
VALID TODAY AS OF 0400 PM LOCAL TIME.

CLIMATE NORMAL PERIOD 1981 TO 2010
CLIMATE RECORD PERIOD 1870 TO 2016


WEATHER ITEM   OBSERVED TIME   RECORD YEAR NORMAL DEPARTURE LAST
                VALUE   (LST)  VALUE       VALUE  FROM      YEAR
                                                  NORMAL
..................................................................
TEMPERATURE (F)
 TODAY
  MAXIMUM         50    315 PM  83    1930  58     -8       63
  MINIMUM         43    806 AM  17    1951  37      6       36
  AVERAGE         47                        47      0       50

PRECIPITATION (IN)
  TODAY            0.06          2.47 1988   0.15  -0.09     0.00
  MONTH TO DATE    0.23                      2.53  -2.30     2.97
  SINCE SEP 1      2.36                      9.84  -7.48    11.72
  SINCE JAN 1     40.28                     43.40  -3.12    46.76

SNOWFALL (IN)
  TODAY           MM             0.2  1968   0.0   MM        0.0
  MONTH TO DATE    0.0                       0.0    0.0      0.0
  SINCE SEP 1      0.0                       T      0.0      0.0
  SINCE JUL 1      0.0                       T      0.0      0.0
  SNOW DEPTH       0

DEGREE DAYS
 HEATING
  TODAY           18                        18      0       15
  MONTH TO DATE  187                       278    -91      177
  SINCE SEP 1    273                       540   -267      363
  SINCE JUL 1    273                       541   -268      363

 COOLING
  TODAY            0                         0      0        0
  MONTH TO DATE   15                         0     15        9
  SINCE SEP 1    420                       219    201      290
  SINCE JAN 1   1979                      1488    491     1671
..................................................................


WIND (MPH)
  HIGHEST WIND SPEED    22   HIGHEST WIND DIRECTION     W (290)
  HIGHEST GUST SPEED    28   HIGHEST GUST DIRECTION    NW (300)
  AVERAGE WIND SPEED    12.3


SKY COVER
  POSSIBLE SUNSHINE  MM
  AVERAGE SKY COVER 0.6


WEATHER CONDITIONS
 THE FOLLOWING WEATHER WAS RECORDED TODAY.
  LIGHT RAIN
  FOG


RELATIVE HUMIDITY (PERCENT)
 HIGHEST    83          1200 AM
 LOWEST     29           300 PM
 AVERAGE    56

..........................................................


THE BOWLING GREEN CLIMATE NORMALS FOR TOMORROW
                         NORMAL    RECORD    YEAR
 MAXIMUM TEMPERATURE (F)   57        79      1906
 MINIMUM TEMPERATURE (F)   36         5      1914


SUNRISE AND SUNSET
NOVEMBER 19 2016......SUNRISE   629 AM CST   SUNSET   433 PM CST
NOVEMBER 20 2016......SUNRISE   630 AM CST   SUNSET   433 PM CST


-  INDICATES NEGATIVE NUMBERS.
R  INDICATES RECORD WAS SET OR TIED.
MM INDICATES DATA IS MISSING.
T  INDICATES TRACE AMOUNT.




$$
