000
CDUS43 KLMK 150627
CLIBWG


CLIMATE REPORT
NATIONAL WEATHER SERVICE LOUISVILLE KY
127 AM EST MON JAN 15 2018


...................................

...THE BOWLING GREEN KY CLIMATE SUMMARY FOR JANUARY 14 2018...

CLIMATE NORMAL PERIOD 1981 TO 2010
CLIMATE RECORD PERIOD 1870 TO 2018


WEATHER ITEM   OBSERVED TIME   RECORD YEAR NORMAL DEPARTURE LAST
                VALUE   (LST)  VALUE       VALUE  FROM      YEAR
                                                  NORMAL
..................................................................
TEMPERATURE (F)
 YESTERDAY
  MAXIMUM         23    319 PM  72    1932  45    -22       50
                                      1907
  MINIMUM          3    640 AM  -2    1917  26    -23       42
  AVERAGE         13                        35    -22       46

PRECIPITATION (IN)
  YESTERDAY        0.00          2.25 1918   0.11  -0.11     0.17
  MONTH TO DATE    1.09                      1.61  -0.52     2.17
  SINCE DEC 1      4.58                      6.41  -1.83     7.81
  SINCE JAN 1      1.09                      1.61  -0.52     2.17

SNOWFALL (IN)
  YESTERDAY        0.0           6.0  1917   0.1   -0.1      0.0
  MONTH TO DATE    3.6                       1.3    2.3      0.7
  SINCE DEC 1      3.6                       2.5    1.1      0.7
  SINCE JUL 1      3.6                       2.5    1.1      0.7
  SNOW DEPTH       3

DEGREE DAYS
 HEATING
  YESTERDAY       52                        30     22       19
  MONTH TO DATE  516                       415    101      354
  SINCE DEC 1   1353                      1236    117     1149
  SINCE JUL 1   2054                      1999     55     1635

 COOLING
  YESTERDAY        0                         0      0        0
  MONTH TO DATE    0                         0      0        0
  SINCE DEC 1      0                         1     -1        0
  SINCE JAN 1      0                         0      0        0
..................................................................


WIND (MPH)
  HIGHEST WIND SPEED    13   HIGHEST WIND DIRECTION     E (70)
  HIGHEST GUST SPEED    16   HIGHEST GUST DIRECTION     E (70)
  AVERAGE WIND SPEED     2.5


SKY COVER
  POSSIBLE SUNSHINE  MM
  AVERAGE SKY COVER 0.2


WEATHER CONDITIONS
 THE FOLLOWING WEATHER WAS RECORDED YESTERDAY.
  FOG
  HAZE


RELATIVE HUMIDITY (PERCENT)
 HIGHEST    92          1200 AM
 LOWEST     50           200 PM
 AVERAGE    71

..........................................................


THE BOWLING GREEN KY CLIMATE NORMALS FOR TODAY
                         NORMAL    RECORD    YEAR
 MAXIMUM TEMPERATURE (F)   45        70      1952
 MINIMUM TEMPERATURE (F)   26        -3      1964
                                             1893


SUNRISE AND SUNSET
JANUARY 15 2018.......SUNRISE   658 AM CST   SUNSET   453 PM CST
JANUARY 16 2018.......SUNRISE   658 AM CST   SUNSET   454 PM CST


-  INDICATES NEGATIVE NUMBERS.
R  INDICATES RECORD WAS SET OR TIED.
MM INDICATES DATA IS MISSING.
T  INDICATES TRACE AMOUNT.




$$
