000
CDUS43 KLMK 112027 RRB
CLIBWG

CLIMATE REPORT
NATIONAL WEATHER SERVICE LOUISVILLE KY
426 PM EDT THU MAY 11 2017


...................................

...THE BOWLING GREEN CLIMATE SUMMARY FOR MAY 11 2017...
VALID TODAY AS OF 0400 PM LOCAL TIME.

CLIMATE NORMAL PERIOD 1981 TO 2010
CLIMATE RECORD PERIOD 1870 TO 2017


WEATHER ITEM   OBSERVED TIME   RECORD YEAR NORMAL DEPARTURE LAST
                VALUE   (LST)  VALUE       VALUE  FROM      YEAR
                                                  NORMAL
..................................................................
TEMPERATURE (F)
 TODAY
  MAXIMUM         83    133 PM  94    1936  76      7       83
                                      1922
  MINIMUM         69    612 AM  32    1885  54     15       65
  AVERAGE         76                        65     11       74

PRECIPITATION (IN)
  TODAY            T             1.54 1894   0.18  -0.18     0.66
  MONTH TO DATE    1.13                      2.03  -0.90     1.32
  SINCE MAR 1      9.50                     10.78  -1.28     6.67
  SINCE JAN 1     16.08                     18.35  -2.27    13.25

SNOWFALL (IN)
  TODAY            0.0           0.0    MM   0.0    0.0      0.0
  MONTH TO DATE    0.0                       0.0    0.0      0.0
  SINCE MAR 1      T                         1.3   -1.3       T
  SINCE JUL 1      0.7                       9.1   -8.4     24.0
  SNOW DEPTH       0

DEGREE DAYS
 HEATING
  TODAY            0                         3     -3        0
  MONTH TO DATE   56                        40     16       32
  SINCE MAR 1    604                       811   -207      569
  SINCE JUL 1   2985                      4009  -1024     3169

 COOLING
  TODAY           11                         3      8        9
  MONTH TO DATE   25                        25      0       40
  SINCE MAR 1    115                        61     54       84
  SINCE JAN 1    119                        61     58       84
..................................................................


WIND (MPH)
  HIGHEST WIND SPEED    16   HIGHEST WIND DIRECTION    SW (240)
  HIGHEST GUST SPEED    23   HIGHEST GUST DIRECTION    SW (230)
  AVERAGE WIND SPEED     9.1


SKY COVER
  POSSIBLE SUNSHINE  MM
  AVERAGE SKY COVER 0.2


WEATHER CONDITIONS
 THE FOLLOWING WEATHER WAS RECORDED TODAY.
  NO SIGNIFICANT WEATHER WAS OBSERVED.


RELATIVE HUMIDITY (PERCENT)
 HIGHEST    84          1200 AM
 LOWEST     58           100 PM
 AVERAGE    71

..........................................................


THE BOWLING GREEN CLIMATE NORMALS FOR TOMORROW
                         NORMAL    RECORD    YEAR
 MAXIMUM TEMPERATURE (F)   77        93      1914
 MINIMUM TEMPERATURE (F)   54        37      1951


SUNRISE AND SUNSET
MAY 11 2017...........SUNRISE   541 AM CDT   SUNSET   744 PM CDT
MAY 12 2017...........SUNRISE   540 AM CDT   SUNSET   745 PM CDT


-  INDICATES NEGATIVE NUMBERS.
R  INDICATES RECORD WAS SET OR TIED.
MM INDICATES DATA IS MISSING.
T  INDICATES TRACE AMOUNT.




$$
