156
CDUS43 KLMK 140636
CLIBWG


CLIMATE REPORT
NATIONAL WEATHER SERVICE LOUISVILLE KY
236 AM EDT THU JUL 14 2016


...................................

...THE BOWLING GREEN KY CLIMATE SUMMARY FOR JULY 13 2016...

CLIMATE NORMAL PERIOD 1981 TO 2010
CLIMATE RECORD PERIOD 1870 TO 2016


WEATHER ITEM   OBSERVED TIME   RECORD YEAR NORMAL DEPARTURE LAST
                VALUE   (LST)  VALUE       VALUE  FROM      YEAR
                                                  NORMAL
..................................................................
TEMPERATURE (F)
 YESTERDAY
  MAXIMUM         93    324 PM 105    1936  90      3       94
  MINIMUM         76    456 AM  55    1918  68      8       76
  AVERAGE         85                        79      6       85

PRECIPITATION (IN)
  YESTERDAY        T             1.65 1940   0.15  -0.15     0.00
  MONTH TO DATE    5.93                      1.87   4.06     4.92
  SINCE JUN 1      8.40                      6.07   2.33     8.03
  SINCE JAN 1     27.57                     28.00  -0.43    32.22

SNOWFALL (IN)
  YESTERDAY        0.0           0.0    MM   0.0    0.0      0.0
  MONTH TO DATE    0.0                       0.0    0.0      0.0
  SINCE JUN 1      0.0                       0.0    0.0      0.0
  SINCE JUL 1      0.0                       0.0    0.0      0.0
  SNOW DEPTH       0

DEGREE DAYS
 HEATING
  YESTERDAY        0                         0      0        0
  MONTH TO DATE    0                         0      0        0
  SINCE JUN 1      0                         5     -5        3
  SINCE JUL 1      0                         0      0        0

 COOLING
  YESTERDAY       20                        14      6       20
  MONTH TO DATE  200                       177     23      198
  SINCE JUN 1    593                       482    111      577
  SINCE JAN 1    759                       635    124      780
..................................................................


WIND (MPH)
  HIGHEST WIND SPEED    18   HIGHEST WIND DIRECTION     S (200)
  HIGHEST GUST SPEED    24   HIGHEST GUST DIRECTION     S (190)
  AVERAGE WIND SPEED     9.2


SKY COVER
  POSSIBLE SUNSHINE  MM
  AVERAGE SKY COVER 0.1


WEATHER CONDITIONS
 THE FOLLOWING WEATHER WAS RECORDED YESTERDAY.
  THUNDERSTORM
  LIGHT RAIN


RELATIVE HUMIDITY (PERCENT)
 HIGHEST    87           500 AM
 LOWEST     52           200 PM
 AVERAGE    70

..........................................................


THE BOWLING GREEN KY CLIMATE NORMALS FOR TODAY
                         NORMAL    RECORD    YEAR
 MAXIMUM TEMPERATURE (F)   90       105      1936
 MINIMUM TEMPERATURE (F)   68        50      1975
                                             1888


SUNRISE AND SUNSET
JULY 14 2016..........SUNRISE   538 AM CDT   SUNSET   805 PM CDT
JULY 15 2016..........SUNRISE   538 AM CDT   SUNSET   805 PM CDT


-  INDICATES NEGATIVE NUMBERS.
R  INDICATES RECORD WAS SET OR TIED.
MM INDICATES DATA IS MISSING.
T  INDICATES TRACE AMOUNT.




$$
