000
CDUS43 KLMK 300626
CLIBWG


CLIMATE REPORT
NATIONAL WEATHER SERVICE LOUISVILLE KY
126 AM EST THU NOV 30 2017


...................................

...THE BOWLING GREEN KY CLIMATE SUMMARY FOR NOVEMBER 29 2017...

CLIMATE NORMAL PERIOD 1981 TO 2010
CLIMATE RECORD PERIOD 1870 TO 2017


WEATHER ITEM   OBSERVED TIME   RECORD YEAR NORMAL DEPARTURE LAST
                VALUE   (LST)  VALUE       VALUE  FROM      YEAR
                                                  NORMAL
..................................................................
TEMPERATURE (F)
 YESTERDAY
  MAXIMUM         67    315 PM  77    1927  53     14       68
  MINIMUM         32    609 AM   9    1887  33     -1       47
  AVERAGE         50                        43      7       58

PRECIPITATION (IN)
  YESTERDAY        0.00          2.26 2001   0.16  -0.16     0.16
  MONTH TO DATE    1.91                      4.06  -2.15     1.67
  SINCE SEP 1     11.85                     11.37   0.48     3.80
  SINCE JAN 1     48.93                     44.93   4.00    41.72

SNOWFALL (IN)
  YESTERDAY        0.0           1.0  1959   0.0    0.0      0.0
                                      1952
  MONTH TO DATE    0.0                       0.1   -0.1      0.0
  SINCE SEP 1      T                         0.1   -0.1      0.0
  SINCE JUL 1      T                         0.1   -0.1      0.0
  SNOW DEPTH       0

DEGREE DAYS
 HEATING
  YESTERDAY       15                        22     -7        7
  MONTH TO DATE  464                       478    -14      385
  SINCE SEP 1    684                       740    -56      471
  SINCE JUL 1    684                       741    -57      471

 COOLING
  YESTERDAY        0                         0      0        0
  MONTH TO DATE   12                         0     12       15
  SINCE SEP 1    248                       219     29      420
  SINCE JAN 1   1600                      1488    112     1979
..................................................................


WIND (MPH)
  HIGHEST WIND SPEED     6   HIGHEST WIND DIRECTION    SE (150)
  HIGHEST GUST SPEED     9   HIGHEST GUST DIRECTION    SE (140)
  AVERAGE WIND SPEED     1.2


SKY COVER
  POSSIBLE SUNSHINE  MM
  AVERAGE SKY COVER 0.0


WEATHER CONDITIONS
 THE FOLLOWING WEATHER WAS RECORDED YESTERDAY.
  NO SIGNIFICANT WEATHER WAS OBSERVED.


RELATIVE HUMIDITY (PERCENT)
 HIGHEST    96           500 AM
 LOWEST     32           400 PM
 AVERAGE    64

..........................................................


THE BOWLING GREEN KY CLIMATE NORMALS FOR TODAY
                         NORMAL    RECORD    YEAR
 MAXIMUM TEMPERATURE (F)   53        76      2006
 MINIMUM TEMPERATURE (F)   33         4      1929


SUNRISE AND SUNSET
NOVEMBER 30 2017......SUNRISE   639 AM CST   SUNSET   429 PM CST
DECEMBER  1 2017......SUNRISE   640 AM CST   SUNSET   429 PM CST


-  INDICATES NEGATIVE NUMBERS.
R  INDICATES RECORD WAS SET OR TIED.
MM INDICATES DATA IS MISSING.
T  INDICATES TRACE AMOUNT.




$$
