000
CDUS43 KLMK 201152 CCA
CLIBWG

CLIMATE REPORT...CORRECTED
NATIONAL WEATHER SERVICE LOUISVILLE KY
229 AM EDT THU AUG 20 2015
...................................

...THE BOWLING GREEN KY CLIMATE SUMMARY FOR AUGUST 19 2015...

CLIMATE NORMAL PERIOD 1981 TO 2010
CLIMATE RECORD PERIOD 1870 TO 2015


WEATHER ITEM   OBSERVED TIME   RECORD YEAR NORMAL DEPARTURE LAST
                VALUE   (LST)  VALUE       VALUE  FROM      YEAR
                                                  NORMAL
..................................................................
TEMPERATURE (F)
 YESTERDAY
  MAXIMUM         87        MM 105    1936  89     -2       90

  MINIMUM         74        MM  50    1943  66      9       71

  AVERAGE         81                        78      3       81

PRECIPITATION (IN)
  YESTERDAY        0.18          1.76 1969   0.12   0.05     0.00
  MONTH TO DATE    1.48                      1.95  -0.47     5.41
  SINCE JUN 1     10.76                     10.25   0.51     9.66
  SINCE JAN 1     34.95                     32.18   2.77    30.24

SNOWFALL (IN)
  YESTERDAY        0.0           0.0    MM   0.0    0.0      0.0
  MONTH TO DATE    0.0                       0.0    0.0      0.0
  SINCE JUN 1      0.0                       0.0    0.0      0.0
  SINCE JUL 1      0.0                       0.0    0.0      0.0
  SNOW DEPTH       0

DEGREE DAYS
 HEATING
  YESTERDAY        0                         0      0        0
  MONTH TO DATE    0                         0      0        0
  SINCE JUN 1      3                         5     -2        0
  SINCE JUL 1      0                         0      0        0

 COOLING
  YESTERDAY       16                        13      3       16
  MONTH TO DATE  232                       248    -16      225
  SINCE JUN 1   1093                       976    117      891
  SINCE JAN 1   1296                      1129    167     1088
..................................................................


WIND (MPH)
  HIGHEST WIND SPEED    25   HIGHEST WIND DIRECTION     S (180)
  HIGHEST GUST SPEED    36   HIGHEST GUST DIRECTION     S (180)
  AVERAGE WIND SPEED     9.2


SKY COVER
  POSSIBLE SUNSHINE   0 PERCENT
  AVERAGE SKY COVER 0.0


WEATHER CONDITIONS
 THE FOLLOWING WEATHER WAS RECORDED YESTERDAY.
  NO SIGNIFICANT WEATHER WAS OBSERVED.


RELATIVE HUMIDITY (PERCENT)
 HIGHEST     0          1200 AM
 LOWEST      0          1200 AM
 AVERAGE     0

..........................................................


THE BOWLING GREEN KY CLIMATE NORMALS FOR TODAY
                         NORMAL    RECORD    YEAR
 MAXIMUM TEMPERATURE (F)   89       103      1936
 MINIMUM TEMPERATURE (F)   66        53      1953


SUNRISE AND SUNSET
AUGUST 20 2015........SUNRISE   607 AM CDT   SUNSET   731 PM CDT
AUGUST 21 2015........SUNRISE   607 AM CDT   SUNSET   730 PM CDT


-  INDICATES NEGATIVE NUMBERS.
R  INDICATES RECORD WAS SET OR TIED.
MM INDICATES DATA IS MISSING.
T  INDICATES TRACE AMOUNT.

$$
CORRECTED FOR MINIMUM TEMPERATURE, DAILY PRECPITATION, AND HIGHEST
WIND.
CMC
