000
CDUS43 KLMK 132028
CLIBWG

CLIMATE REPORT
NATIONAL WEATHER SERVICE LOUISVILLE KY
427 PM EDT SAT SEP 13 2014


...................................

...THE BOWLING GREEN CLIMATE SUMMARY FOR SEPTEMBER 13 2014...
VALID TODAY AS OF 0400 PM LOCAL TIME.

CLIMATE NORMAL PERIOD 1981 TO 2010
CLIMATE RECORD PERIOD 1870 TO 2014


WEATHER ITEM   OBSERVED TIME   RECORD YEAR NORMAL DEPARTURE LAST
                VALUE   (LST)  VALUE       VALUE  FROM      YEAR
                                                  NORMAL
..................................................................
TEMPERATURE (F)
 TODAY
  MAXIMUM         64    200 PM 100    1939  83    -19       75
                                      1927
  MINIMUM         59    720 AM  36    1902  59      0       53
  AVERAGE         62                        71     -9       64

PRECIPITATION (IN)
  TODAY            0.00          6.02 1979   0.14  -0.14     0.00
  MONTH TO DATE    0.14                      1.71  -1.57     3.50
  SINCE SEP 1      0.14                      1.71  -1.57     3.50
  SINCE JAN 1     36.30                     35.27   1.03    46.20

SNOWFALL (IN)
  TODAY            0.0           0.0    MM   0.0    0.0      0.0
  MONTH TO DATE    0.0                       0.0    0.0      0.0
  SINCE SEP 1      0.0                       0.0    0.0      0.0
  SINCE JUL 1      0.0                       0.0    0.0      0.0
  SNOW DEPTH       0

DEGREE DAYS
 HEATING
  TODAY            3                         0      3        1
  MONTH TO DATE    4                         0      4        1
  SINCE SEP 1      4                         0      4        1
  SINCE JUL 1      4                         1      3        1

 COOLING
  TODAY            0                         7     -7        0
  MONTH TO DATE  126                       111     15      136
  SINCE SEP 1    126                       111     15      136
  SINCE JAN 1   1403                      1380     23     1396
..................................................................


WIND (MPH)
  HIGHEST WIND SPEED    10   HIGHEST WIND DIRECTION    NE (30)
  HIGHEST GUST SPEED    16   HIGHEST GUST DIRECTION     E (99)
  AVERAGE WIND SPEED     6.5


SKY COVER
  POSSIBLE SUNSHINE  MM
  AVERAGE SKY COVER 1.0


WEATHER CONDITIONS
 THE FOLLOWING WEATHER WAS RECORDED TODAY.
  HAZE


RELATIVE HUMIDITY (PERCENT)
 HIGHEST    84          1200 AM
 LOWEST     63           200 PM
 AVERAGE    74

..........................................................


THE BOWLING GREEN CLIMATE NORMALS FOR TOMORROW
                         NORMAL    RECORD    YEAR
 MAXIMUM TEMPERATURE (F)   83       103      1939
 MINIMUM TEMPERATURE (F)   59        35      1902


SUNRISE AND SUNSET
SEPTEMBER 13 2014.....SUNRISE   626 AM CDT   SUNSET   656 PM CDT
SEPTEMBER 14 2014.....SUNRISE   627 AM CDT   SUNSET   655 PM CDT


-  INDICATES NEGATIVE NUMBERS.
R  INDICATES RECORD WAS SET OR TIED.
MM INDICATES DATA IS MISSING.
T  INDICATES TRACE AMOUNT.




$$
