000
CDUS43 KLMK 060632
CLIBWG


CLIMATE REPORT
NATIONAL WEATHER SERVICE LOUISVILLE KY
130 AM EST FRI JAN 6 2017


...................................

...THE BOWLING GREEN KY CLIMATE SUMMARY FOR JANUARY 5 2017...

CLIMATE NORMAL PERIOD 1981 TO 2010
CLIMATE RECORD PERIOD 1870 TO 2017


WEATHER ITEM   OBSERVED TIME   RECORD YEAR NORMAL DEPARTURE LAST
                VALUE   (LST)  VALUE       VALUE  FROM      YEAR
                                                  NORMAL
..................................................................
TEMPERATURE (F)
 YESTERDAY
  MAXIMUM         30   1010 AM  68    2007  45    -15       40
                                      1955
                                      1998
  MINIMUM         22   1159 PM -20    1884  27     -5       21
  AVERAGE         26                        36    -10       31

PRECIPITATION (IN)
  YESTERDAY        0.03          1.91 1917   0.12  -0.09     0.00
  MONTH TO DATE    0.96                      0.60   0.36     0.00
  SINCE DEC 1      5.70                      5.40   0.30     5.23
  SINCE JAN 1      0.96                      0.60   0.36     0.00

SNOWFALL (IN)
  YESTERDAY        0.7           3.0  1979   0.1    0.6      0.0
                                      1960
  MONTH TO DATE    0.7                       0.4    0.3      0.0
  SINCE DEC 1      0.7                       1.6   -0.9       T
  SINCE JUL 1      0.7                       1.6   -0.9       T
  SNOW DEPTH       0

DEGREE DAYS
 HEATING
  YESTERDAY       39                        29     10       34
  MONTH TO DATE  110                       145    -35      148
  SINCE DEC 1    905                       966    -61      589
  SINCE JUL 1   1391                      1729   -338     1127

 COOLING
  YESTERDAY        0                         0      0        0
  MONTH TO DATE    0                         0      0        0
  SINCE DEC 1      0                         1     -1        2
  SINCE JAN 1      0                         0      0        0
..................................................................


WIND (MPH)
  HIGHEST WIND SPEED    12   HIGHEST WIND DIRECTION    NE (50)
  HIGHEST GUST SPEED    17   HIGHEST GUST DIRECTION     W (250)
  AVERAGE WIND SPEED     5.6


SKY COVER
  POSSIBLE SUNSHINE  MM
  AVERAGE SKY COVER 1.0


WEATHER CONDITIONS
 THE FOLLOWING WEATHER WAS RECORDED YESTERDAY.
  LIGHT SNOW
  FOG


RELATIVE HUMIDITY (PERCENT)
 HIGHEST    88           700 PM
 LOWEST     58           900 AM
 AVERAGE    73

..........................................................


THE BOWLING GREEN KY CLIMATE NORMALS FOR TODAY
                         NORMAL    RECORD    YEAR
 MAXIMUM TEMPERATURE (F)   45        72      1946
 MINIMUM TEMPERATURE (F)   26       -12      1884


SUNRISE AND SUNSET
JANUARY  6 2017.......SUNRISE   659 AM CST   SUNSET   444 PM CST
JANUARY  7 2017.......SUNRISE   659 AM CST   SUNSET   445 PM CST


-  INDICATES NEGATIVE NUMBERS.
R  INDICATES RECORD WAS SET OR TIED.
MM INDICATES DATA IS MISSING.
T  INDICATES TRACE AMOUNT.

$$

SCHOETTMER
