000
CDUS43 KLMK 210637
CLIBWG


CLIMATE REPORT
NATIONAL WEATHER SERVICE LOUISVILLE KY
237 AM EDT SAT MAR 21 2015


...................................

...THE BOWLING GREEN KY CLIMATE SUMMARY FOR MARCH 20 2015...

CLIMATE NORMAL PERIOD 1981 TO 2010
CLIMATE RECORD PERIOD 1870 TO 2015


WEATHER ITEM   OBSERVED TIME   RECORD YEAR NORMAL DEPARTURE LAST
                VALUE   (LST)  VALUE       VALUE  FROM      YEAR
                                                  NORMAL
..................................................................
TEMPERATURE (F)
 YESTERDAY
  MAXIMUM         52    251 PM  85    2012  61     -9       60
                                      1921
  MINIMUM         44   1159 PM  16    1914  38      6       29
  AVERAGE         48                        50     -2       45

PRECIPITATION (IN)
  YESTERDAY        0.03          1.78 1980   0.14  -0.11     0.00
  MONTH TO DATE    5.92                      2.77   3.15     2.93
  SINCE MAR 1      5.92                      2.77   3.15     2.93
  SINCE JAN 1     11.80                     10.34   1.46    10.10

SNOWFALL (IN)
  YESTERDAY        0.0           6.0  1914   0.0    0.0      0.0
  MONTH TO DATE    7.2                       0.7    6.5      4.8
  SINCE MAR 1      7.2                       0.7    6.5      4.8
  SINCE JUL 1     23.5                       8.5   15.0     10.1
  SNOW DEPTH       0

DEGREE DAYS
 HEATING
  YESTERDAY       17                        16      1       20
  MONTH TO DATE  386                       369     17      449
  SINCE MAR 1    386                       369     17      449
  SINCE JUL 1   3921                      3567    354     4058

 COOLING
  YESTERDAY        0                         0      0        0
  MONTH TO DATE    0                         0      0        0
  SINCE MAR 1      0                         0      0        0
  SINCE JAN 1      0                         0      0        0
..................................................................


WIND (MPH)
  HIGHEST WIND SPEED     9   HIGHEST WIND DIRECTION     N (340)
  HIGHEST GUST SPEED    14   HIGHEST GUST DIRECTION     N (350)
  AVERAGE WIND SPEED     3.7


SKY COVER
  POSSIBLE SUNSHINE  MM
  AVERAGE SKY COVER 1.0


WEATHER CONDITIONS
 THE FOLLOWING WEATHER WAS RECORDED YESTERDAY.
  LIGHT RAIN
  FOG
  HAZE


RELATIVE HUMIDITY (PERCENT)
 HIGHEST    93          1200 AM
 LOWEST     66           600 PM
 AVERAGE    80

..........................................................


THE BOWLING GREEN KY CLIMATE NORMALS FOR TODAY
                         NORMAL    RECORD    YEAR
 MAXIMUM TEMPERATURE (F)   62        91      1907
 MINIMUM TEMPERATURE (F)   38        20      2013


SUNRISE AND SUNSET
MARCH 21 2015.........SUNRISE   648 AM CDT   SUNSET   658 PM CDT
MARCH 22 2015.........SUNRISE   647 AM CDT   SUNSET   659 PM CDT


-  INDICATES NEGATIVE NUMBERS.
R  INDICATES RECORD WAS SET OR TIED.
MM INDICATES DATA IS MISSING.
T  INDICATES TRACE AMOUNT.




$$
