000
CDUS43 KLMK 152037
CLIBWG


CLIMATE REPORT
NATIONAL WEATHER SERVICE LOUISVILLE KY
436 PM EDT WED MAR 15 2017


...................................

...THE BOWLING GREEN CLIMATE SUMMARY FOR MARCH 15 2017...
VALID TODAY AS OF 0400 PM LOCAL TIME.

CLIMATE NORMAL PERIOD 1981 TO 2010
CLIMATE RECORD PERIOD 1870 TO 2017


WEATHER ITEM   OBSERVED TIME   RECORD YEAR NORMAL DEPARTURE LAST
                VALUE   (LST)  VALUE       VALUE  FROM      YEAR
                                                  NORMAL
..................................................................
TEMPERATURE (F)
 TODAY
  MAXIMUM         39    159 PM  85    2016  60    -21       85
                                      1921
  MINIMUM         22    626 AM  16    1993  37    -15       45
  AVERAGE         31                        48    -17       65

PRECIPITATION (IN)
  TODAY            0.00          2.25 1922   0.14  -0.14     0.00
  MONTH TO DATE    1.86                      2.04  -0.18     1.74
  SINCE MAR 1      1.86                      2.04  -0.18     1.74
  SINCE JAN 1      8.44                      9.61  -1.17     8.32

SNOWFALL (IN)
  TODAY            0.0           1.5  1937   0.0    0.0      0.0
  MONTH TO DATE    T                         0.5   -0.5      0.0
  SINCE MAR 1      T                         0.5   -0.5      0.0
  SINCE JUL 1      0.7                       8.3   -7.6     24.0
  SNOW DEPTH       0

DEGREE DAYS
 HEATING
  TODAY           34                        17     17        0
  MONTH TO DATE  289                       288      1      165
  SINCE MAR 1    289                       288      1      165
  SINCE JUL 1   2670                      3486   -816     2765

 COOLING
  TODAY            0                         0      0        0
  MONTH TO DATE    0                         0      0        0
  SINCE MAR 1      0                         0      0        0
  SINCE JAN 1      4                         0      4        0
..................................................................


WIND (MPH)
  HIGHEST WIND SPEED    29   HIGHEST WIND DIRECTION    SW (220)
  HIGHEST GUST SPEED    32   HIGHEST GUST DIRECTION    SW (220)
  AVERAGE WIND SPEED     5.5


SKY COVER
  POSSIBLE SUNSHINE  MM
  AVERAGE SKY COVER 0.3


WEATHER CONDITIONS
 THE FOLLOWING WEATHER WAS RECORDED TODAY.
  NO SIGNIFICANT WEATHER WAS OBSERVED.


RELATIVE HUMIDITY (PERCENT)
 HIGHEST    74           200 AM
 LOWEST     63          1200 AM
 AVERAGE    69

..........................................................


THE BOWLING GREEN CLIMATE NORMALS FOR TOMORROW
                         NORMAL    RECORD    YEAR
 MAXIMUM TEMPERATURE (F)   60        84      1945
 MINIMUM TEMPERATURE (F)   37        12      1900


SUNRISE AND SUNSET
MARCH 15 2017.........SUNRISE   656 AM CDT   SUNSET   653 PM CDT
MARCH 16 2017.........SUNRISE   655 AM CDT   SUNSET   654 PM CDT


-  INDICATES NEGATIVE NUMBERS.
R  INDICATES RECORD WAS SET OR TIED.
MM INDICATES DATA IS MISSING.
T  INDICATES TRACE AMOUNT.




$$
