000
CDUS43 KLMK 292026
CLIBWG


CLIMATE REPORT
NATIONAL WEATHER SERVICE LOUISVILLE KY
426 PM EDT MON JUN 29 2015


...................................

...THE BOWLING GREEN CLIMATE SUMMARY FOR JUNE 29 2015...
VALID TODAY AS OF 0400 PM LOCAL TIME.

CLIMATE NORMAL PERIOD 1981 TO 2010
CLIMATE RECORD PERIOD 1870 TO 2015


WEATHER ITEM   OBSERVED TIME   RECORD YEAR NORMAL DEPARTURE LAST
                VALUE   (LST)  VALUE       VALUE  FROM      YEAR
                                                  NORMAL
..................................................................
TEMPERATURE (F)
 TODAY
  MAXIMUM         87    130 PM 110    2012  89     -2       84
  MINIMUM         70    710 AM  53    1926  67      3       71
  AVERAGE         79                        78      1       78

PRECIPITATION (IN)
  TODAY            T             2.21 1928   0.13  -0.13     0.14
  MONTH TO DATE    2.81                      4.07  -1.26     1.72
  SINCE JUN 1      2.81                      4.07  -1.26     1.72
  SINCE JAN 1     27.00                     26.00   1.00    22.30

SNOWFALL (IN)
  TODAY            0.0           0.0    MM   0.0    0.0      0.0
  MONTH TO DATE    0.0                       0.0    0.0      0.0
  SINCE JUN 1      0.0                       0.0    0.0      0.0
  SINCE JUL 1     23.5                       9.1   14.4     10.4
  SNOW DEPTH       0

DEGREE DAYS
 HEATING
  TODAY            0                         0      0        0
  MONTH TO DATE    3                         3      0        0
  SINCE JUN 1      3                         3      0        0
  SINCE JUL 1   4288                      4046    242     4533

 COOLING
  TODAY           14                        13      1       13
  MONTH TO DATE  367                       292     75      331
  SINCE JUN 1    367                       292     75      331
  SINCE JAN 1    570                       445    125      528
..................................................................


WIND (MPH)
  HIGHEST WIND SPEED    20   HIGHEST WIND DIRECTION    SW (230)
  HIGHEST GUST SPEED    27   HIGHEST GUST DIRECTION    SW (230)
  AVERAGE WIND SPEED    12.5


SKY COVER
  POSSIBLE SUNSHINE  MM
  AVERAGE SKY COVER 0.5


WEATHER CONDITIONS
 THE FOLLOWING WEATHER WAS RECORDED TODAY.
  NO SIGNIFICANT WEATHER WAS OBSERVED.


RELATIVE HUMIDITY (PERCENT)
 HIGHEST    73           500 AM
 LOWEST     53          1200 PM
 AVERAGE    63

..........................................................


THE BOWLING GREEN CLIMATE NORMALS FOR TOMORROW
                         NORMAL    RECORD    YEAR
 MAXIMUM TEMPERATURE (F)   89       108      2012
 MINIMUM TEMPERATURE (F)   67        49      1923


SUNRISE AND SUNSET
JUNE 29 2015..........SUNRISE   529 AM CDT   SUNSET   809 PM CDT
JUNE 30 2015..........SUNRISE   529 AM CDT   SUNSET   809 PM CDT


-  INDICATES NEGATIVE NUMBERS.
R  INDICATES RECORD WAS SET OR TIED.
MM INDICATES DATA IS MISSING.
T  INDICATES TRACE AMOUNT.




$$
