000
CDUS43 KLMK 170626
CLIBWG


CLIMATE REPORT
NATIONAL WEATHER SERVICE LOUISVILLE KY
226 AM EDT SUN APR 17 2016


...................................

...THE BOWLING GREEN KY CLIMATE SUMMARY FOR APRIL 16 2016...

CLIMATE NORMAL PERIOD 1981 TO 2010
CLIMATE RECORD PERIOD 1870 TO 2016


WEATHER ITEM   OBSERVED TIME   RECORD YEAR NORMAL DEPARTURE LAST
                VALUE   (LST)  VALUE       VALUE  FROM      YEAR
                                                  NORMAL
..................................................................
TEMPERATURE (F)
 YESTERDAY
  MAXIMUM         77    415 PM  89    1924  70      7       71
  MINIMUM         48    527 AM  27    2014  46      2       59
                                      1928
  AVERAGE         63                        58      5       65

PRECIPITATION (IN)
  YESTERDAY        0.00          2.47 1947   0.14  -0.14     1.34
  MONTH TO DATE    0.59                      2.16  -1.57     7.16
  SINCE MAR 1      4.41                      6.57  -2.16    13.43
  SINCE JAN 1     10.99                     14.14  -3.15    19.31

SNOWFALL (IN)
  YESTERDAY        0.0           0.0    MM   0.0    0.0      0.0
  MONTH TO DATE    0.0                       0.2   -0.2      0.0
  SINCE MAR 1      T                         1.3   -1.3      7.2
  SINCE JUL 1     24.0                       9.1   14.9     23.5
  SNOW DEPTH       0

DEGREE DAYS
 HEATING
  YESTERDAY        2                         8     -6        0
  MONTH TO DATE  178                       163     15       74
  SINCE MAR 1    527                       683   -156      614
  SINCE JUL 1   3127                      3881   -754     4149

 COOLING
  YESTERDAY        0                         1     -1        0
  MONTH TO DATE    2                        15    -13       28
  SINCE MAR 1      3                        20    -17       28
  SINCE JAN 1      3                        20    -17       28
..................................................................


WIND (MPH)
  HIGHEST WIND SPEED    14   HIGHEST WIND DIRECTION     E (100)
  HIGHEST GUST SPEED    21   HIGHEST GUST DIRECTION    SE (140)
  AVERAGE WIND SPEED     3.6


SKY COVER
  POSSIBLE SUNSHINE  MM
  AVERAGE SKY COVER 0.0


WEATHER CONDITIONS
 THE FOLLOWING WEATHER WAS RECORDED YESTERDAY.
  NO SIGNIFICANT WEATHER WAS OBSERVED.


RELATIVE HUMIDITY (PERCENT)
 HIGHEST    80           500 AM
 LOWEST     31           300 PM
 AVERAGE    56

..........................................................


THE BOWLING GREEN KY CLIMATE NORMALS FOR TODAY
                         NORMAL    RECORD    YEAR
 MAXIMUM TEMPERATURE (F)   70        90      1955
                                             1914
                                             1909
 MINIMUM TEMPERATURE (F)   46        18      1875


SUNRISE AND SUNSET
APRIL 17 2016.........SUNRISE   608 AM CDT   SUNSET   723 PM CDT
APRIL 18 2016.........SUNRISE   607 AM CDT   SUNSET   724 PM CDT


-  INDICATES NEGATIVE NUMBERS.
R  INDICATES RECORD WAS SET OR TIED.
MM INDICATES DATA IS MISSING.
T  INDICATES TRACE AMOUNT.




$$
