484
CDUS43 KLMK 282144
CLIBWG


CLIMATE REPORT
NATIONAL WEATHER SERVICE LOUISVILLE KY
443 PM EST THU JAN 28 2016


...................................

...THE BOWLING GREEN CLIMATE SUMMARY FOR JANUARY 28 2016...
VALID TODAY AS OF 0400 PM LOCAL TIME.

CLIMATE NORMAL PERIOD 1981 TO 2010
CLIMATE RECORD PERIOD 1870 TO 2016


WEATHER ITEM   OBSERVED TIME   RECORD YEAR NORMAL DEPARTURE LAST
                VALUE   (LST)  VALUE       VALUE  FROM      YEAR
                                                  NORMAL
..................................................................
TEMPERATURE (F)
 TODAY
  MAXIMUM         51    257 PM  70    1916  46      5       46
                                      1914
  MINIMUM         20    320 AM -18    1963  27     -7       24
  AVERAGE         36                        36      0       35

PRECIPITATION (IN)
  TODAY            0.00          1.80 1902   0.12  -0.12     0.00
  MONTH TO DATE    1.79                      3.22  -1.43     1.84
  SINCE DEC 1      7.02                      8.02  -1.00     3.53
  SINCE JAN 1      1.79                      3.22  -1.43     1.84

SNOWFALL (IN)
  TODAY            0.0           2.0  1895   0.1   -0.1      0.0
  MONTH TO DATE   14.8                       2.9   11.9      3.4
  SINCE DEC 1     14.8                       4.1   10.7      3.4
  SINCE JUL 1     14.8                       4.1   10.7      3.7
  SNOW DEPTH       T

DEGREE DAYS
 HEATING
  TODAY           29                        29      0       30
  MONTH TO DATE  899                       825     74      854
  SINCE DEC 1   1340                      1646   -306     1570
  SINCE JUL 1   1878                      2409   -531     2467

 COOLING
  TODAY            0                         0      0        0
  MONTH TO DATE    0                         0      0        0
  SINCE DEC 1      2                         1      1        0
  SINCE JAN 1      0                         0      0        0
..................................................................


WIND (MPH)
  HIGHEST WIND SPEED    18   HIGHEST WIND DIRECTION    SW (220)
  HIGHEST GUST SPEED    23   HIGHEST GUST DIRECTION    SW (220)
  AVERAGE WIND SPEED     6.8


SKY COVER
  POSSIBLE SUNSHINE  MM
  AVERAGE SKY COVER 0.1


WEATHER CONDITIONS
 THE FOLLOWING WEATHER WAS RECORDED TODAY.
  NO SIGNIFICANT WEATHER WAS OBSERVED.


RELATIVE HUMIDITY (PERCENT)
 HIGHEST    92           200 AM
 LOWEST     48           300 PM
 AVERAGE    70

..........................................................


THE BOWLING GREEN CLIMATE NORMALS FOR TOMORROW
                         NORMAL    RECORD    YEAR
 MAXIMUM TEMPERATURE (F)   46        74      1975
 MINIMUM TEMPERATURE (F)   27        -4      1977
                                             1966


SUNRISE AND SUNSET
JANUARY 28 2016.......SUNRISE   652 AM CST   SUNSET   506 PM CST
JANUARY 29 2016.......SUNRISE   651 AM CST   SUNSET   507 PM CST


-  INDICATES NEGATIVE NUMBERS.
R  INDICATES RECORD WAS SET OR TIED.
MM INDICATES DATA IS MISSING.
T  INDICATES TRACE AMOUNT.




$$
