000
CDUS43 KLMK 100638
CLIBWG


CLIMATE REPORT
NATIONAL WEATHER SERVICE LOUISVILLE KY
238 AM EDT SAT JUN 10 2017


...................................

...THE BOWLING GREEN KY CLIMATE SUMMARY FOR JUNE 9 2017...

CLIMATE NORMAL PERIOD 1981 TO 2010
CLIMATE RECORD PERIOD 1870 TO 2017


WEATHER ITEM   OBSERVED TIME   RECORD YEAR NORMAL DEPARTURE LAST
                VALUE   (LST)  VALUE       VALUE  FROM      YEAR
                                                  NORMAL
..................................................................
TEMPERATURE (F)
 YESTERDAY
  MAXIMUM         81    437 PM 101    1914  85     -4       83
  MINIMUM         52    452 AM  46    1912  62    -10       53
  AVERAGE         67                        74     -7       68

PRECIPITATION (IN)
  YESTERDAY        0.00          2.00 1908   0.14  -0.14     0.00
  MONTH TO DATE    3.77                      1.36   2.41     0.48
  SINCE JUN 1      3.77                      1.36   2.41     0.48
  SINCE JAN 1     24.07                     23.29   0.78    19.65

SNOWFALL (IN)
  YESTERDAY        0.0           0.0    MM   0.0    0.0      0.0
  MONTH TO DATE    0.0                       0.0    0.0      0.0
  SINCE JUN 1      0.0                       0.0    0.0      0.0
  SINCE JUL 1      0.7                       9.1   -8.4     24.0
  SNOW DEPTH       0

DEGREE DAYS
 HEATING
  YESTERDAY        0                         0      0        0
  MONTH TO DATE    0                         3     -3        0
  SINCE JUN 1      0                         3     -3        0
  SINCE JUL 1   2989                      4046  -1057     3230

 COOLING
  YESTERDAY        2                         9     -7        3
  MONTH TO DATE   53                        70    -17       80
  SINCE JUN 1     53                        70    -17       80
  SINCE JAN 1    302                       223     79      246
..................................................................


WIND (MPH)
  HIGHEST WIND SPEED    10   HIGHEST WIND DIRECTION    SE (150)
  HIGHEST GUST SPEED    20   HIGHEST GUST DIRECTION    NW (330)
  AVERAGE WIND SPEED     2.7


SKY COVER
  POSSIBLE SUNSHINE  MM
  AVERAGE SKY COVER 0.0


WEATHER CONDITIONS
 THE FOLLOWING WEATHER WAS RECORDED YESTERDAY.
  FOG


RELATIVE HUMIDITY (PERCENT)
 HIGHEST   100           200 AM
 LOWEST     39           200 PM
 AVERAGE    70

..........................................................


THE BOWLING GREEN KY CLIMATE NORMALS FOR TODAY
                         NORMAL    RECORD    YEAR
 MAXIMUM TEMPERATURE (F)   85       103      1914
 MINIMUM TEMPERATURE (F)   63        45      1977


SUNRISE AND SUNSET
JUNE 10 2017..........SUNRISE   526 AM CDT   SUNSET   805 PM CDT
JUNE 11 2017..........SUNRISE   526 AM CDT   SUNSET   805 PM CDT


-  INDICATES NEGATIVE NUMBERS.
R  INDICATES RECORD WAS SET OR TIED.
MM INDICATES DATA IS MISSING.
T  INDICATES TRACE AMOUNT.




$$
