000
CDUS43 KLMK 180628
CLIBWG


CLIMATE REPORT
NATIONAL WEATHER SERVICE LOUISVILLE KY
128 AM EST WED JAN 18 2017


...................................

...THE BOWLING GREEN KY CLIMATE SUMMARY FOR JANUARY 17 2017...

CLIMATE NORMAL PERIOD 1981 TO 2010
CLIMATE RECORD PERIOD 1870 TO 2017


WEATHER ITEM   OBSERVED TIME   RECORD YEAR NORMAL DEPARTURE LAST
                VALUE   (LST)  VALUE       VALUE  FROM      YEAR
                                                  NORMAL
..................................................................
TEMPERATURE (F)
 YESTERDAY
  MAXIMUM         65    942 AM  72    1894  45     20       40
  MINIMUM         46   1159 PM -15    1982  26     20       14
  AVERAGE         56                        35     21       27

PRECIPITATION (IN)
  YESTERDAY        0.63          1.37 2006   0.11   0.52      T
  MONTH TO DATE    3.14                      1.94   1.20     0.57
  SINCE DEC 1      8.78                      6.74   2.04     5.80
  SINCE JAN 1      3.14                      1.94   1.20     0.57

SNOWFALL (IN)
  YESTERDAY        0.0           5.0  1994   0.1   -0.1       T
  MONTH TO DATE    0.7                       1.6   -0.9      0.1
  SINCE DEC 1      0.7                       2.8   -2.1      0.1
  SINCE JUL 1      0.7                       2.8   -2.1      0.1
  SNOW DEPTH       0

DEGREE DAYS
 HEATING
  YESTERDAY        9                        30    -21       38
  MONTH TO DATE  391                       505   -114      485
  SINCE DEC 1   1186                      1326   -140      926
  SINCE JUL 1   1672                      2089   -417     1464

 COOLING
  YESTERDAY        0                         0      0        0
  MONTH TO DATE    0                         0      0        0
  SINCE DEC 1      0                         1     -1        2
  SINCE JAN 1      0                         0      0        0
..................................................................


WIND (MPH)
  HIGHEST WIND SPEED    22   HIGHEST WIND DIRECTION    SW (240)
  HIGHEST GUST SPEED    33   HIGHEST GUST DIRECTION    SW (230)
  AVERAGE WIND SPEED    12.6


SKY COVER
  POSSIBLE SUNSHINE  MM
  AVERAGE SKY COVER 0.8


WEATHER CONDITIONS
 THE FOLLOWING WEATHER WAS RECORDED YESTERDAY.
  HEAVY RAIN
  RAIN
  LIGHT RAIN
  FOG


RELATIVE HUMIDITY (PERCENT)
 HIGHEST    97           500 AM
 LOWEST     60           200 PM
 AVERAGE    79

..........................................................


THE BOWLING GREEN KY CLIMATE NORMALS FOR TODAY
                         NORMAL    RECORD    YEAR
 MAXIMUM TEMPERATURE (F)   45        74      1929
 MINIMUM TEMPERATURE (F)   26       -11      1948


SUNRISE AND SUNSET
JANUARY 18 2017.......SUNRISE   657 AM CST   SUNSET   456 PM CST
JANUARY 19 2017.......SUNRISE   656 AM CST   SUNSET   457 PM CST


-  INDICATES NEGATIVE NUMBERS.
R  INDICATES RECORD WAS SET OR TIED.
MM INDICATES DATA IS MISSING.
T  INDICATES TRACE AMOUNT.




$$
