000
CDUS43 KLMK 100629
CLIBWG


CLIMATE REPORT
NATIONAL WEATHER SERVICE LOUISVILLE KY
128 AM EST SAT FEB 10 2018


...................................

...THE BOWLING GREEN KY CLIMATE SUMMARY FOR FEBRUARY 9 2018...

CLIMATE NORMAL PERIOD 1981 TO 2010
CLIMATE RECORD PERIOD 1870 TO 2018


WEATHER ITEM   OBSERVED TIME   RECORD YEAR NORMAL DEPARTURE LAST
                VALUE   (LST)  VALUE       VALUE  FROM      YEAR
                                                  NORMAL
..................................................................
TEMPERATURE (F)
 YESTERDAY
  MAXIMUM         64    333 PM  74    1894  48     16       35
  MINIMUM         25    559 AM -11    1899  28     -3       24
  AVERAGE         45                        38      7       30

PRECIPITATION (IN)
  YESTERDAY        0.00          2.03 1990   0.14  -0.14     0.00
  MONTH TO DATE    1.62                      1.31   0.31     1.68
  SINCE DEC 1      7.39                      9.72  -2.33    11.48
  SINCE JAN 1      3.90                      4.92  -1.02     5.84

SNOWFALL (IN)
  YESTERDAY        0.0           4.5  1896   0.1   -0.1      0.0
  MONTH TO DATE    0.2                       1.3   -1.1      0.0
  SINCE DEC 1      8.4                       5.8    2.6      0.7
  SINCE JUL 1      8.4                       5.8    2.6      0.7
  SNOW DEPTH       0

DEGREE DAYS
 HEATING
  YESTERDAY       20                        27     -7       35
  MONTH TO DATE  275                       247     28      209
  SINCE DEC 1   2099                      1976    123     1644
  SINCE JUL 1   2800                      2739     61     2130

 COOLING
  YESTERDAY        0                         0      0        0
  MONTH TO DATE    0                         0      0        0
  SINCE DEC 1      0                         1     -1        0
  SINCE JAN 1      0                         0      0        0
..................................................................


WIND (MPH)
  HIGHEST WIND SPEED    23   HIGHEST WIND DIRECTION     S (190)
  HIGHEST GUST SPEED    29   HIGHEST GUST DIRECTION     S (190)
  AVERAGE WIND SPEED     5.8


SKY COVER
  POSSIBLE SUNSHINE  MM
  AVERAGE SKY COVER 0.3


WEATHER CONDITIONS
 THE FOLLOWING WEATHER WAS RECORDED YESTERDAY.
  NO SIGNIFICANT WEATHER WAS OBSERVED.


RELATIVE HUMIDITY (PERCENT)
 HIGHEST    88           600 AM
 LOWEST     27           300 PM
 AVERAGE    58

..........................................................


THE BOWLING GREEN KY CLIMATE NORMALS FOR TODAY
                         NORMAL    RECORD    YEAR
 MAXIMUM TEMPERATURE (F)   49        79      1932
 MINIMUM TEMPERATURE (F)   29       -16      1899


SUNRISE AND SUNSET
FEBRUARY 10 2018......SUNRISE   640 AM CST   SUNSET   521 PM CST
FEBRUARY 11 2018......SUNRISE   639 AM CST   SUNSET   522 PM CST


-  INDICATES NEGATIVE NUMBERS.
R  INDICATES RECORD WAS SET OR TIED.
MM INDICATES DATA IS MISSING.
T  INDICATES TRACE AMOUNT.




$$
