000
CDUS43 KLMK 040629
CLIBWG


CLIMATE REPORT
NATIONAL WEATHER SERVICE LOUISVILLE KY
129 AM EST MON DEC 4 2017


...................................

...THE BOWLING GREEN KY CLIMATE SUMMARY FOR DECEMBER 3 2017...

CLIMATE NORMAL PERIOD 1981 TO 2010
CLIMATE RECORD PERIOD 1870 TO 2017


WEATHER ITEM   OBSERVED TIME   RECORD YEAR NORMAL DEPARTURE LAST
                VALUE   (LST)  VALUE       VALUE  FROM      YEAR
                                                  NORMAL
..................................................................
TEMPERATURE (F)
 YESTERDAY
  MAXIMUM         65    248 PM  78    1982  52     13       44
  MINIMUM         31    643 AM  -1    1929  32     -1       30
  AVERAGE         48                        42      6       37

PRECIPITATION (IN)
  YESTERDAY        0.00          3.37 1978   0.16  -0.16      T
  MONTH TO DATE    0.00                      0.48  -0.48      T
  SINCE DEC 1      0.00                      0.48  -0.48      T
  SINCE JAN 1     48.98                     45.57   3.41    41.96

SNOWFALL (IN)
  YESTERDAY        0.0           4.0  1942   0.0    0.0      0.0
  MONTH TO DATE    0.0                       0.0    0.0      0.0
  SINCE DEC 1      0.0                       0.0    0.0      0.0
  SINCE JUL 1      T                         T      0.0      0.0
  SNOW DEPTH       0

DEGREE DAYS
 HEATING
  YESTERDAY       17                        23     -6       28
  MONTH TO DATE   54                        68    -14       75
  SINCE DEC 1     54                        68    -14       75
  SINCE JUL 1    755                       831    -76      561

 COOLING
  YESTERDAY        0                         0      0        0
  MONTH TO DATE    0                         0      0        0
  SINCE DEC 1      0                         0      0        0
  SINCE JAN 1   1600                      1491    109     1979
..................................................................


WIND (MPH)
  HIGHEST WIND SPEED     7   HIGHEST WIND DIRECTION     E (70)
  HIGHEST GUST SPEED    10   HIGHEST GUST DIRECTION    SE (140)
  AVERAGE WIND SPEED     0.8


SKY COVER
  POSSIBLE SUNSHINE  MM
  AVERAGE SKY COVER 0.0


WEATHER CONDITIONS
 THE FOLLOWING WEATHER WAS RECORDED YESTERDAY.
  NO SIGNIFICANT WEATHER WAS OBSERVED.


RELATIVE HUMIDITY (PERCENT)
 HIGHEST    96           300 AM
 LOWEST     37           100 PM
 AVERAGE    67

..........................................................


THE BOWLING GREEN KY CLIMATE NORMALS FOR TODAY
                         NORMAL    RECORD    YEAR
 MAXIMUM TEMPERATURE (F)   51        75      1998
 MINIMUM TEMPERATURE (F)   32         4      1942
                                             1876


SUNRISE AND SUNSET
DECEMBER  4 2017......SUNRISE   643 AM CST   SUNSET   429 PM CST
DECEMBER  5 2017......SUNRISE   644 AM CST   SUNSET   429 PM CST


-  INDICATES NEGATIVE NUMBERS.
R  INDICATES RECORD WAS SET OR TIED.
MM INDICATES DATA IS MISSING.
T  INDICATES TRACE AMOUNT.




$$
