000
CDUS43 KLMK 192146
CLIBWG


CLIMATE REPORT
NATIONAL WEATHER SERVICE LOUISVILLE KY
445 PM EST FRI DEC 19 2014


...................................

...THE BOWLING GREEN CLIMATE SUMMARY FOR DECEMBER 19 2014...
VALID TODAY AS OF 0400 PM LOCAL TIME.

CLIMATE NORMAL PERIOD 1981 TO 2010
CLIMATE RECORD PERIOD 1870 TO 2014


WEATHER ITEM   OBSERVED TIME   RECORD YEAR NORMAL DEPARTURE LAST
                VALUE   (LST)  VALUE       VALUE  FROM      YEAR
                                                  NORMAL
..................................................................
TEMPERATURE (F)
 TODAY
  MAXIMUM         41    258 PM  72    2008  47     -6       62
                                      1895
  MINIMUM         29    603 AM  -2    1963  28      1       36
                                      1901
  AVERAGE         35                        38     -3       49

PRECIPITATION (IN)
  TODAY            0.00          1.60 1957   0.15  -0.15     0.00
  MONTH TO DATE    1.10                      3.08  -1.98     2.97
  SINCE DEC 1      1.10                      3.08  -1.98     2.97
  SINCE JAN 1     45.53                     48.17  -2.64    57.62

SNOWFALL (IN)
  TODAY            0.0           4.0  1916   0.0    0.0      0.0
  MONTH TO DATE    T                         0.5   -0.5      0.1
  SINCE DEC 1      T                         0.5   -0.5      0.1
  SINCE JUL 1      0.3                       0.5   -0.2      1.2
  SNOW DEPTH       0

DEGREE DAYS
 HEATING
  TODAY           30                        27      3       16
  MONTH TO DATE  428                       477    -49      492
  SINCE DEC 1    428                       477    -49      492
  SINCE JUL 1   1325                      1240     85     1372

 COOLING
  TODAY            0                         0      0        0
  MONTH TO DATE    0                         0      0        0
  SINCE DEC 1      0                         0      0        0
  SINCE JAN 1   1488                      1491     -3     1499
..................................................................


WIND (MPH)
  HIGHEST WIND SPEED     9   HIGHEST WIND DIRECTION    NE (50)
  HIGHEST GUST SPEED    10   HIGHEST GUST DIRECTION     E (70)
  AVERAGE WIND SPEED     3.2


SKY COVER
  POSSIBLE SUNSHINE   0 PERCENT
  AVERAGE SKY COVER 0.0


WEATHER CONDITIONS
 THE FOLLOWING WEATHER WAS RECORDED TODAY.
  NO SIGNIFICANT WEATHER WAS OBSERVED.


RELATIVE HUMIDITY (PERCENT)
 HIGHEST     0          1200 AM
 LOWEST      0          1200 AM
 AVERAGE     0

..........................................................


THE BOWLING GREEN CLIMATE NORMALS FOR TOMORROW
                         NORMAL    RECORD    YEAR
 MAXIMUM TEMPERATURE (F)   47        67      1949
 MINIMUM TEMPERATURE (F)   28       -10      1901


SUNRISE AND SUNSET
DECEMBER 19 2014......SUNRISE   654 AM CST   SUNSET   432 PM CST
DECEMBER 20 2014......SUNRISE   655 AM CST   SUNSET   432 PM CST


-  INDICATES NEGATIVE NUMBERS.
R  INDICATES RECORD WAS SET OR TIED.
MM INDICATES DATA IS MISSING.
T  INDICATES TRACE AMOUNT.




$$
