115
CDUS43 KLMK 180635
CLIBWG


CLIMATE REPORT
NATIONAL WEATHER SERVICE LOUISVILLE KY
135 AM EST THU JAN 18 2018


...................................

...THE BOWLING GREEN KY CLIMATE SUMMARY FOR JANUARY 17 2018...

CLIMATE NORMAL PERIOD 1981 TO 2010
CLIMATE RECORD PERIOD 1870 TO 2018


WEATHER ITEM   OBSERVED TIME   RECORD YEAR NORMAL DEPARTURE LAST
                VALUE   (LST)  VALUE       VALUE  FROM      YEAR
                                                  NORMAL
..................................................................
TEMPERATURE (F)
 YESTERDAY
  MAXIMUM         19    412 PM  72    1894  45    -26       65
  MINIMUM          7   1136 PM -15    1982  26    -19       46
  AVERAGE         13                        35    -22       56

PRECIPITATION (IN)
  YESTERDAY        0.01          1.37 2006   0.11  -0.10     0.63
  MONTH TO DATE    1.18                      1.94  -0.76     3.14
  SINCE DEC 1      4.67                      6.74  -2.07     8.78
  SINCE JAN 1      1.18                      1.94  -0.76     3.14

SNOWFALL (IN)
  YESTERDAY        0.5           5.0  1994   0.1    0.4      0.0
  MONTH TO DATE    8.2                       1.6    6.6      0.7
  SINCE DEC 1      8.2                       2.8    5.4      0.7
  SINCE JUL 1      8.2                       2.8    5.4      0.7
  SNOW DEPTH       6

DEGREE DAYS
 HEATING
  YESTERDAY       52                        30     22        9
  MONTH TO DATE  658                       505    153      391
  SINCE DEC 1   1495                      1326    169     1186
  SINCE JUL 1   2196                      2089    107     1672

 COOLING
  YESTERDAY        0                         0      0        0
  MONTH TO DATE    0                         0      0        0
  SINCE DEC 1      0                         1     -1        0
  SINCE JAN 1      0                         0      0        0
..................................................................


WIND (MPH)
  HIGHEST WIND SPEED     9   HIGHEST WIND DIRECTION     W (270)
  HIGHEST GUST SPEED    16   HIGHEST GUST DIRECTION     N (350)
  AVERAGE WIND SPEED     4.1


SKY COVER
  POSSIBLE SUNSHINE  MM
  AVERAGE SKY COVER 0.7


WEATHER CONDITIONS
 THE FOLLOWING WEATHER WAS RECORDED YESTERDAY.
  LIGHT SNOW
  FOG
  HAZE


RELATIVE HUMIDITY (PERCENT)
 HIGHEST    83           900 AM
 LOWEST     62           400 PM
 AVERAGE    73

..........................................................


THE BOWLING GREEN KY CLIMATE NORMALS FOR TODAY
                         NORMAL    RECORD    YEAR
 MAXIMUM TEMPERATURE (F)   45        74      1929
 MINIMUM TEMPERATURE (F)   26       -11      1948


SUNRISE AND SUNSET
JANUARY 18 2018.......SUNRISE   657 AM CST   SUNSET   456 PM CST
JANUARY 19 2018.......SUNRISE   656 AM CST   SUNSET   457 PM CST


-  INDICATES NEGATIVE NUMBERS.
R  INDICATES RECORD WAS SET OR TIED.
MM INDICATES DATA IS MISSING.
T  INDICATES TRACE AMOUNT.




$$
