000
CDUS43 KLMK 292035
CLIBWG


CLIMATE REPORT
NATIONAL WEATHER SERVICE LOUISVILLE KY
434 PM EDT MON SEP 29 2014


...................................

...THE BOWLING GREEN CLIMATE SUMMARY FOR SEPTEMBER 29 2014...
VALID TODAY AS OF 0400 PM LOCAL TIME.

CLIMATE NORMAL PERIOD 1981 TO 2010
CLIMATE RECORD PERIOD 1870 TO 2014


WEATHER ITEM   OBSERVED TIME   RECORD YEAR NORMAL DEPARTURE LAST
                VALUE   (LST)  VALUE       VALUE  FROM      YEAR
                                                  NORMAL
..................................................................
TEMPERATURE (F)
 TODAY
  MAXIMUM         87    114 PM  98    1953  77     10       76
  MINIMUM         57    533 AM  31    1888  52      5       57
  AVERAGE         72                        65      7       67

PRECIPITATION (IN)
  TODAY            0.00          3.45 1916   0.13  -0.13     0.11
  MONTH TO DATE    0.37                      3.80  -3.43     5.09
  SINCE SEP 1      0.37                      3.80  -3.43     5.09
  SINCE JAN 1     36.53                     37.36  -0.83    47.79

SNOWFALL (IN)
  TODAY            0.0           0.0    MM   0.0    0.0      0.0
  MONTH TO DATE    0.0                       0.0    0.0      0.0
  SINCE SEP 1      0.0                       0.0    0.0      0.0
  SINCE JUL 1      0.0                       0.0    0.0      0.0
  SNOW DEPTH       0

DEGREE DAYS
 HEATING
  TODAY            0                         3     -3        0
  MONTH TO DATE   24                        29     -5       12
  SINCE SEP 1     24                        29     -5       12
  SINCE JUL 1     24                        30     -6       12

 COOLING
  TODAY            7                         3      4        2
  MONTH TO DATE  174                       183     -9      189
  SINCE SEP 1    174                       183     -9      189
  SINCE JAN 1   1451                      1452     -1     1449
..................................................................


WIND (MPH)
  HIGHEST WIND SPEED     9   HIGHEST WIND DIRECTION    NE (50)
  HIGHEST GUST SPEED    12   HIGHEST GUST DIRECTION    NE (30)
  AVERAGE WIND SPEED     1.0


SKY COVER
  POSSIBLE SUNSHINE  MM
  AVERAGE SKY COVER 0.2


WEATHER CONDITIONS
 THE FOLLOWING WEATHER WAS RECORDED TODAY.
  FOG
  FOG W/VISIBILITY <= 1/4 MILE


RELATIVE HUMIDITY (PERCENT)
 HIGHEST    93          1200 AM
 LOWEST     43           100 PM
 AVERAGE    68

..........................................................


THE BOWLING GREEN CLIMATE NORMALS FOR TOMORROW
                         NORMAL    RECORD    YEAR
 MAXIMUM TEMPERATURE (F)   77        95      1953
 MINIMUM TEMPERATURE (F)   52        33      1949


SUNRISE AND SUNSET
SEPTEMBER 29 2014.....SUNRISE   639 AM CDT   SUNSET   632 PM CDT
SEPTEMBER 30 2014.....SUNRISE   640 AM CDT   SUNSET   631 PM CDT


-  INDICATES NEGATIVE NUMBERS.
R  INDICATES RECORD WAS SET OR TIED.
MM INDICATES DATA IS MISSING.
T  INDICATES TRACE AMOUNT.




$$
