000
CDUS43 KLMK 260627
CLIBWG


CLIMATE REPORT
NATIONAL WEATHER SERVICE LOUISVILLE KY
126 AM EST WED NOV 26 2014


...................................

...THE BOWLING GREEN KY CLIMATE SUMMARY FOR NOVEMBER 25 2014...

CLIMATE NORMAL PERIOD 1981 TO 2010
CLIMATE RECORD PERIOD 1870 TO 2014


WEATHER ITEM   OBSERVED TIME   RECORD YEAR NORMAL DEPARTURE LAST
                VALUE   (LST)  VALUE       VALUE  FROM      YEAR
                                                  NORMAL
..................................................................
TEMPERATURE (F)
 YESTERDAY
  MAXIMUM         48    311 PM  74    1896  55     -7       44
  MINIMUM         34   1158 PM  -7    1950  35     -1       26
  AVERAGE         41                        45     -4       35

PRECIPITATION (IN)
  YESTERDAY        0.00          1.60 1964   0.15  -0.15     0.12
  MONTH TO DATE    2.34                      3.43  -1.09     2.75
  SINCE SEP 1      8.09                     10.74  -2.65    11.88
  SINCE JAN 1     44.25                     44.30  -0.05    54.58

SNOWFALL (IN)
  YESTERDAY        0.0           1.2  1903   0.0    0.0      1.1
  MONTH TO DATE    0.3                       0.0    0.3      1.1
  SINCE SEP 1      0.3                       T      0.3      1.1
  SINCE JUL 1      0.3                       T      0.3      1.1
  SNOW DEPTH       0

DEGREE DAYS
 HEATING
  YESTERDAY       24                        20      4       30
  MONTH TO DATE  570                       393    177      469
  SINCE SEP 1    788                       655    133      719
  SINCE JUL 1    788                       656    132      719

 COOLING
  YESTERDAY        0                         0      0        0
  MONTH TO DATE    0                         0      0        0
  SINCE SEP 1    211                       219     -8      239
  SINCE JAN 1   1488                      1488      0     1499
..................................................................


WIND (MPH)
  HIGHEST WIND SPEED     8   HIGHEST WIND DIRECTION     W (250)
  HIGHEST GUST SPEED    11   HIGHEST GUST DIRECTION    NW (330)
  AVERAGE WIND SPEED     3.7


SKY COVER
  POSSIBLE SUNSHINE  MM
  AVERAGE SKY COVER 0.0


WEATHER CONDITIONS
 THE FOLLOWING WEATHER WAS RECORDED YESTERDAY.
  NO SIGNIFICANT WEATHER WAS OBSERVED.


RELATIVE HUMIDITY (PERCENT)
 HIGHEST    75           500 AM
 LOWEST     38           200 PM
 AVERAGE    57

..........................................................


THE BOWLING GREEN KY CLIMATE NORMALS FOR TODAY
                         NORMAL    RECORD    YEAR
 MAXIMUM TEMPERATURE (F)   55        75      1935
                                             1927
                                             1921
 MINIMUM TEMPERATURE (F)   34        14      1898


SUNRISE AND SUNSET
NOVEMBER 26 2014......SUNRISE   635 AM CST   SUNSET   430 PM CST
NOVEMBER 27 2014......SUNRISE   636 AM CST   SUNSET   430 PM CST


-  INDICATES NEGATIVE NUMBERS.
R  INDICATES RECORD WAS SET OR TIED.
MM INDICATES DATA IS MISSING.
T  INDICATES TRACE AMOUNT.




$$
