000
CDUS43 KLMK 010629
CLIBWG


CLIMATE REPORT
NATIONAL WEATHER SERVICE LOUISVILLE KY
128 AM EST SUN FEB 1 2015


...................................

...THE BOWLING GREEN KY CLIMATE SUMMARY FOR JANUARY 31 2015...

CLIMATE NORMAL PERIOD 1981 TO 2010
CLIMATE RECORD PERIOD 1870 TO 2015


WEATHER ITEM   OBSERVED TIME   RECORD YEAR NORMAL DEPARTURE LAST
                VALUE   (LST)  VALUE       VALUE  FROM      YEAR
                                                  NORMAL
..................................................................
TEMPERATURE (F)
 YESTERDAY
  MAXIMUM         45    247 PM  72    2002  46     -1       46
  MINIMUM         20    534 AM  -8    1965  27     -7       24
  AVERAGE         33                        37     -4       35

PRECIPITATION (IN)
  YESTERDAY        0.00          1.81 1951   0.14  -0.14     0.00
  MONTH TO DATE    1.88                      3.61  -1.73     1.75
  SINCE DEC 1      3.57                      8.41  -4.84     6.76
  SINCE JAN 1      1.88                      3.61  -1.73     1.75

SNOWFALL (IN)
  YESTERDAY        0.0           8.0  1899   0.1   -0.1      0.0
  MONTH TO DATE    3.4                       3.3    0.1      2.1
  SINCE DEC 1      3.4                       4.5   -1.1      2.2
  SINCE JUL 1      3.7                       4.5   -0.8      3.3
  SNOW DEPTH       0

DEGREE DAYS
 HEATING
  YESTERDAY       32                        28      4       30
  MONTH TO DATE  932                       910     22     1096
  SINCE DEC 1   1648                      1729    -81     1903
  SINCE JUL 1   2545                      2492     53     2783

 COOLING
  YESTERDAY        0                         0      0        0
  MONTH TO DATE    0                         0      0        0
  SINCE DEC 1      0                         1     -1        2
  SINCE JAN 1      0                         0      0        0
..................................................................


WIND (MPH)
  HIGHEST WIND SPEED    12   HIGHEST WIND DIRECTION    NE (50)
  HIGHEST GUST SPEED    13   HIGHEST GUST DIRECTION    SE (120)
  AVERAGE WIND SPEED     2.3


SKY COVER
  POSSIBLE SUNSHINE  MM
  AVERAGE SKY COVER 0.3


WEATHER CONDITIONS
 THE FOLLOWING WEATHER WAS RECORDED YESTERDAY.
  NO SIGNIFICANT WEATHER WAS OBSERVED.


RELATIVE HUMIDITY (PERCENT)
 HIGHEST    88           300 AM
 LOWEST     40           200 PM
 AVERAGE    64

..........................................................


THE BOWLING GREEN KY CLIMATE NORMALS FOR TODAY
                         NORMAL    RECORD    YEAR
 MAXIMUM TEMPERATURE (F)   47        74      1911
 MINIMUM TEMPERATURE (F)   27        -9      1951


SUNRISE AND SUNSET
FEBRUARY  1 2015......SUNRISE   648 AM CST   SUNSET   511 PM CST
FEBRUARY  2 2015......SUNRISE   648 AM CST   SUNSET   512 PM CST


-  INDICATES NEGATIVE NUMBERS.
R  INDICATES RECORD WAS SET OR TIED.
MM INDICATES DATA IS MISSING.
T  INDICATES TRACE AMOUNT.




$$
