000
CDUS43 KLMK 222035
CLIBWG


CLIMATE REPORT
NATIONAL WEATHER SERVICE LOUISVILLE KY
432 PM EDT SUN OCT 22 2017


...................................

...THE BOWLING GREEN CLIMATE SUMMARY FOR OCTOBER 22 2017...
VALID TODAY AS OF 0400 PM LOCAL TIME.

CLIMATE NORMAL PERIOD 1981 TO 2010
CLIMATE RECORD PERIOD 1870 TO 2017


WEATHER ITEM   OBSERVED TIME   RECORD YEAR NORMAL DEPARTURE LAST
                VALUE   (LST)  VALUE       VALUE  FROM      YEAR
                                                  NORMAL
..................................................................
TEMPERATURE (F)
 TODAY
  MAXIMUM         82   1243 PM  88    1947  69     13       64
  MINIMUM         52    208 AM  23    1987  44      8       43
  AVERAGE         67                        57     10       54

PRECIPITATION (IN)
  TODAY            0.00          3.29 2007   0.11  -0.11     0.00
  MONTH TO DATE    1.29                      2.37  -1.08     0.55
  SINCE SEP 1      7.76                      6.30   1.46     2.12
  SINCE JAN 1     44.84                     39.86   4.98    40.04

SNOWFALL (IN)
  TODAY            0.0           0.0    MM   0.0    0.0      0.0
  MONTH TO DATE    0.0                       0.0    0.0      0.0
  SINCE SEP 1      0.0                       0.0    0.0      0.0
  SINCE JUL 1      0.0                       0.0    0.0      0.0
  SNOW DEPTH       0

DEGREE DAYS
 HEATING
  TODAY            0                         9     -9       11
  MONTH TO DATE   56                       136    -80       40
  SINCE SEP 1     75                       171    -96       59
  SINCE JUL 1     75                       172    -97       59

 COOLING
  TODAY            2                         1      1        0
  MONTH TO DATE   66                        31     35       88
  SINCE SEP 1    236                       217     19      393
  SINCE JAN 1   1588                      1486    102     1952
..................................................................


WIND (MPH)
  HIGHEST WIND SPEED    24   HIGHEST WIND DIRECTION     S (200)
  HIGHEST GUST SPEED    32   HIGHEST GUST DIRECTION     S (180)
  AVERAGE WIND SPEED     7.0


SKY COVER
  POSSIBLE SUNSHINE  MM
  AVERAGE SKY COVER 0.1


WEATHER CONDITIONS
 THE FOLLOWING WEATHER WAS RECORDED TODAY.
  NO SIGNIFICANT WEATHER WAS OBSERVED.


RELATIVE HUMIDITY (PERCENT)
 HIGHEST    93           100 AM
 LOWEST     51           100 PM
 AVERAGE    72

..........................................................


THE BOWLING GREEN CLIMATE NORMALS FOR TOMORROW
                         NORMAL    RECORD    YEAR
 MAXIMUM TEMPERATURE (F)   69        88      1927
 MINIMUM TEMPERATURE (F)   44        26      1952


SUNRISE AND SUNSET
OCTOBER 22 2017.......SUNRISE   700 AM CDT   SUNSET   600 PM CDT
OCTOBER 23 2017.......SUNRISE   701 AM CDT   SUNSET   558 PM CDT


-  INDICATES NEGATIVE NUMBERS.
R  INDICATES RECORD WAS SET OR TIED.
MM INDICATES DATA IS MISSING.
T  INDICATES TRACE AMOUNT.

$$

SCHOETTMER
