000
CDUS43 KLMK 292034
CLIBWG


CLIMATE REPORT
NATIONAL WEATHER SERVICE LOUISVILLE KY
432 PM EDT SUN MAY 29 2016


...................................

...THE BOWLING GREEN CLIMATE SUMMARY FOR MAY 29 2016...
VALID TODAY AS OF 0400 PM LOCAL TIME.

CLIMATE NORMAL PERIOD 1981 TO 2010
CLIMATE RECORD PERIOD 1870 TO 2016


WEATHER ITEM   OBSERVED TIME   RECORD YEAR NORMAL DEPARTURE LAST
                VALUE   (LST)  VALUE       VALUE  FROM      YEAR
                                                  NORMAL
..................................................................
TEMPERATURE (F)
 TODAY
  MAXIMUM         88    142 PM  98    1911  82      6       84
  MINIMUM         62    508 AM  41    1902  59      3       65
  AVERAGE         75                        70      5       75

PRECIPITATION (IN)
  TODAY            0.00          2.91 1992   0.17  -0.17     0.00
  MONTH TO DATE    7.24                      5.26   1.98     2.77
  SINCE MAR 1     12.59                     14.01  -1.42    18.12
  SINCE JAN 1     19.17                     21.58  -2.41    24.00

SNOWFALL (IN)
  TODAY            0.0           0.0    MM   0.0    0.0      0.0
  MONTH TO DATE    0.0                       0.0    0.0      0.0
  SINCE MAR 1      T                         1.3   -1.3      7.2
  SINCE JUL 1     24.0                       9.1   14.9     23.5
  SNOW DEPTH       0

DEGREE DAYS
 HEATING
  TODAY            0                         1     -1        0
  MONTH TO DATE   93                        72     21       38
  SINCE MAR 1    630                       843   -213      750
  SINCE JUL 1   3230                      4041   -811     4285

 COOLING
  TODAY           10                         6      4       10
  MONTH TO DATE  100                       105     -5      148
  SINCE MAR 1    144                       141      3      183
  SINCE JAN 1    144                       141      3      183
..................................................................


WIND (MPH)
  HIGHEST WIND SPEED    13   HIGHEST WIND DIRECTION    SW (220)
  HIGHEST GUST SPEED    17   HIGHEST GUST DIRECTION    SW (220)
  AVERAGE WIND SPEED     2.8


SKY COVER
  POSSIBLE SUNSHINE  MM
  AVERAGE SKY COVER 0.2


WEATHER CONDITIONS
 THE FOLLOWING WEATHER WAS RECORDED TODAY.
  FOG


RELATIVE HUMIDITY (PERCENT)
 HIGHEST    93          1200 AM
 LOWEST     50           200 PM
 AVERAGE    72

..........................................................


THE BOWLING GREEN CLIMATE NORMALS FOR TOMORROW
                         NORMAL    RECORD    YEAR
 MAXIMUM TEMPERATURE (F)   82        97      1911
 MINIMUM TEMPERATURE (F)   59        40      1947


SUNRISE AND SUNSET
MAY 29 2016...........SUNRISE   529 AM CDT   SUNSET   758 PM CDT
MAY 30 2016...........SUNRISE   528 AM CDT   SUNSET   759 PM CDT


-  INDICATES NEGATIVE NUMBERS.
R  INDICATES RECORD WAS SET OR TIED.
MM INDICATES DATA IS MISSING.
T  INDICATES TRACE AMOUNT.




$$
