000
CDUS43 KLMK 220640
CLIBWG


CLIMATE REPORT
NATIONAL WEATHER SERVICE LOUISVILLE KY
240 AM EDT MON MAY 22 2017


...................................

...THE BOWLING GREEN KY CLIMATE SUMMARY FOR MAY 21 2017...

CLIMATE NORMAL PERIOD 1981 TO 2010
CLIMATE RECORD PERIOD 1870 TO 2017


WEATHER ITEM   OBSERVED TIME   RECORD YEAR NORMAL DEPARTURE LAST
                VALUE   (LST)  VALUE       VALUE  FROM      YEAR
                                                  NORMAL
..................................................................
TEMPERATURE (F)
 YESTERDAY
  MAXIMUM         83    245 PM  96    1941  79      4       64
  MINIMUM         65   1159 PM  38    1954  57      8       51
  AVERAGE         74                        68      6       58

PRECIPITATION (IN)
  YESTERDAY        0.07          1.99 1987   0.18  -0.11      T
  MONTH TO DATE    4.40                      3.88   0.52     4.43
  SINCE MAR 1     12.77                     12.63   0.14     9.78
  SINCE JAN 1     19.35                     20.20  -0.85    16.36

SNOWFALL (IN)
  YESTERDAY        0.0           0.0    MM   0.0    0.0      0.0
  MONTH TO DATE    0.0                       0.0    0.0      0.0
  SINCE MAR 1      T                         1.3   -1.3       T
  SINCE JUL 1      0.7                       9.1   -8.4     24.0
  SNOW DEPTH       0

DEGREE DAYS
 HEATING
  YESTERDAY        0                         2     -2        7
  MONTH TO DATE   56                        63     -7       92
  SINCE MAR 1    604                       834   -230      629
  SINCE JUL 1   2985                      4032  -1047     3229

 COOLING
  YESTERDAY        9                         5      4        0
  MONTH TO DATE  100                        62     38       48
  SINCE MAR 1    190                        98     92       92
  SINCE JAN 1    194                        98     96       92
..................................................................


WIND (MPH)
  HIGHEST WIND SPEED    18   HIGHEST WIND DIRECTION    SW (210)
  HIGHEST GUST SPEED    23   HIGHEST GUST DIRECTION    SW (230)
  AVERAGE WIND SPEED     7.6


SKY COVER
  POSSIBLE SUNSHINE  MM
  AVERAGE SKY COVER 0.6


WEATHER CONDITIONS
 THE FOLLOWING WEATHER WAS RECORDED YESTERDAY.
  LIGHT RAIN
  FOG


RELATIVE HUMIDITY (PERCENT)
 HIGHEST   100           500 AM
 LOWEST     58           200 PM
 AVERAGE    79

..........................................................


THE BOWLING GREEN KY CLIMATE NORMALS FOR TODAY
                         NORMAL    RECORD    YEAR
 MAXIMUM TEMPERATURE (F)   79        96      1925
 MINIMUM TEMPERATURE (F)   57        35      2002


SUNRISE AND SUNSET
MAY 22 2017...........SUNRISE   533 AM CDT   SUNSET   753 PM CDT
MAY 23 2017...........SUNRISE   532 AM CDT   SUNSET   754 PM CDT


-  INDICATES NEGATIVE NUMBERS.
R  INDICATES RECORD WAS SET OR TIED.
MM INDICATES DATA IS MISSING.
T  INDICATES TRACE AMOUNT.




$$
