374
CDUS43 KLMK 212029 RRC
CLIBWG

CLIMATE REPORT
NATIONAL WEATHER SERVICE LOUISVILLE KY
428 PM EDT SAT MAY 21 2016


...................................

...THE BOWLING GREEN CLIMATE SUMMARY FOR MAY 21 2016...
VALID TODAY AS OF 0400 PM LOCAL TIME.

CLIMATE NORMAL PERIOD 1981 TO 2010
CLIMATE RECORD PERIOD 1870 TO 2016


WEATHER ITEM   OBSERVED TIME   RECORD YEAR NORMAL DEPARTURE LAST
                VALUE   (LST)  VALUE       VALUE  FROM      YEAR
                                                  NORMAL
..................................................................
TEMPERATURE (F)
 TODAY
  MAXIMUM         64    112 PM  96    1941  79    -15       60
  MINIMUM         59    645 AM  38    1954  57      2       46
  AVERAGE         62                        68     -6       53

PRECIPITATION (IN)
  TODAY            0.01          1.99 1987   0.18  -0.17     0.00
  MONTH TO DATE    4.44                      3.88   0.56     2.20
  SINCE MAR 1      9.79                     12.63  -2.84    17.55
  SINCE JAN 1     16.37                     20.20  -3.83    23.43

SNOWFALL (IN)
  TODAY            0.0           0.0    MM   0.0    0.0      0.0
  MONTH TO DATE    0.0                       0.0    0.0      0.0
  SINCE MAR 1      T                         1.3   -1.3      7.2
  SINCE JUL 1     24.0                       9.1   14.9     23.5
  SNOW DEPTH       0

DEGREE DAYS
 HEATING
  TODAY            3                         2      1       12
  MONTH TO DATE   88                        63     25       32
  SINCE MAR 1    625                       834   -209      744
  SINCE JUL 1   3225                      4032   -807     4279

 COOLING
  TODAY            0                         5     -5        0
  MONTH TO DATE   48                        62    -14       99
  SINCE MAR 1     92                        98     -6      134
  SINCE JAN 1     92                        98     -6      134
..................................................................


WIND (MPH)
  HIGHEST WIND SPEED    10   HIGHEST WIND DIRECTION    NW (310)
  HIGHEST GUST SPEED    18   HIGHEST GUST DIRECTION     W (290)
  AVERAGE WIND SPEED     8.1


SKY COVER
  POSSIBLE SUNSHINE  MM
  AVERAGE SKY COVER 0.9


WEATHER CONDITIONS
 THE FOLLOWING WEATHER WAS RECORDED TODAY.
  LIGHT RAIN
  FOG


RELATIVE HUMIDITY (PERCENT)
 HIGHEST    97           200 AM
 LOWEST     72           900 AM
 AVERAGE    85

..........................................................


THE BOWLING GREEN CLIMATE NORMALS FOR TOMORROW
                         NORMAL    RECORD    YEAR
 MAXIMUM TEMPERATURE (F)   79        96      1925
 MINIMUM TEMPERATURE (F)   57        35      2002


SUNRISE AND SUNSET
MAY 21 2016...........SUNRISE   533 AM CDT   SUNSET   752 PM CDT
MAY 22 2016...........SUNRISE   532 AM CDT   SUNSET   753 PM CDT


-  INDICATES NEGATIVE NUMBERS.
R  INDICATES RECORD WAS SET OR TIED.
MM INDICATES DATA IS MISSING.
T  INDICATES TRACE AMOUNT.




$$
