000
CDUS43 KLMK 242036
CLIBWG


CLIMATE REPORT
NATIONAL WEATHER SERVICE LOUISVILLE KY
435 PM EDT MON AUG 24 2015


...................................

...THE BOWLING GREEN CLIMATE SUMMARY FOR AUGUST 24 2015...
VALID TODAY AS OF 0400 PM LOCAL TIME.

CLIMATE NORMAL PERIOD 1981 TO 2010
CLIMATE RECORD PERIOD 1870 TO 2015


WEATHER ITEM   OBSERVED TIME   RECORD YEAR NORMAL DEPARTURE LAST
                VALUE   (LST)  VALUE       VALUE  FROM      YEAR
                                                  NORMAL
..................................................................
TEMPERATURE (F)
 TODAY
  MAXIMUM         82    211 PM 103    2007  88     -6       88
                                      1943
  MINIMUM         62    508 AM  50    1923  65     -3       71
  AVERAGE         72                        77     -5       80

PRECIPITATION (IN)
  TODAY            0.00          3.28 1922   0.12  -0.12     0.00
  MONTH TO DATE    1.54                      2.52  -0.98     7.96
  SINCE JUN 1     10.82                     10.82   0.00    12.21
  SINCE JAN 1     35.01                     32.75   2.26    32.79

SNOWFALL (IN)
  TODAY            0.0           0.0    MM   0.0    0.0      0.0
  MONTH TO DATE    0.0                       0.0    0.0      0.0
  SINCE JUN 1      0.0                       0.0    0.0      0.0
  SINCE JUL 1      0.0                       0.0    0.0      0.0
  SNOW DEPTH       0

DEGREE DAYS
 HEATING
  TODAY            0                         0      0        0
  MONTH TO DATE    0                         0      0        0
  SINCE JUN 1      3                         5     -2        0
  SINCE JUL 1      0                         0      0        0

 COOLING
  TODAY            7                        12     -5       15
  MONTH TO DATE  272                       308    -36      310
  SINCE JUN 1   1133                      1036     97      976
  SINCE JAN 1   1336                      1189    147     1173
..................................................................


WIND (MPH)
  HIGHEST WIND SPEED    13   HIGHEST WIND DIRECTION     W (280)
  HIGHEST GUST SPEED    17   HIGHEST GUST DIRECTION     W (270)
  AVERAGE WIND SPEED     5.3


SKY COVER
  POSSIBLE SUNSHINE  MM
  AVERAGE SKY COVER 0.1


WEATHER CONDITIONS
 THE FOLLOWING WEATHER WAS RECORDED TODAY.
  NO SIGNIFICANT WEATHER WAS OBSERVED.


RELATIVE HUMIDITY (PERCENT)
 HIGHEST    87           600 AM
 LOWEST     34           200 PM
 AVERAGE    61

..........................................................


THE BOWLING GREEN CLIMATE NORMALS FOR TOMORROW
                         NORMAL    RECORD    YEAR
 MAXIMUM TEMPERATURE (F)   88       102      1943
 MINIMUM TEMPERATURE (F)   65        47      1887


SUNRISE AND SUNSET
AUGUST 24 2015........SUNRISE   610 AM CDT   SUNSET   726 PM CDT
AUGUST 25 2015........SUNRISE   611 AM CDT   SUNSET   724 PM CDT


-  INDICATES NEGATIVE NUMBERS.
R  INDICATES RECORD WAS SET OR TIED.
MM INDICATES DATA IS MISSING.
T  INDICATES TRACE AMOUNT.




$$
