000
CDUS43 KLMK 102041
CLIBWG


CLIMATE REPORT
NATIONAL WEATHER SERVICE LOUISVILLE KY
440 PM EDT WED AUG 10 2016


...................................

...THE BOWLING GREEN CLIMATE SUMMARY FOR AUGUST 10 2016...
VALID TODAY AS OF 0400 PM LOCAL TIME.

CLIMATE NORMAL PERIOD 1981 TO 2010
CLIMATE RECORD PERIOD 1870 TO 2016


WEATHER ITEM   OBSERVED TIME   RECORD YEAR NORMAL DEPARTURE LAST
                VALUE   (LST)  VALUE       VALUE  FROM      YEAR
                                                  NORMAL
..................................................................
TEMPERATURE (F)
 TODAY
  MAXIMUM         91    231 PM 106    1918  90      1       87
  MINIMUM         76    406 AM  54    1976  67      9       74
  AVERAGE         84                        78      6       81

PRECIPITATION (IN)
  TODAY            0.00          1.55 1937   0.10  -0.10     0.01
  MONTH TO DATE    1.40                      0.98   0.42     0.58
  SINCE JUN 1     14.99                      9.28   5.71     9.86
  SINCE JAN 1     34.16                     31.21   2.95    34.05

SNOWFALL (IN)
  TODAY            0.0           0.0    MM   0.0    0.0      0.0
  MONTH TO DATE    0.0                       0.0    0.0      0.0
  SINCE JUN 1      0.0                       0.0    0.0      0.0
  SINCE JUL 1      0.0                       0.0    0.0      0.0
  SNOW DEPTH       0

DEGREE DAYS
 HEATING
  TODAY            0                         0      0        0
  MONTH TO DATE    0                         0      0        0
  SINCE JUN 1      0                         5     -5        3
  SINCE JUL 1      0                         0      0        0

 COOLING
  TODAY           19                        13      6       16
  MONTH TO DATE  170                       131     39      126
  SINCE JUN 1   1071                       859    212      987
  SINCE JAN 1   1237                      1012    225     1190
..................................................................


WIND (MPH)
  HIGHEST WIND SPEED    15   HIGHEST WIND DIRECTION     S (170)
  HIGHEST GUST SPEED    22   HIGHEST GUST DIRECTION    SE (140)
  AVERAGE WIND SPEED     5.8


SKY COVER
  POSSIBLE SUNSHINE   0 PERCENT
  AVERAGE SKY COVER 0.0


WEATHER CONDITIONS
 THE FOLLOWING WEATHER WAS RECORDED TODAY.
  NO SIGNIFICANT WEATHER WAS OBSERVED.


RELATIVE HUMIDITY (PERCENT)
 HIGHEST     0          1200 AM
 LOWEST      0          1200 AM
 AVERAGE     0

..........................................................


THE BOWLING GREEN CLIMATE NORMALS FOR TOMORROW
                         NORMAL    RECORD    YEAR
 MAXIMUM TEMPERATURE (F)   90       105      1918
 MINIMUM TEMPERATURE (F)   67        54      1962
                                             1888


SUNRISE AND SUNSET
AUGUST 10 2016........SUNRISE   559 AM CDT   SUNSET   743 PM CDT
AUGUST 11 2016........SUNRISE   600 AM CDT   SUNSET   741 PM CDT


-  INDICATES NEGATIVE NUMBERS.
R  INDICATES RECORD WAS SET OR TIED.
MM INDICATES DATA IS MISSING.
T  INDICATES TRACE AMOUNT.




$$
