000
CDUS43 KLMK 152137
CLIBWG


CLIMATE REPORT
NATIONAL WEATHER SERVICE LOUISVILLE KY
436 PM EST THU JAN 15 2015


...................................

...THE BOWLING GREEN CLIMATE SUMMARY FOR JANUARY 15 2015...
VALID TODAY AS OF 0400 PM LOCAL TIME.

CLIMATE NORMAL PERIOD 1981 TO 2010
CLIMATE RECORD PERIOD 1870 TO 2015


WEATHER ITEM   OBSERVED TIME   RECORD YEAR NORMAL DEPARTURE LAST
                VALUE   (LST)  VALUE       VALUE  FROM      YEAR
                                                  NORMAL
..................................................................
TEMPERATURE (F)
 TODAY
  MAXIMUM         34    251 PM  70    1952  45    -11       35
  MINIMUM         28   1257 AM  -3    1964  26      2       20
                                      1893
  AVERAGE         31                        35     -4       28

PRECIPITATION (IN)
  TODAY            0.03          3.02 1898   0.11  -0.08      T
  MONTH TO DATE    1.20                      1.72  -0.52     1.63
  SINCE DEC 1      2.89                      6.52  -3.63     6.64
  SINCE JAN 1      1.20                      1.72  -0.52     1.63

SNOWFALL (IN)
  TODAY            0.5           4.0  1917   0.1    0.4       T
  MONTH TO DATE    0.6                       1.4   -0.8      0.9
  SINCE DEC 1      0.6                       2.6   -2.0      1.0
  SINCE JUL 1      0.9                       2.6   -1.7      2.1
  SNOW DEPTH       0

DEGREE DAYS
 HEATING
  TODAY           34                        30      4       37
  MONTH TO DATE  514                       445     69      486
  SINCE DEC 1   1230                      1266    -36     1293
  SINCE JUL 1   2127                      2029     98     2173

 COOLING
  TODAY            0                         0      0        0
  MONTH TO DATE    0                         0      0        0
  SINCE DEC 1      0                         1     -1        2
  SINCE JAN 1      0                         0      0        0
..................................................................


WIND (MPH)
  HIGHEST WIND SPEED     9   HIGHEST WIND DIRECTION    SW (210)
  HIGHEST GUST SPEED    11   HIGHEST GUST DIRECTION    SW (220)
  AVERAGE WIND SPEED     2.1


SKY COVER
  POSSIBLE SUNSHINE  MM
  AVERAGE SKY COVER 1.0


WEATHER CONDITIONS
 THE FOLLOWING WEATHER WAS RECORDED TODAY.
  SNOW
  LIGHT SNOW
  FOG
  HAZE


RELATIVE HUMIDITY (PERCENT)
 HIGHEST    85          1200 PM
 LOWEST     66          1000 AM
 AVERAGE    76

..........................................................


THE BOWLING GREEN CLIMATE NORMALS FOR TOMORROW
                         NORMAL    RECORD    YEAR
 MAXIMUM TEMPERATURE (F)   45        73      1928
 MINIMUM TEMPERATURE (F)   26        -9      1982


SUNRISE AND SUNSET
JANUARY 15 2015.......SUNRISE   658 AM CST   SUNSET   453 PM CST
JANUARY 16 2015.......SUNRISE   658 AM CST   SUNSET   454 PM CST


-  INDICATES NEGATIVE NUMBERS.
R  INDICATES RECORD WAS SET OR TIED.
MM INDICATES DATA IS MISSING.
T  INDICATES TRACE AMOUNT.




$$
