000
CDUS43 KLMK 132028 RRA
CLIBWG

CLIMATE REPORT
NATIONAL WEATHER SERVICE LOUISVILLE KY
427 PM EDT TUE SEP 13 2016


...................................

...THE BOWLING GREEN CLIMATE SUMMARY FOR SEPTEMBER 13 2016...
VALID TODAY AS OF 0400 PM LOCAL TIME.

CLIMATE NORMAL PERIOD 1981 TO 2010
CLIMATE RECORD PERIOD 1870 TO 2016


WEATHER ITEM   OBSERVED TIME   RECORD YEAR NORMAL DEPARTURE LAST
                VALUE   (LST)  VALUE       VALUE  FROM      YEAR
                                                  NORMAL
..................................................................
TEMPERATURE (F)
 TODAY
  MAXIMUM         91    100 PM 100    1939  83      8       72
                                      1927
  MINIMUM         61    600 AM  36    1902  59      2       50
  AVERAGE         76                        71      5       61

PRECIPITATION (IN)
  TODAY            0.00          6.02 1979   0.14  -0.14     0.00
  MONTH TO DATE    0.03                      1.71  -1.68     0.71
  SINCE SEP 1      0.03                      1.71  -1.68     0.71
  SINCE JAN 1     37.95                     35.27   2.68    35.75

SNOWFALL (IN)
  TODAY            0.0           0.0    MM   0.0    0.0      0.0
  MONTH TO DATE    0.0                       0.0    0.0      0.0
  SINCE SEP 1      0.0                       0.0    0.0      0.0
  SINCE JUL 1      0.0                       0.0    0.0      0.0
  SNOW DEPTH       0

DEGREE DAYS
 HEATING
  TODAY            0                         0      0        4
  MONTH TO DATE    0                         0      0        5
  SINCE SEP 1      0                         0      0        5
  SINCE JUL 1      0                         1     -1        5

 COOLING
  TODAY           11                         7      4        0
  MONTH TO DATE  152                       111     41      159
  SINCE SEP 1    152                       111     41      159
  SINCE JAN 1   1711                      1380    331     1540
..................................................................


WIND (MPH)
  HIGHEST WIND SPEED     7   HIGHEST WIND DIRECTION     N (20)
  HIGHEST GUST SPEED    10   HIGHEST GUST DIRECTION     S (160)
  AVERAGE WIND SPEED     1.5


SKY COVER
  POSSIBLE SUNSHINE   0 PERCENT
  AVERAGE SKY COVER 0.0


WEATHER CONDITIONS
 THE FOLLOWING WEATHER WAS RECORDED TODAY.
  NO SIGNIFICANT WEATHER WAS OBSERVED.


RELATIVE HUMIDITY (PERCENT)
 HIGHEST     0          1200 AM
 LOWEST      0          1200 AM
 AVERAGE     0

..........................................................


THE BOWLING GREEN CLIMATE NORMALS FOR TOMORROW
                         NORMAL    RECORD    YEAR
 MAXIMUM TEMPERATURE (F)   83       103      1939
 MINIMUM TEMPERATURE (F)   59        35      1902


SUNRISE AND SUNSET
SEPTEMBER 13 2016.....SUNRISE   627 AM CDT   SUNSET   656 PM CDT
SEPTEMBER 14 2016.....SUNRISE   627 AM CDT   SUNSET   654 PM CDT


-  INDICATES NEGATIVE NUMBERS.
R  INDICATES RECORD WAS SET OR TIED.
MM INDICATES DATA IS MISSING.
T  INDICATES TRACE AMOUNT.




$$
