000
CDUS43 KLMK 112136
CLIBWG


CLIMATE REPORT
NATIONAL WEATHER SERVICE LOUISVILLE KY
436 PM EST SAT MAR 11 2017


...................................

...THE BOWLING GREEN CLIMATE SUMMARY FOR MARCH 11 2017...
VALID TODAY AS OF 0400 PM LOCAL TIME.

CLIMATE NORMAL PERIOD 1981 TO 2010
CLIMATE RECORD PERIOD 1870 TO 2017


WEATHER ITEM   OBSERVED TIME   RECORD YEAR NORMAL DEPARTURE LAST
                VALUE   (LST)  VALUE       VALUE  FROM      YEAR
                                                  NORMAL
..................................................................
TEMPERATURE (F)
 TODAY
  MAXIMUM         44    306 PM  84    1911  58    -14       62
  MINIMUM         35    656 AM  15    1934  36     -1       54
  AVERAGE         40                        47     -7       58

PRECIPITATION (IN)
  TODAY            0.00          1.84 1963   0.13  -0.13     0.00
  MONTH TO DATE    1.85                      1.48   0.37     1.19
  SINCE MAR 1      1.85                      1.48   0.37     1.19
  SINCE JAN 1      8.43                      9.05  -0.62     7.77

SNOWFALL (IN)
  TODAY            0.0           3.0  1960   0.0    0.0      0.0
  MONTH TO DATE    0.0                       0.4   -0.4      0.0
  SINCE MAR 1      0.0                       0.4   -0.4      0.0
  SINCE JUL 1      0.7                       8.2   -7.5     24.0
  SNOW DEPTH       0

DEGREE DAYS
 HEATING
  TODAY           25                        18      7        7
  MONTH TO DATE  168                       218    -50      156
  SINCE MAR 1    168                       218    -50      156
  SINCE JUL 1   2549                      3416   -867     2756

 COOLING
  TODAY            0                         0      0        0
  MONTH TO DATE    0                         0      0        0
  SINCE MAR 1      0                         0      0        0
  SINCE JAN 1      4                         0      4        0
..................................................................


WIND (MPH)
  HIGHEST WIND SPEED    13   HIGHEST WIND DIRECTION    NE (50)
  HIGHEST GUST SPEED    17   HIGHEST GUST DIRECTION    NE (60)
  AVERAGE WIND SPEED     6.8


SKY COVER
  POSSIBLE SUNSHINE  MM
  AVERAGE SKY COVER 0.9


WEATHER CONDITIONS
 THE FOLLOWING WEATHER WAS RECORDED TODAY.
  NO SIGNIFICANT WEATHER WAS OBSERVED.


RELATIVE HUMIDITY (PERCENT)
 HIGHEST    44           900 AM
 LOWEST     33           200 PM
 AVERAGE    39

..........................................................


THE BOWLING GREEN CLIMATE NORMALS FOR TOMORROW
                         NORMAL    RECORD    YEAR
 MAXIMUM TEMPERATURE (F)   58        82      1967
                                             1911
 MINIMUM TEMPERATURE (F)   36        13      1998


SUNRISE AND SUNSET
MARCH 11 2017.........SUNRISE   602 AM CST   SUNSET   550 PM CST
MARCH 12 2017.........SUNRISE   701 AM CDT   SUNSET   651 PM CDT


-  INDICATES NEGATIVE NUMBERS.
R  INDICATES RECORD WAS SET OR TIED.
MM INDICATES DATA IS MISSING.
T  INDICATES TRACE AMOUNT.




$$
