000
CDUS43 KLMK 122130
CLIBWG


CLIMATE REPORT
NATIONAL WEATHER SERVICE LOUISVILLE KY
429 PM EST FRI DEC 12 2014


...................................

...THE BOWLING GREEN CLIMATE SUMMARY FOR DECEMBER 12 2014...
VALID TODAY AS OF 0400 PM LOCAL TIME.

CLIMATE NORMAL PERIOD 1981 TO 2010
CLIMATE RECORD PERIOD 1870 TO 2014


WEATHER ITEM   OBSERVED TIME   RECORD YEAR NORMAL DEPARTURE LAST
                VALUE   (LST)  VALUE       VALUE  FROM      YEAR
                                                  NORMAL
..................................................................
TEMPERATURE (F)
 TODAY
  MAXIMUM         47    313 PM  68    1972  49     -2       33
                                      1929
                                      1896
  MINIMUM         22    658 AM  -5    1962  30     -8       15
  AVERAGE         35                        39     -4       24

PRECIPITATION (IN)
  TODAY            0.00          4.47 1949   0.17  -0.17     0.00
  MONTH TO DATE    1.05                      1.97  -0.92     2.55
  SINCE DEC 1      1.05                      1.97  -0.92     2.55
  SINCE JAN 1     45.48                     47.06  -1.58    57.20

SNOWFALL (IN)
  TODAY            0.0           3.0  2010   0.0    0.0      0.0
  MONTH TO DATE    0.0                       0.2   -0.2      0.1
  SINCE DEC 1      0.0                       0.2   -0.2      0.1
  SINCE JUL 1      0.3                       0.2    0.1      1.2
  SNOW DEPTH       0

DEGREE DAYS
 HEATING
  TODAY           30                        26      4       41
  MONTH TO DATE  260                       290    -30      305
  SINCE DEC 1    260                       290    -30      305
  SINCE JUL 1   1157                      1053    104     1185

 COOLING
  TODAY            0                         0      0        0
  MONTH TO DATE    0                         0      0        0
  SINCE DEC 1      0                         0      0        0
  SINCE JAN 1   1488                      1491     -3     1499
..................................................................


WIND (MPH)
  HIGHEST WIND SPEED     6   HIGHEST WIND DIRECTION     N (340)
  HIGHEST GUST SPEED     8   HIGHEST GUST DIRECTION     W (270)
  AVERAGE WIND SPEED     0.2


SKY COVER
  POSSIBLE SUNSHINE   0 PERCENT
  AVERAGE SKY COVER 0.0


WEATHER CONDITIONS
 THE FOLLOWING WEATHER WAS RECORDED TODAY.
  NO SIGNIFICANT WEATHER WAS OBSERVED.


RELATIVE HUMIDITY (PERCENT)
 HIGHEST    MM
 LOWEST     MM
 AVERAGE    MM

..........................................................


THE BOWLING GREEN CLIMATE NORMALS FOR TOMORROW
                         NORMAL    RECORD    YEAR
 MAXIMUM TEMPERATURE (F)   48        76      1927
 MINIMUM TEMPERATURE (F)   30        -8      1962


SUNRISE AND SUNSET
DECEMBER 12 2014......SUNRISE   649 AM CST   SUNSET   429 PM CST
DECEMBER 13 2014......SUNRISE   650 AM CST   SUNSET   430 PM CST


-  INDICATES NEGATIVE NUMBERS.
R  INDICATES RECORD WAS SET OR TIED.
MM INDICATES DATA IS MISSING.
T  INDICATES TRACE AMOUNT.




$$
