000
CDUS43 KLMK 130633
CLIBWG


CLIMATE REPORT
NATIONAL WEATHER SERVICE LOUISVILLE KY
131 AM EST SAT JAN 13 2018


...................................

...THE BOWLING GREEN KY CLIMATE SUMMARY FOR JANUARY 12 2018...

CLIMATE NORMAL PERIOD 1981 TO 2010
CLIMATE RECORD PERIOD 1870 TO 2018


WEATHER ITEM   OBSERVED TIME   RECORD YEAR NORMAL DEPARTURE LAST
                VALUE   (LST)  VALUE       VALUE  FROM      YEAR
                                                  NORMAL
..................................................................
TEMPERATURE (F)
 YESTERDAY
  MAXIMUM         59   1246 AM  73    1916  45     14       71
  MINIMUM         25    603 PM -26    1886  26     -1       43
  AVERAGE         42                        35      7       57

PRECIPITATION (IN)
  YESTERDAY        0.44          2.80 1913   0.10   0.34     0.35
  MONTH TO DATE    1.09                      1.38  -0.29     1.85
  SINCE DEC 1      4.58                      6.18  -1.60     7.49
  SINCE JAN 1      1.09                      1.38  -0.29     1.85

SNOWFALL (IN)
  YESTERDAY        3.2           5.0  1964   0.1    3.1      0.0
                                      1918
  MONTH TO DATE    3.2                       1.1    2.1      0.7
  SINCE DEC 1      3.2                       2.3    0.9      0.7
  SINCE JUL 1      3.2                       2.3    0.9      0.7
  SNOW DEPTH       0

DEGREE DAYS
 HEATING
  YESTERDAY       23                        30     -7        8
  MONTH TO DATE  417                       355     62      312
  SINCE DEC 1   1254                      1176     78     1107
  SINCE JUL 1   1955                      1939     16     1593

 COOLING
  YESTERDAY        0                         0      0        0
  MONTH TO DATE    0                         0      0        0
  SINCE DEC 1      0                         1     -1        0
  SINCE JAN 1      0                         0      0        0
..................................................................


WIND (MPH)
  HIGHEST WIND SPEED    17   HIGHEST WIND DIRECTION    NW (310)
  HIGHEST GUST SPEED    30   HIGHEST GUST DIRECTION    NW (310)
  AVERAGE WIND SPEED     9.7


SKY COVER
  POSSIBLE SUNSHINE  MM
  AVERAGE SKY COVER 0.9


WEATHER CONDITIONS
 THE FOLLOWING WEATHER WAS RECORDED YESTERDAY.
  LIGHT RAIN
  LT FREEZING RAIN
  SNOW
  LIGHT SNOW
  FOG


RELATIVE HUMIDITY (PERCENT)
 HIGHEST   100           200 AM
 LOWEST     92           800 AM
 AVERAGE    96

..........................................................


THE BOWLING GREEN KY CLIMATE NORMALS FOR TODAY
                         NORMAL    RECORD    YEAR
 MAXIMUM TEMPERATURE (F)   45        73      1911
                                             1907
 MINIMUM TEMPERATURE (F)   26       -12      1918


SUNRISE AND SUNSET
JANUARY 13 2018.......SUNRISE   658 AM CST   SUNSET   451 PM CST
JANUARY 14 2018.......SUNRISE   658 AM CST   SUNSET   452 PM CST


-  INDICATES NEGATIVE NUMBERS.
R  INDICATES RECORD WAS SET OR TIED.
MM INDICATES DATA IS MISSING.
T  INDICATES TRACE AMOUNT.

$$

SCHOETTMER
