000
CDUS43 KLMK 202129
CLIBWG


CLIMATE REPORT
NATIONAL WEATHER SERVICE LOUISVILLE KY
428 PM EST TUE JAN 20 2015


...................................

...THE BOWLING GREEN CLIMATE SUMMARY FOR JANUARY 20 2015...
VALID TODAY AS OF 0400 PM LOCAL TIME.

CLIMATE NORMAL PERIOD 1981 TO 2010
CLIMATE RECORD PERIOD 1870 TO 2015


WEATHER ITEM   OBSERVED TIME   RECORD YEAR NORMAL DEPARTURE LAST
                VALUE   (LST)  VALUE       VALUE  FROM      YEAR
                                                  NORMAL
..................................................................
TEMPERATURE (F)
 TODAY
  MAXIMUM         59    140 PM  72    1906  45     14       56
  MINIMUM         28    636 AM -14    1985  26      2       35
  AVERAGE         44                        36      8       46

PRECIPITATION (IN)
  TODAY            0.00          2.35 1927   0.12  -0.12     0.00
  MONTH TO DATE    1.25                      2.29  -1.04     1.66
  SINCE DEC 1      2.94                      7.09  -4.15     6.67
  SINCE JAN 1      1.25                      2.29  -1.04     1.66

SNOWFALL (IN)
  TODAY            0.0           3.0  1977   0.1   -0.1      0.0
                                      1918
  MONTH TO DATE    0.6                       1.9   -1.3      1.0
  SINCE DEC 1      0.6                       3.1   -2.5      1.1
  SINCE JUL 1      0.9                       3.1   -2.2      2.2
  SNOW DEPTH       0

DEGREE DAYS
 HEATING
  TODAY           21                        29     -8       19
  MONTH TO DATE  631                       593     38      639
  SINCE DEC 1   1347                      1414    -67     1446
  SINCE JUL 1   2244                      2177     67     2326

 COOLING
  TODAY            0                         0      0        0
  MONTH TO DATE    0                         0      0        0
  SINCE DEC 1      0                         1     -1        2
  SINCE JAN 1      0                         0      0        0
..................................................................


WIND (MPH)
  HIGHEST WIND SPEED     9   HIGHEST WIND DIRECTION    NW (320)
  HIGHEST GUST SPEED    12   HIGHEST GUST DIRECTION    NW (330)
  AVERAGE WIND SPEED     2.3


SKY COVER
  POSSIBLE SUNSHINE   0 PERCENT
  AVERAGE SKY COVER 0.0


WEATHER CONDITIONS
 THE FOLLOWING WEATHER WAS RECORDED TODAY.
  NO SIGNIFICANT WEATHER WAS OBSERVED.


RELATIVE HUMIDITY (PERCENT)
 HIGHEST     0          1200 AM
 LOWEST      0          1200 AM
 AVERAGE     0

..........................................................


THE BOWLING GREEN CLIMATE NORMALS FOR TOMORROW
                         NORMAL    RECORD    YEAR
 MAXIMUM TEMPERATURE (F)   45        71      1999
                                             1916
 MINIMUM TEMPERATURE (F)   26       -12      1985


SUNRISE AND SUNSET
JANUARY 20 2015.......SUNRISE   656 AM CST   SUNSET   458 PM CST
JANUARY 21 2015.......SUNRISE   656 AM CST   SUNSET   459 PM CST


-  INDICATES NEGATIVE NUMBERS.
R  INDICATES RECORD WAS SET OR TIED.
MM INDICATES DATA IS MISSING.
T  INDICATES TRACE AMOUNT.




$$
