000
CDUS43 KLMK 142026
CLIBWG


CLIMATE REPORT
NATIONAL WEATHER SERVICE LOUISVILLE KY
426 PM EDT THU APR 14 2016


...................................

...THE BOWLING GREEN CLIMATE SUMMARY FOR APRIL 14 2016...
VALID TODAY AS OF 0400 PM LOCAL TIME.

CLIMATE NORMAL PERIOD 1981 TO 2010
CLIMATE RECORD PERIOD 1870 TO 2016


WEATHER ITEM   OBSERVED TIME   RECORD YEAR NORMAL DEPARTURE LAST
                VALUE   (LST)  VALUE       VALUE  FROM      YEAR
                                                  NORMAL
..................................................................
TEMPERATURE (F)
 TODAY
  MAXIMUM         72    112 PM  88    1919  69      3       66
  MINIMUM         46    713 AM  22    1950  45      1       56
  AVERAGE         59                        57      2       61

PRECIPITATION (IN)
  TODAY            0.00          2.24 1893   0.14  -0.14     1.60
  MONTH TO DATE    0.51                      1.89  -1.38     5.75
  SINCE MAR 1      4.33                      6.30  -1.97    12.02
  SINCE JAN 1     10.91                     13.87  -2.96    17.90

SNOWFALL (IN)
  TODAY            0.0           0.5  1943   0.0    0.0      0.0
  MONTH TO DATE    0.0                       0.2   -0.2      0.0
  SINCE MAR 1      T                         1.3   -1.3      7.2
  SINCE JUL 1     24.0                       9.1   14.9     23.5
  SNOW DEPTH       0

DEGREE DAYS
 HEATING
  TODAY            6                         9     -3        4
  MONTH TO DATE  178                       147     31       70
  SINCE MAR 1    527                       667   -140      610
  SINCE JUL 1   3127                      3865   -738     4145

 COOLING
  TODAY            0                         1     -1        0
  MONTH TO DATE    0                        13    -13       28
  SINCE MAR 1      1                        18    -17       28
  SINCE JAN 1      1                        18    -17       28
..................................................................


WIND (MPH)
  HIGHEST WIND SPEED     8   HIGHEST WIND DIRECTION     E (70)
  HIGHEST GUST SPEED    13   HIGHEST GUST DIRECTION    SE (130)
  AVERAGE WIND SPEED     2.6


SKY COVER
  POSSIBLE SUNSHINE   0 PERCENT
  AVERAGE SKY COVER 0.0


WEATHER CONDITIONS
 THE FOLLOWING WEATHER WAS RECORDED TODAY.
  NO SIGNIFICANT WEATHER WAS OBSERVED.


RELATIVE HUMIDITY (PERCENT)
 HIGHEST     0          1200 AM
 LOWEST      0          1200 AM
 AVERAGE     0

..........................................................


THE BOWLING GREEN CLIMATE NORMALS FOR TOMORROW
                         NORMAL    RECORD    YEAR
 MAXIMUM TEMPERATURE (F)   70        88      1936
                                             1931
                                             1924
 MINIMUM TEMPERATURE (F)   45        25      1950


SUNRISE AND SUNSET
APRIL 14 2016.........SUNRISE   612 AM CDT   SUNSET   720 PM CDT
APRIL 15 2016.........SUNRISE   611 AM CDT   SUNSET   721 PM CDT


-  INDICATES NEGATIVE NUMBERS.
R  INDICATES RECORD WAS SET OR TIED.
MM INDICATES DATA IS MISSING.
T  INDICATES TRACE AMOUNT.




$$
