000
CDUS43 KLMK 080627
CLIBWG


CLIMATE REPORT
NATIONAL WEATHER SERVICE LOUISVILLE KY
227 AM EDT MON MAY 8 2017


...................................

...THE BOWLING GREEN KY CLIMATE SUMMARY FOR MAY 7 2017...

CLIMATE NORMAL PERIOD 1981 TO 2010
CLIMATE RECORD PERIOD 1870 TO 2017


WEATHER ITEM   OBSERVED TIME   RECORD YEAR NORMAL DEPARTURE LAST
                VALUE   (LST)  VALUE       VALUE  FROM      YEAR
                                                  NORMAL
..................................................................
TEMPERATURE (F)
 YESTERDAY
  MAXIMUM         72    259 PM  92    1940  75     -3       85
                                      1916
                                      1894
  MINIMUM         38    438 AM  32    1891  52    -14       53
  AVERAGE         55                        64     -9       69

PRECIPITATION (IN)
  YESTERDAY        0.00          3.05 1984   0.19  -0.19     0.00
  MONTH TO DATE    1.13                      1.29  -0.16     0.54
  SINCE MAR 1      9.50                     10.04  -0.54     5.89
  SINCE JAN 1     16.08                     17.61  -1.53    12.47

SNOWFALL (IN)
  YESTERDAY        0.0           0.0    MM   0.0    0.0      0.0
  MONTH TO DATE    0.0                       0.0    0.0      0.0
  SINCE MAR 1      T                         1.3   -1.3       T
  SINCE JUL 1      0.7                       9.1   -8.4     24.0
  SNOW DEPTH       0

DEGREE DAYS
 HEATING
  YESTERDAY       10                         3      7        0
  MONTH TO DATE   51                        28     23       32
  SINCE MAR 1    599                       799   -200      569
  SINCE JUL 1   2980                      3997  -1017     3169

 COOLING
  YESTERDAY        0                         2     -2        4
  MONTH TO DATE    0                        14    -14       12
  SINCE MAR 1     90                        50     40       56
  SINCE JAN 1     94                        50     44       56
..................................................................


WIND (MPH)
  HIGHEST WIND SPEED    18   HIGHEST WIND DIRECTION     W (290)
  HIGHEST GUST SPEED    25   HIGHEST GUST DIRECTION     W (290)
  AVERAGE WIND SPEED     3.2


SKY COVER
  POSSIBLE SUNSHINE  MM
  AVERAGE SKY COVER 0.1


WEATHER CONDITIONS
 THE FOLLOWING WEATHER WAS RECORDED YESTERDAY.
  FOG


RELATIVE HUMIDITY (PERCENT)
 HIGHEST   100           200 AM
 LOWEST     35           300 PM
 AVERAGE    68

..........................................................


THE BOWLING GREEN KY CLIMATE NORMALS FOR TODAY
                         NORMAL    RECORD    YEAR
 MAXIMUM TEMPERATURE (F)   76        93      1936
 MINIMUM TEMPERATURE (F)   53        34      1885


SUNRISE AND SUNSET
MAY  8 2017...........SUNRISE   544 AM CDT   SUNSET   741 PM CDT
MAY  9 2017...........SUNRISE   543 AM CDT   SUNSET   742 PM CDT


-  INDICATES NEGATIVE NUMBERS.
R  INDICATES RECORD WAS SET OR TIED.
MM INDICATES DATA IS MISSING.
T  INDICATES TRACE AMOUNT.




$$
