000
CDUS43 KLMK 042131 RRA
CLIBWG

CLIMATE REPORT
NATIONAL WEATHER SERVICE LOUISVILLE KY
429 PM EST SAT FEB 4 2017


...................................

...THE BOWLING GREEN CLIMATE SUMMARY FOR FEBRUARY 4 2017...
VALID TODAY AS OF 0400 PM LOCAL TIME.

CLIMATE NORMAL PERIOD 1981 TO 2010
CLIMATE RECORD PERIOD 1870 TO 2017


WEATHER ITEM   OBSERVED TIME   RECORD YEAR NORMAL DEPARTURE LAST
                VALUE   (LST)  VALUE       VALUE  FROM      YEAR
                                                  NORMAL
..................................................................
TEMPERATURE (F)
 TODAY
  MAXIMUM         46    300 PM  72    1962  47     -1       42
  MINIMUM         15    612 AM -10    1886  28    -13       26
  AVERAGE         31                        37     -6       34

PRECIPITATION (IN)
  TODAY            0.00          2.56 2014   0.15  -0.15     0.00
  MONTH TO DATE    0.00                      0.59  -0.59     1.77
  SINCE DEC 1      9.80                      9.00   0.80     8.81
  SINCE JAN 1      4.16                      4.20  -0.04     3.58

SNOWFALL (IN)
  TODAY            0.0           3.0  1907   0.1   -0.1      0.0
  MONTH TO DATE    0.0                       0.6   -0.6      0.0
  SINCE DEC 1      0.7                       5.1   -4.4     14.8
  SINCE JUL 1      0.7                       5.1   -4.4     14.8
  SNOW DEPTH       0

DEGREE DAYS
 HEATING
  TODAY           34                        28      6       31
  MONTH TO DATE  116                       112      4       68
  SINCE DEC 1   1551                      1841   -290     1453
  SINCE JUL 1   2037                      2604   -567     1991

 COOLING
  TODAY            0                         0      0        0
  MONTH TO DATE    0                         0      0        0
  SINCE DEC 1      0                         1     -1        2
  SINCE JAN 1      0                         0      0        0
..................................................................


WIND (MPH)
  HIGHEST WIND SPEED     9   HIGHEST WIND DIRECTION     E (100)
  HIGHEST GUST SPEED    13   HIGHEST GUST DIRECTION    SE (150)
  AVERAGE WIND SPEED     2.6


SKY COVER
  POSSIBLE SUNSHINE  MM
  AVERAGE SKY COVER 0.0


WEATHER CONDITIONS
 THE FOLLOWING WEATHER WAS RECORDED TODAY.
  NO SIGNIFICANT WEATHER WAS OBSERVED.


RELATIVE HUMIDITY (PERCENT)
 HIGHEST    80           500 AM
 LOWEST     14           300 PM
 AVERAGE    47

..........................................................


THE BOWLING GREEN CLIMATE NORMALS FOR TOMORROW
                         NORMAL    RECORD    YEAR
 MAXIMUM TEMPERATURE (F)   47        75      1927
 MINIMUM TEMPERATURE (F)   28        -3      1917


SUNRISE AND SUNSET
FEBRUARY  4 2017......SUNRISE   645 AM CST   SUNSET   514 PM CST
FEBRUARY  5 2017......SUNRISE   644 AM CST   SUNSET   516 PM CST


-  INDICATES NEGATIVE NUMBERS.
R  INDICATES RECORD WAS SET OR TIED.
MM INDICATES DATA IS MISSING.
T  INDICATES TRACE AMOUNT.




$$
