000
CDUS43 KLMK 180626
CLIBWG


CLIMATE REPORT
NATIONAL WEATHER SERVICE LOUISVILLE KY
126 AM EST THU DEC 18 2014


...................................

...THE BOWLING GREEN KY CLIMATE SUMMARY FOR DECEMBER 17 2014...

CLIMATE NORMAL PERIOD 1981 TO 2010
CLIMATE RECORD PERIOD 1870 TO 2014


WEATHER ITEM   OBSERVED TIME   RECORD YEAR NORMAL DEPARTURE LAST
                VALUE   (LST)  VALUE       VALUE  FROM      YEAR
                                                  NORMAL
..................................................................
TEMPERATURE (F)
 YESTERDAY
  MAXIMUM         42    126 PM  75    1924  47     -5       51
  MINIMUM         27   1037 PM   3    1901  29     -2       25
  AVERAGE         35                        38     -3       38

PRECIPITATION (IN)
  YESTERDAY        0.00          1.59 1990   0.16  -0.16     0.00
  MONTH TO DATE    1.08                      2.77  -1.69     2.97
  SINCE DEC 1      1.08                      2.77  -1.69     2.97
  SINCE JAN 1     45.51                     47.86  -2.35    57.62

SNOWFALL (IN)
  YESTERDAY        0.0           1.0  1932   0.0    0.0      0.0
  MONTH TO DATE    0.0                       0.4   -0.4      0.1
  SINCE DEC 1      0.0                       0.4   -0.4      0.1
  SINCE JUL 1      0.3                       0.4   -0.1      1.2
  SNOW DEPTH       0

DEGREE DAYS
 HEATING
  YESTERDAY       30                        27      3       27
  MONTH TO DATE  366                       423    -57      447
  SINCE DEC 1    366                       423    -57      447
  SINCE JUL 1   1263                      1186     77     1327

 COOLING
  YESTERDAY        0                         0      0        0
  MONTH TO DATE    0                         0      0        0
  SINCE DEC 1      0                         0      0        0
  SINCE JAN 1   1488                      1491     -3     1499
..................................................................


WIND (MPH)
  HIGHEST WIND SPEED    12   HIGHEST WIND DIRECTION    NW (310)
  HIGHEST GUST SPEED    15   HIGHEST GUST DIRECTION    NW (320)
  AVERAGE WIND SPEED     4.8


SKY COVER
  POSSIBLE SUNSHINE  MM
  AVERAGE SKY COVER 0.5


WEATHER CONDITIONS
 THE FOLLOWING WEATHER WAS RECORDED YESTERDAY.
  NO SIGNIFICANT WEATHER WAS OBSERVED.


RELATIVE HUMIDITY (PERCENT)
 HIGHEST    78           900 PM
 LOWEST     54           400 PM
 AVERAGE    66

..........................................................


THE BOWLING GREEN KY CLIMATE NORMALS FOR TODAY
                         NORMAL    RECORD    YEAR
 MAXIMUM TEMPERATURE (F)   47        68      1924
 MINIMUM TEMPERATURE (F)   29        -5      1901


SUNRISE AND SUNSET
DECEMBER 18 2014......SUNRISE   653 AM CST   SUNSET   431 PM CST
DECEMBER 19 2014......SUNRISE   654 AM CST   SUNSET   432 PM CST


-  INDICATES NEGATIVE NUMBERS.
R  INDICATES RECORD WAS SET OR TIED.
MM INDICATES DATA IS MISSING.
T  INDICATES TRACE AMOUNT.




$$
