000
CDUS43 KLMK 092247
CLIBWG


CLIMATE REPORT
NATIONAL WEATHER SERVICE LOUISVILLE KY
645 PM EDT SAT AUG 9 2014


...................................

...THE BOWLING GREEN CLIMATE SUMMARY FOR AUGUST 9 2014...
VALID TODAY AS OF 0400 PM LOCAL TIME.

CLIMATE NORMAL PERIOD 1981 TO 2010
CLIMATE RECORD PERIOD 1870 TO 2014


WEATHER ITEM   OBSERVED TIME   RECORD YEAR NORMAL DEPARTURE LAST
                VALUE   (LST)  VALUE       VALUE  FROM      YEAR
                                                  NORMAL
..................................................................
TEMPERATURE (F)
 TODAY
  MAXIMUM         87   1103 AM 110    1930  90     -3       89
  MINIMUM         72    417 AM  52    1989  67      5       71
  AVERAGE         80                        78      2       80

PRECIPITATION (IN)
  TODAY            1.91          2.85 2013   0.10   1.81     2.85
  MONTH TO DATE    3.06                      0.88   2.18     2.86
  SINCE JUN 1      7.31                      9.18  -1.87    14.90
  SINCE JAN 1     27.89                     31.11  -3.22    39.43

SNOWFALL (IN)
  TODAY            0.0           0.0    MM   0.0    0.0      0.0
  MONTH TO DATE    0.0                       0.0    0.0      0.0
  SINCE JUN 1      0.0                       0.0    0.0      0.0
  SINCE JUL 1      0.0                       0.0    0.0      0.0
  SNOW DEPTH       0

DEGREE DAYS
 HEATING
  TODAY            0                         0      0        0
  MONTH TO DATE    0                         0      0        0
  SINCE JUN 1      0                         5     -5        0
  SINCE JUL 1      0                         0      0        0

 COOLING
  TODAY           15                        13      2       15
  MONTH TO DATE  115                       118     -3      103
  SINCE JUN 1    781                       846    -65      793
  SINCE JAN 1    978                       999    -21     1006
..................................................................


WIND (MPH)
  HIGHEST WIND SPEED    14   HIGHEST WIND DIRECTION    NW (300)
  HIGHEST GUST SPEED    17   HIGHEST GUST DIRECTION    NW (310)
  AVERAGE WIND SPEED     5.8


SKY COVER
  POSSIBLE SUNSHINE  MM
  AVERAGE SKY COVER 0.7


WEATHER CONDITIONS
 THE FOLLOWING WEATHER WAS RECORDED TODAY.
  THUNDERSTORM
  HEAVY RAIN
  LIGHT RAIN
  FOG
  FOG W/VISIBILITY <= 1/4 MILE


RELATIVE HUMIDITY (PERCENT)
 HIGHEST    93           200 PM
 LOWEST     61          1100 AM
 AVERAGE    77

..........................................................


THE BOWLING GREEN CLIMATE NORMALS FOR TOMORROW
                         NORMAL    RECORD    YEAR
 MAXIMUM TEMPERATURE (F)   90       106      1918
 MINIMUM TEMPERATURE (F)   67        54      1976


SUNRISE AND SUNSET
AUGUST  9 2014........SUNRISE   558 AM CDT   SUNSET   744 PM CDT
AUGUST 10 2014........SUNRISE   558 AM CDT   SUNSET   743 PM CDT


-  INDICATES NEGATIVE NUMBERS.
R  INDICATES RECORD WAS SET OR TIED.
MM INDICATES DATA IS MISSING.
T  INDICATES TRACE AMOUNT.




$$
