000
CDUS43 KLMK 080629
CLIBWG


CLIMATE REPORT
NATIONAL WEATHER SERVICE LOUISVILLE KY
128 AM EST THU FEB 8 2018


...................................

...THE BOWLING GREEN KY CLIMATE SUMMARY FOR FEBRUARY 7 2018...

CLIMATE NORMAL PERIOD 1981 TO 2010
CLIMATE RECORD PERIOD 1870 TO 2018


WEATHER ITEM   OBSERVED TIME   RECORD YEAR NORMAL DEPARTURE LAST
                VALUE   (LST)  VALUE       VALUE  FROM      YEAR
                                                  NORMAL
..................................................................
TEMPERATURE (F)
 YESTERDAY
  MAXIMUM         37    225 AM  71    1931  48    -11       61
  MINIMUM         30   1125 PM  -5    1984  28      2       52
  AVERAGE         34                        38     -4       57

PRECIPITATION (IN)
  YESTERDAY        0.56          1.49 2017   0.14   0.42     1.49
  MONTH TO DATE    1.62                      1.02   0.60     1.51
  SINCE DEC 1      7.39                      9.43  -2.04    11.31
  SINCE JAN 1      3.90                      4.63  -0.73     5.67

SNOWFALL (IN)
  YESTERDAY        0.0           6.0  1979   0.1   -0.1      0.0
  MONTH TO DATE    0.2                       1.0   -0.8      0.0
  SINCE DEC 1      8.4                       5.5    2.9      0.7
  SINCE JUL 1      8.4                       5.5    2.9      0.7
  SNOW DEPTH       0

DEGREE DAYS
 HEATING
  YESTERDAY       31                        27      4        8
  MONTH TO DATE  223                       193     30      154
  SINCE DEC 1   2047                      1922    125     1589
  SINCE JUL 1   2748                      2685     63     2075

 COOLING
  YESTERDAY        0                         0      0        0
  MONTH TO DATE    0                         0      0        0
  SINCE DEC 1      0                         1     -1        0
  SINCE JAN 1      0                         0      0        0
..................................................................


WIND (MPH)
  HIGHEST WIND SPEED    13   HIGHEST WIND DIRECTION    NW (330)
  HIGHEST GUST SPEED    20   HIGHEST GUST DIRECTION     N (350)
  AVERAGE WIND SPEED     5.8


SKY COVER
  POSSIBLE SUNSHINE  MM
  AVERAGE SKY COVER 1.0


WEATHER CONDITIONS
 THE FOLLOWING WEATHER WAS RECORDED YESTERDAY.
  HEAVY RAIN
  RAIN
  LIGHT RAIN
  LT FREEZING RAIN
  FOG


RELATIVE HUMIDITY (PERCENT)
 HIGHEST   100          1200 AM
 LOWEST     72           400 PM
 AVERAGE    86

..........................................................


THE BOWLING GREEN KY CLIMATE NORMALS FOR TODAY
                         NORMAL    RECORD    YEAR
 MAXIMUM TEMPERATURE (F)   48        75      1937
 MINIMUM TEMPERATURE (F)   28        -5      1895


SUNRISE AND SUNSET
FEBRUARY  8 2018......SUNRISE   642 AM CST   SUNSET   519 PM CST
FEBRUARY  9 2018......SUNRISE   641 AM CST   SUNSET   520 PM CST


-  INDICATES NEGATIVE NUMBERS.
R  INDICATES RECORD WAS SET OR TIED.
MM INDICATES DATA IS MISSING.
T  INDICATES TRACE AMOUNT.




$$
