000
CDUS43 KLMK 062136
CLIBWG


CLIMATE REPORT
NATIONAL WEATHER SERVICE LOUISVILLE KY
436 PM EST MON NOV 6 2017


...................................

...THE BOWLING GREEN CLIMATE SUMMARY FOR NOVEMBER 6 2017...
VALID TODAY AS OF 0400 PM LOCAL TIME.

CLIMATE NORMAL PERIOD 1981 TO 2010
CLIMATE RECORD PERIOD 1870 TO 2017


WEATHER ITEM   OBSERVED TIME   RECORD YEAR NORMAL DEPARTURE LAST
                VALUE   (LST)  VALUE       VALUE  FROM      YEAR
                                                  NORMAL
..................................................................
TEMPERATURE (F)
 TODAY
  MAXIMUM         71   1200 AM  81    1915  64      7       73
  MINIMUM         57    103 PM  20    1901  40     17       40
  AVERAGE         64                        52     12       57

PRECIPITATION (IN)
  TODAY            0.99          2.25 1911   0.13   0.86     0.00
  MONTH TO DATE    1.25                      0.78   0.47     0.00
  SINCE SEP 1     11.19                      8.09   3.10     2.13
  SINCE JAN 1     48.27                     41.65   6.62    40.05

SNOWFALL (IN)
  TODAY            0.0           T    1959   0.0    0.0      0.0
  MONTH TO DATE    0.0                       0.0    0.0      0.0
  SINCE SEP 1      T                         T      0.0      0.0
  SINCE JUL 1      T                         T      0.0      0.0
  SNOW DEPTH       0

DEGREE DAYS
 HEATING
  TODAY            1                        13    -12        8
  MONTH TO DATE   12                        75    -63       27
  SINCE SEP 1    232                       337   -105      113
  SINCE JUL 1    232                       338   -106      113

 COOLING
  TODAY            0                         0      0        0
  MONTH TO DATE   12                         0     12       15
  SINCE SEP 1    248                       219     29      420
  SINCE JAN 1   1600                      1488    112     1979
..................................................................


WIND (MPH)
  HIGHEST WIND SPEED    14   HIGHEST WIND DIRECTION    SW (210)
  HIGHEST GUST SPEED    21   HIGHEST GUST DIRECTION    SW (220)
  AVERAGE WIND SPEED     6.0


SKY COVER
  POSSIBLE SUNSHINE  MM
  AVERAGE SKY COVER 0.9


WEATHER CONDITIONS
 THE FOLLOWING WEATHER WAS RECORDED TODAY.
  THUNDERSTORM
  HEAVY RAIN
  RAIN
  LIGHT RAIN
  FOG


RELATIVE HUMIDITY (PERCENT)
 HIGHEST   100           900 AM
 LOWEST     93           200 AM
 AVERAGE    97

..........................................................


THE BOWLING GREEN CLIMATE NORMALS FOR TOMORROW
                         NORMAL    RECORD    YEAR
 MAXIMUM TEMPERATURE (F)   63        82      1909
 MINIMUM TEMPERATURE (F)   40        20      1953
                                             1886


SUNRISE AND SUNSET
NOVEMBER  6 2017......SUNRISE   615 AM CST   SUNSET   443 PM CST
NOVEMBER  7 2017......SUNRISE   616 AM CST   SUNSET   442 PM CST


-  INDICATES NEGATIVE NUMBERS.
R  INDICATES RECORD WAS SET OR TIED.
MM INDICATES DATA IS MISSING.
T  INDICATES TRACE AMOUNT.




$$
