193
CDUS43 KLMK 122029
CLIBWG


CLIMATE REPORT
NATIONAL WEATHER SERVICE LOUISVILLE KY
429 PM EDT TUE SEP 12 2017


...................................

...THE BOWLING GREEN CLIMATE SUMMARY FOR SEPTEMBER 12 2017...
VALID TODAY AS OF 0400 PM LOCAL TIME.

CLIMATE NORMAL PERIOD 1981 TO 2010
CLIMATE RECORD PERIOD 1870 TO 2017


WEATHER ITEM   OBSERVED TIME   RECORD YEAR NORMAL DEPARTURE LAST
                VALUE   (LST)  VALUE       VALUE  FROM      YEAR
                                                  NORMAL
..................................................................
TEMPERATURE (F)
 TODAY
  MAXIMUM         72   1212 PM  98    1939  84    -12       85
  MINIMUM         59    346 AM  42    1940  60     -1       54
  AVERAGE         66                        72     -6       70

PRECIPITATION (IN)
  TODAY            0.14          1.20 1938   0.14   0.00     0.00
  MONTH TO DATE    5.42                      1.57   3.85     0.03
  SINCE SEP 1      5.42                      1.57   3.85     0.03
  SINCE JAN 1     42.50                     35.13   7.37    37.95

SNOWFALL (IN)
  TODAY            0.0           0.0    MM   0.0    0.0      0.0
  MONTH TO DATE    0.0                       0.0    0.0      0.0
  SINCE SEP 1      0.0                       0.0    0.0      0.0
  SINCE JUL 1      0.0                       0.0    0.0      0.0
  SNOW DEPTH       0

DEGREE DAYS
 HEATING
  TODAY            0                         0      0        0
  MONTH TO DATE   16                         0     16        0
  SINCE SEP 1     16                         0     16        0
  SINCE JUL 1     16                         1     15        0

 COOLING
  TODAY            1                         7     -6        5
  MONTH TO DATE   19                       104    -85      141
  SINCE SEP 1     19                       104    -85      141
  SINCE JAN 1   1371                      1373     -2     1700
..................................................................


WIND (MPH)
  HIGHEST WIND SPEED    18   HIGHEST WIND DIRECTION     E (80)
  HIGHEST GUST SPEED    26   HIGHEST GUST DIRECTION    NE (60)
  AVERAGE WIND SPEED    10.6


SKY COVER
  POSSIBLE SUNSHINE  MM
  AVERAGE SKY COVER 0.7


WEATHER CONDITIONS
 THE FOLLOWING WEATHER WAS RECORDED TODAY.
  LIGHT RAIN
  FOG


RELATIVE HUMIDITY (PERCENT)
 HIGHEST    97           600 AM
 LOWEST     73          1100 AM
 AVERAGE    85

..........................................................


THE BOWLING GREEN CLIMATE NORMALS FOR TOMORROW
                         NORMAL    RECORD    YEAR
 MAXIMUM TEMPERATURE (F)   83       100      1939
                                             1927
 MINIMUM TEMPERATURE (F)   59        36      1902


SUNRISE AND SUNSET
SEPTEMBER 12 2017.....SUNRISE   626 AM CDT   SUNSET   657 PM CDT
SEPTEMBER 13 2017.....SUNRISE   626 AM CDT   SUNSET   656 PM CDT


-  INDICATES NEGATIVE NUMBERS.
R  INDICATES RECORD WAS SET OR TIED.
MM INDICATES DATA IS MISSING.
T  INDICATES TRACE AMOUNT.




$$
