000
CDUS43 KLMK 100637
CLIBWG


CLIMATE REPORT
NATIONAL WEATHER SERVICE LOUISVILLE KY
236 AM EDT MON JUL 10 2017


...................................

...THE BOWLING GREEN KY CLIMATE SUMMARY FOR JULY 9 2017...

CLIMATE NORMAL PERIOD 1981 TO 2010
CLIMATE RECORD PERIOD 1870 TO 2017


WEATHER ITEM   OBSERVED TIME   RECORD YEAR NORMAL DEPARTURE LAST
                VALUE   (LST)  VALUE       VALUE  FROM      YEAR
                                                  NORMAL
..................................................................
TEMPERATURE (F)
 YESTERDAY
  MAXIMUM         89    139 PM 105    1936  89      0       90
  MINIMUM         64    439 AM  52    1891  68     -4       70
  AVERAGE         77                        79     -2       80

PRECIPITATION (IN)
  YESTERDAY        0.00          2.80 1942   0.15  -0.15     0.00
  MONTH TO DATE    3.05                      1.30   1.75     5.44
  SINCE JUN 1     10.98                      5.50   5.48     7.91
  SINCE JAN 1     31.28                     27.43   3.85    27.08

SNOWFALL (IN)
  YESTERDAY        0.0           0.0    MM   0.0    0.0      0.0
  MONTH TO DATE    0.0                       0.0    0.0      0.0
  SINCE JUN 1      0.0                       0.0    0.0      0.0
  SINCE JUL 1      0.0                       0.0    0.0      0.0
  SNOW DEPTH       0

DEGREE DAYS
 HEATING
  YESTERDAY        0                         0      0        0
  MONTH TO DATE    0                         0      0        0
  SINCE JUN 1      0                         5     -5        0
  SINCE JUL 1      0                         0      0        0

 COOLING
  YESTERDAY       12                        14     -2       15
  MONTH TO DATE  118                       121     -3      135
  SINCE JUN 1    403                       426    -23      528
  SINCE JAN 1    652                       579     73      694
..................................................................


WIND (MPH)
  HIGHEST WIND SPEED     9   HIGHEST WIND DIRECTION     W (290)
  HIGHEST GUST SPEED    13   HIGHEST GUST DIRECTION    NE (30)
  AVERAGE WIND SPEED     3.6


SKY COVER
  POSSIBLE SUNSHINE  MM
  AVERAGE SKY COVER 0.2


WEATHER CONDITIONS
 THE FOLLOWING WEATHER WAS RECORDED YESTERDAY.
  FOG


RELATIVE HUMIDITY (PERCENT)
 HIGHEST   100           300 AM
 LOWEST     42          1100 AM
 AVERAGE    71

..........................................................


THE BOWLING GREEN KY CLIMATE NORMALS FOR TODAY
                         NORMAL    RECORD    YEAR
 MAXIMUM TEMPERATURE (F)   89       106      1936
 MINIMUM TEMPERATURE (F)   68        52      1963


SUNRISE AND SUNSET
JULY 10 2017..........SUNRISE   535 AM CDT   SUNSET   807 PM CDT
JULY 11 2017..........SUNRISE   536 AM CDT   SUNSET   807 PM CDT


-  INDICATES NEGATIVE NUMBERS.
R  INDICATES RECORD WAS SET OR TIED.
MM INDICATES DATA IS MISSING.
T  INDICATES TRACE AMOUNT.




$$
