000
CDUS43 KLMK 122030
CLIBWG


CLIMATE REPORT
NATIONAL WEATHER SERVICE LOUISVILLE KY
430 PM EDT THU MAY 12 2016


...................................

...THE BOWLING GREEN CLIMATE SUMMARY FOR MAY 12 2016...
VALID TODAY AS OF 0400 PM LOCAL TIME.

CLIMATE NORMAL PERIOD 1981 TO 2010
CLIMATE RECORD PERIOD 1870 TO 2016


WEATHER ITEM   OBSERVED TIME   RECORD YEAR NORMAL DEPARTURE LAST
                VALUE   (LST)  VALUE       VALUE  FROM      YEAR
                                                  NORMAL
..................................................................
TEMPERATURE (F)
 TODAY
  MAXIMUM         83    112 PM  93    1914  77      6       75
  MINIMUM         62    445 AM  37    1951  54      8       57
  AVERAGE         73                        65      8       66

PRECIPITATION (IN)
  TODAY            0.25          1.57 1955   0.20   0.05     0.00
  MONTH TO DATE    0.92                      2.23  -1.31     0.08
  SINCE MAR 1      6.27                     10.98  -4.71    15.43
  SINCE JAN 1     12.85                     18.55  -5.70    21.31

SNOWFALL (IN)
  TODAY            0.0           0.0    MM   0.0    0.0      0.0
  MONTH TO DATE    0.0                       0.0    0.0      0.0
  SINCE MAR 1      T                         1.3   -1.3      7.2
  SINCE JUL 1     24.0                       9.1   14.9     23.5
  SNOW DEPTH       0

DEGREE DAYS
 HEATING
  TODAY            0                         3     -3        0
  MONTH TO DATE   32                        43    -11       16
  SINCE MAR 1    569                       814   -245      728
  SINCE JUL 1   3169                      4012   -843     4263

 COOLING
  TODAY            8                         3      5        1
  MONTH TO DATE   48                        28     20       63
  SINCE MAR 1     92                        64     28       98
  SINCE JAN 1     92                        64     28       98
..................................................................


WIND (MPH)
  HIGHEST WIND SPEED    21   HIGHEST WIND DIRECTION    SW (220)
  HIGHEST GUST SPEED    24   HIGHEST GUST DIRECTION    SW (210)
  AVERAGE WIND SPEED    10.7


SKY COVER
  POSSIBLE SUNSHINE  MM
  AVERAGE SKY COVER 0.1


WEATHER CONDITIONS
 THE FOLLOWING WEATHER WAS RECORDED TODAY.
  THUNDERSTORM
  HEAVY RAIN
  RAIN
  LIGHT RAIN
  FOG


RELATIVE HUMIDITY (PERCENT)
 HIGHEST    93           200 AM
 LOWEST     58          1200 PM
 AVERAGE    76

..........................................................


THE BOWLING GREEN CLIMATE NORMALS FOR TOMORROW
                         NORMAL    RECORD    YEAR
 MAXIMUM TEMPERATURE (F)   77        96      1916
 MINIMUM TEMPERATURE (F)   54        35      1895


SUNRISE AND SUNSET
MAY 12 2016...........SUNRISE   540 AM CDT   SUNSET   745 PM CDT
MAY 13 2016...........SUNRISE   539 AM CDT   SUNSET   746 PM CDT


-  INDICATES NEGATIVE NUMBERS.
R  INDICATES RECORD WAS SET OR TIED.
MM INDICATES DATA IS MISSING.
T  INDICATES TRACE AMOUNT.




$$
