000
CDUS43 KLMK 090629
CLIBWG


CLIMATE REPORT
NATIONAL WEATHER SERVICE LOUISVILLE KY
128 AM EST SUN NOV 9 2014


...................................

...THE BOWLING GREEN KY CLIMATE SUMMARY FOR NOVEMBER 8 2014...

CLIMATE NORMAL PERIOD 1981 TO 2010
CLIMATE RECORD PERIOD 1870 TO 2014


WEATHER ITEM   OBSERVED TIME   RECORD YEAR NORMAL DEPARTURE LAST
                VALUE   (LST)  VALUE       VALUE  FROM      YEAR
                                                  NORMAL
..................................................................
TEMPERATURE (F)
 YESTERDAY
  MAXIMUM         56    316 PM  82    2005  63     -7       56
  MINIMUM         33    418 AM  19    1993  40     -7       28
                                      1971
  AVERAGE         45                        51     -6       42

PRECIPITATION (IN)
  YESTERDAY        0.00          1.92 1986   0.12  -0.12     0.00
  MONTH TO DATE    0.84                      1.02  -0.18     0.70
  SINCE SEP 1      6.59                      8.33  -1.74     9.83
  SINCE JAN 1     42.75                     41.89   0.86    52.53

SNOWFALL (IN)
  YESTERDAY        0.0           T    1956   0.0    0.0      0.0
                                      1941
  MONTH TO DATE    0.0                       0.0    0.0      0.0
  SINCE SEP 1      0.0                       T      0.0      0.0
  SINCE JUL 1      0.0                       T      0.0      0.0
  SNOW DEPTH       0

DEGREE DAYS
 HEATING
  YESTERDAY       20                        14      6       23
  MONTH TO DATE  137                       102     35      117
  SINCE SEP 1    355                       364     -9      367
  SINCE JUL 1    355                       365    -10      367

 COOLING
  YESTERDAY        0                         0      0        0
  MONTH TO DATE    0                         0      0        0
  SINCE SEP 1    211                       219     -8      239
  SINCE JAN 1   1488                      1488      0     1499
..................................................................


WIND (MPH)
  HIGHEST WIND SPEED    16   HIGHEST WIND DIRECTION    SW (240)
  HIGHEST GUST SPEED    22   HIGHEST GUST DIRECTION    SW (230)
  AVERAGE WIND SPEED     6.3


SKY COVER
  POSSIBLE SUNSHINE  MM
  AVERAGE SKY COVER 0.3


WEATHER CONDITIONS
 THE FOLLOWING WEATHER WAS RECORDED YESTERDAY.
  NO SIGNIFICANT WEATHER WAS OBSERVED.


RELATIVE HUMIDITY (PERCENT)
 HIGHEST    89          1200 AM
 LOWEST     50          1000 AM
 AVERAGE    70

..........................................................


THE BOWLING GREEN KY CLIMATE NORMALS FOR TODAY
                         NORMAL    RECORD    YEAR
 MAXIMUM TEMPERATURE (F)   62        78      1890
 MINIMUM TEMPERATURE (F)   40        20      1991


SUNRISE AND SUNSET
NOVEMBER  9 2014......SUNRISE   618 AM CST   SUNSET   441 PM CST
NOVEMBER 10 2014......SUNRISE   619 AM CST   SUNSET   440 PM CST


-  INDICATES NEGATIVE NUMBERS.
R  INDICATES RECORD WAS SET OR TIED.
MM INDICATES DATA IS MISSING.
T  INDICATES TRACE AMOUNT.




$$
