000
CDUS43 KLMK 152026
CLIBWG


CLIMATE REPORT
NATIONAL WEATHER SERVICE LOUISVILLE KY
426 PM EDT FRI MAY 15 2015


...................................

...THE BOWLING GREEN CLIMATE SUMMARY FOR MAY 15 2015...
VALID TODAY AS OF 0400 PM LOCAL TIME.

CLIMATE NORMAL PERIOD 1981 TO 2010
CLIMATE RECORD PERIOD 1870 TO 2015


WEATHER ITEM   OBSERVED TIME   RECORD YEAR NORMAL DEPARTURE LAST
                VALUE   (LST)  VALUE       VALUE  FROM      YEAR
                                                  NORMAL
..................................................................
TEMPERATURE (F)
 TODAY
  MAXIMUM         87    200 PM  92    1962  77     10       60
                                      1900
  MINIMUM         61    803 AM  36    1904  55      6       48
  AVERAGE         74                        66      8       54

PRECIPITATION (IN)
  TODAY            0.00          3.04 1983   0.19  -0.19      T
  MONTH TO DATE    0.08                      2.81  -2.73     2.90
  SINCE MAR 1     15.43                     11.56   3.87    13.20
  SINCE JAN 1     21.31                     19.13   2.18    20.37

SNOWFALL (IN)
  TODAY            0.0           0.0    MM   0.0    0.0      0.0
  MONTH TO DATE    0.0                       0.0    0.0      0.0
  SINCE MAR 1      7.2                       1.3    5.9      5.1
  SINCE JUL 1     23.5                       9.1   14.4     10.4
  SNOW DEPTH       0

DEGREE DAYS
 HEATING
  TODAY            0                         2     -2       11
  MONTH TO DATE   19                        51    -32       41
  SINCE MAR 1    731                       822    -91      889
  SINCE JUL 1   4266                      4020    246     4498

 COOLING
  TODAY            9                         3      6        0
  MONTH TO DATE   72                        37     35       74
  SINCE MAR 1    107                        73     34       88
  SINCE JAN 1    107                        73     34       88
..................................................................


WIND (MPH)
  HIGHEST WIND SPEED    15   HIGHEST WIND DIRECTION     S (200)
  HIGHEST GUST SPEED    25   HIGHEST GUST DIRECTION    SW (220)
  AVERAGE WIND SPEED     7.3


SKY COVER
  POSSIBLE SUNSHINE  MM
  AVERAGE SKY COVER 0.3


WEATHER CONDITIONS
 THE FOLLOWING WEATHER WAS RECORDED TODAY.
  NO SIGNIFICANT WEATHER WAS OBSERVED.


RELATIVE HUMIDITY (PERCENT)
 HIGHEST    90           500 AM
 LOWEST     46           200 PM
 AVERAGE    68

..........................................................


THE BOWLING GREEN CLIMATE NORMALS FOR TOMORROW
                         NORMAL    RECORD    YEAR
 MAXIMUM TEMPERATURE (F)   78        93      1911
 MINIMUM TEMPERATURE (F)   55        33      1997


SUNRISE AND SUNSET
MAY 15 2015...........SUNRISE   538 AM CDT   SUNSET   747 PM CDT
MAY 16 2015...........SUNRISE   537 AM CDT   SUNSET   747 PM CDT


-  INDICATES NEGATIVE NUMBERS.
R  INDICATES RECORD WAS SET OR TIED.
MM INDICATES DATA IS MISSING.
T  INDICATES TRACE AMOUNT.




$$
