000
CDUS43 KLMK 180637
CLIBWG


CLIMATE REPORT
NATIONAL WEATHER SERVICE LOUISVILLE KY
135 AM EST WED FEB 18 2015


...................................

...THE BOWLING GREEN KY CLIMATE SUMMARY FOR FEBRUARY 17 2015...

CLIMATE NORMAL PERIOD 1981 TO 2010
CLIMATE RECORD PERIOD 1870 TO 2015


WEATHER ITEM   OBSERVED TIME   RECORD YEAR NORMAL DEPARTURE LAST
                VALUE   (LST)  VALUE       VALUE  FROM      YEAR
                                                  NORMAL
..................................................................
TEMPERATURE (F)
 YESTERDAY
  MAXIMUM         24   1159 PM  79    1927  51    -27       58
  MINIMUM         -1    709 AM  -9    1958  30    -31       26
  AVERAGE         12                        40    -28       42

PRECIPITATION (IN)
  YESTERDAY        0.00          3.01 1956   0.13  -0.13     0.26
  MONTH TO DATE    1.71                      2.43  -0.72     4.80
  SINCE DEC 1      5.28                     10.84  -5.56    11.56
  SINCE JAN 1      3.59                      6.04  -2.45     6.55

SNOWFALL (IN)
  YESTERDAY        0.0           2.0  1967   0.1   -0.1      0.0
  MONTH TO DATE    9.6                       2.4    7.2      2.0
  SINCE DEC 1     13.0                       6.9    6.1      4.2
  SINCE JUL 1     13.3                       6.9    6.4      5.3
  SNOW DEPTH       9

DEGREE DAYS
 HEATING
  YESTERDAY       53                        25     28       23
  MONTH TO DATE  543                       452     91      558
  SINCE DEC 1   2191                      2181     10     2461
  SINCE JUL 1   3088                      2944    144     3341

 COOLING
  YESTERDAY        0                         0      0        0
  MONTH TO DATE    0                         0      0        0
  SINCE DEC 1      0                         1     -1        2
  SINCE JAN 1      0                         0      0        0
..................................................................


WIND (MPH)
  HIGHEST WIND SPEED    14   HIGHEST WIND DIRECTION     S (200)
  HIGHEST GUST SPEED    15   HIGHEST GUST DIRECTION     S (200)
  AVERAGE WIND SPEED     5.0


SKY COVER
  POSSIBLE SUNSHINE  MM
  AVERAGE SKY COVER 0.3


WEATHER CONDITIONS
 THE FOLLOWING WEATHER WAS RECORDED YESTERDAY.
  FOG
  FOG W/VISIBILITY <= 1/4 MILE
  HAZE


RELATIVE HUMIDITY (PERCENT)
 HIGHEST   100           800 AM
 LOWEST     52           500 PM
 AVERAGE    76

..........................................................


THE BOWLING GREEN KY CLIMATE NORMALS FOR TODAY
                         NORMAL    RECORD    YEAR
 MAXIMUM TEMPERATURE (F)   51        72      1913
 MINIMUM TEMPERATURE (F)   30        -7      1958


SUNRISE AND SUNSET
FEBRUARY 18 2015......SUNRISE   631 AM CST   SUNSET   529 PM CST
FEBRUARY 19 2015......SUNRISE   630 AM CST   SUNSET   530 PM CST


-  INDICATES NEGATIVE NUMBERS.
R  INDICATES RECORD WAS SET OR TIED.
MM INDICATES DATA IS MISSING.
T  INDICATES TRACE AMOUNT.




$$
