000
CDUS43 KLMK 162131
CLIBWG


CLIMATE REPORT
NATIONAL WEATHER SERVICE LOUISVILLE KY
430 PM EST THU NOV 16 2017


...................................

...THE BOWLING GREEN CLIMATE SUMMARY FOR NOVEMBER 16 2017...
VALID TODAY AS OF 0400 PM LOCAL TIME.

CLIMATE NORMAL PERIOD 1981 TO 2010
CLIMATE RECORD PERIOD 1870 TO 2017


WEATHER ITEM   OBSERVED TIME   RECORD YEAR NORMAL DEPARTURE LAST
                VALUE   (LST)  VALUE       VALUE  FROM      YEAR
                                                  NORMAL
..................................................................
TEMPERATURE (F)
 TODAY
  MAXIMUM         53   1234 PM  79    1931  59     -6       73
  MINIMUM         41    657 AM  10    1883  37      4       37
  AVERAGE         47                        48     -1       55

PRECIPITATION (IN)
  TODAY            0.00          2.31 2011   0.14  -0.14     0.00
  MONTH TO DATE    1.53                      2.09  -0.56     0.02
  SINCE SEP 1     11.47                      9.40   2.07     2.15
  SINCE JAN 1     48.55                     42.96   5.59    40.07

SNOWFALL (IN)
  TODAY            0.0           T    1989   0.0    0.0      0.0
  MONTH TO DATE    0.0                       0.0    0.0      0.0
  SINCE SEP 1      T                         T      0.0      0.0
  SINCE JUL 1      T                         T      0.0      0.0
  SNOW DEPTH       0

DEGREE DAYS
 HEATING
  TODAY           18                        17      1       10
  MONTH TO DATE  201                       226    -25      164
  SINCE SEP 1    421                       488    -67      250
  SINCE JUL 1    421                       489    -68      250

 COOLING
  TODAY            0                         0      0        0
  MONTH TO DATE   12                         0     12       15
  SINCE SEP 1    248                       219     29      420
  SINCE JAN 1   1600                      1488    112     1979
..................................................................


WIND (MPH)
  HIGHEST WIND SPEED     9   HIGHEST WIND DIRECTION    NE (30)
  HIGHEST GUST SPEED    12   HIGHEST GUST DIRECTION     N (350)
  AVERAGE WIND SPEED     4.6


SKY COVER
  POSSIBLE SUNSHINE  MM
  AVERAGE SKY COVER 0.2


WEATHER CONDITIONS
 THE FOLLOWING WEATHER WAS RECORDED TODAY.
  FOG


RELATIVE HUMIDITY (PERCENT)
 HIGHEST   100          1200 AM
 LOWEST     59           300 PM
 AVERAGE    80

..........................................................


THE BOWLING GREEN CLIMATE NORMALS FOR TOMORROW
                         NORMAL    RECORD    YEAR
 MAXIMUM TEMPERATURE (F)   59        80      2016
                                             1958
 MINIMUM TEMPERATURE (F)   37        11      1901


SUNRISE AND SUNSET
NOVEMBER 16 2017......SUNRISE   625 AM CST   SUNSET   435 PM CST
NOVEMBER 17 2017......SUNRISE   627 AM CST   SUNSET   435 PM CST


-  INDICATES NEGATIVE NUMBERS.
R  INDICATES RECORD WAS SET OR TIED.
MM INDICATES DATA IS MISSING.
T  INDICATES TRACE AMOUNT.




$$
