000
CDUS43 KLMK 242033
CLIBWG


CLIMATE REPORT
NATIONAL WEATHER SERVICE LOUISVILLE KY
432 PM EDT FRI JUL 24 2015


...................................

...THE BOWLING GREEN CLIMATE SUMMARY FOR JULY 24 2015...
VALID TODAY AS OF 0400 PM LOCAL TIME.

CLIMATE NORMAL PERIOD 1981 TO 2010
CLIMATE RECORD PERIOD 1870 TO 2015


WEATHER ITEM   OBSERVED TIME   RECORD YEAR NORMAL DEPARTURE LAST
                VALUE   (LST)  VALUE       VALUE  FROM      YEAR
                                                  NORMAL
..................................................................
TEMPERATURE (F)
 TODAY
  MAXIMUM         88    156 PM 105    1934  90     -2       85
  MINIMUM         68    522 AM  53    1947  68      0       61
  AVERAGE         78                        79     -1       73

PRECIPITATION (IN)
  TODAY            0.00          1.33 1975   0.12  -0.12     0.00
  MONTH TO DATE    5.79                      3.32   2.47     2.48
  SINCE JUN 1      8.90                      7.52   1.38     4.20
  SINCE JAN 1     33.09                     29.45   3.64    24.78

SNOWFALL (IN)
  TODAY            0.0           0.0    MM   0.0    0.0      0.0
  MONTH TO DATE    0.0                       0.0    0.0      0.0
  SINCE JUN 1      0.0                       0.0    0.0      0.0
  SINCE JUL 1      0.0                       0.0    0.0      0.0
  SNOW DEPTH       0

DEGREE DAYS
 HEATING
  TODAY            0                         0      0        0
  MONTH TO DATE    0                         0      0        0
  SINCE JUN 1      3                         5     -2        0
  SINCE JUL 1      0                         0      0        0

 COOLING
  TODAY           13                        14     -1        8
  MONTH TO DATE  377                       331     46      253
  SINCE JUN 1    756                       636    120      602
  SINCE JAN 1    959                       789    170      799
..................................................................


WIND (MPH)
  HIGHEST WIND SPEED    10   HIGHEST WIND DIRECTION    NE (60)
  HIGHEST GUST SPEED    13   HIGHEST GUST DIRECTION    NE (50)
  AVERAGE WIND SPEED     2.1


SKY COVER
  POSSIBLE SUNSHINE  MM
  AVERAGE SKY COVER 0.3


WEATHER CONDITIONS
 THE FOLLOWING WEATHER WAS RECORDED TODAY.
  FOG


RELATIVE HUMIDITY (PERCENT)
 HIGHEST    97           100 AM
 LOWEST     46           200 PM
 AVERAGE    72

..........................................................


THE BOWLING GREEN CLIMATE NORMALS FOR TOMORROW
                         NORMAL    RECORD    YEAR
 MAXIMUM TEMPERATURE (F)   90       105      1934
 MINIMUM TEMPERATURE (F)   68        51      1911


SUNRISE AND SUNSET
JULY 24 2015..........SUNRISE   544 AM CDT   SUNSET   800 PM CDT
JULY 25 2015..........SUNRISE   545 AM CDT   SUNSET   759 PM CDT


-  INDICATES NEGATIVE NUMBERS.
R  INDICATES RECORD WAS SET OR TIED.
MM INDICATES DATA IS MISSING.
T  INDICATES TRACE AMOUNT.




$$
