732
CDUS43 KLMK 102032
CLIBWG


CLIMATE REPORT
NATIONAL WEATHER SERVICE LOUISVILLE KY
431 PM EDT SUN SEP 10 2017


...................................

...THE BOWLING GREEN CLIMATE SUMMARY FOR SEPTEMBER 10 2017...
VALID TODAY AS OF 0400 PM LOCAL TIME.

CLIMATE NORMAL PERIOD 1981 TO 2010
CLIMATE RECORD PERIOD 1870 TO 2017


WEATHER ITEM   OBSERVED TIME   RECORD YEAR NORMAL DEPARTURE LAST
                VALUE   (LST)  VALUE       VALUE  FROM      YEAR
                                                  NORMAL
..................................................................
TEMPERATURE (F)
 TODAY
  MAXIMUM         78    209 PM 100    1919  84     -6       93
                                      1912
  MINIMUM         51    527 AM  42    1924  60     -9       68
  AVERAGE         65                        72     -7       81

PRECIPITATION (IN)
  TODAY            0.00          1.43 1905   0.14  -0.14     0.03
  MONTH TO DATE    5.18                      1.28   3.90     0.03
  SINCE SEP 1      5.18                      1.28   3.90     0.03
  SINCE JAN 1     42.26                     34.84   7.42    37.95

SNOWFALL (IN)
  TODAY            0.0           0.0    MM   0.0    0.0      0.0
  MONTH TO DATE    0.0                       0.0    0.0      0.0
  SINCE SEP 1      0.0                       0.0    0.0      0.0
  SINCE JUL 1      0.0                       0.0    0.0      0.0
  SNOW DEPTH       0

DEGREE DAYS
 HEATING
  TODAY            0                         0      0        0
  MONTH TO DATE   14                         0     14        0
  SINCE SEP 1     14                         0     14        0
  SINCE JUL 1     14                         1     13        0

 COOLING
  TODAY            0                         8     -8       16
  MONTH TO DATE   18                        90    -72      131
  SINCE SEP 1     18                        90    -72      131
  SINCE JAN 1   1370                      1359     11     1690
..................................................................


WIND (MPH)
  HIGHEST WIND SPEED    16   HIGHEST WIND DIRECTION    NE (40)
  HIGHEST GUST SPEED    19   HIGHEST GUST DIRECTION    NE (40)
  AVERAGE WIND SPEED     5.5


SKY COVER
  POSSIBLE SUNSHINE  MM
  AVERAGE SKY COVER 0.0


WEATHER CONDITIONS
 THE FOLLOWING WEATHER WAS RECORDED TODAY.
  NO SIGNIFICANT WEATHER WAS OBSERVED.


RELATIVE HUMIDITY (PERCENT)
 HIGHEST    93           200 AM
 LOWEST     43           100 PM
 AVERAGE    68

..........................................................


THE BOWLING GREEN CLIMATE NORMALS FOR TOMORROW
                         NORMAL    RECORD    YEAR
 MAXIMUM TEMPERATURE (F)   84        98      1915
                                             1912
                                             1904
 MINIMUM TEMPERATURE (F)   60        42      1969
                                             1917


SUNRISE AND SUNSET
SEPTEMBER 10 2017.....SUNRISE   624 AM CDT   SUNSET   700 PM CDT
SEPTEMBER 11 2017.....SUNRISE   625 AM CDT   SUNSET   659 PM CDT


-  INDICATES NEGATIVE NUMBERS.
R  INDICATES RECORD WAS SET OR TIED.
MM INDICATES DATA IS MISSING.
T  INDICATES TRACE AMOUNT.




$$
