000
CDUS43 KLMK 052135
CLIBWG


CLIMATE REPORT
NATIONAL WEATHER SERVICE LOUISVILLE KY
434 PM EST SUN MAR 5 2017


...................................

...THE BOWLING GREEN CLIMATE SUMMARY FOR MARCH 5 2017...
VALID TODAY AS OF 0400 PM LOCAL TIME.

CLIMATE NORMAL PERIOD 1981 TO 2010
CLIMATE RECORD PERIOD 1870 TO 2017


WEATHER ITEM   OBSERVED TIME   RECORD YEAR NORMAL DEPARTURE LAST
                VALUE   (LST)  VALUE       VALUE  FROM      YEAR
                                                  NORMAL
..................................................................
TEMPERATURE (F)
 TODAY
  MAXIMUM         68    242 PM  85    1910  56     12       61
  MINIMUM         33    627 AM  -6    1960  34     -1       28
  AVERAGE         51                        45      6       45

PRECIPITATION (IN)
  TODAY            0.00          3.00 1989   0.13  -0.13     0.03
  MONTH TO DATE    0.56                      0.67  -0.11     0.58
  SINCE MAR 1      0.56                      0.67  -0.11     0.58
  SINCE JAN 1      7.14                      8.24  -1.10     7.16

SNOWFALL (IN)
  TODAY            0.0           5.8  2015   0.1   -0.1      0.0
  MONTH TO DATE    0.0                       0.2   -0.2      0.0
  SINCE MAR 1      0.0                       0.2   -0.2      0.0
  SINCE JUL 1      0.7                       8.0   -7.3     24.0
  SNOW DEPTH       0

DEGREE DAYS
 HEATING
  TODAY           14                        20     -6       20
  MONTH TO DATE   88                       103    -15      118
  SINCE MAR 1     88                       103    -15      118
  SINCE JUL 1   2469                      3301   -832     2718

 COOLING
  TODAY            0                         0      0        0
  MONTH TO DATE    0                         0      0        0
  SINCE MAR 1      0                         0      0        0
  SINCE JAN 1      4                         0      4        0
..................................................................


WIND (MPH)
  HIGHEST WIND SPEED    20   HIGHEST WIND DIRECTION    SW (230)
  HIGHEST GUST SPEED    25   HIGHEST GUST DIRECTION    SW (220)
  AVERAGE WIND SPEED     6.3


SKY COVER
  POSSIBLE SUNSHINE  MM
  AVERAGE SKY COVER 0.0


WEATHER CONDITIONS
 THE FOLLOWING WEATHER WAS RECORDED TODAY.
  NO SIGNIFICANT WEATHER WAS OBSERVED.


RELATIVE HUMIDITY (PERCENT)
 HIGHEST    82           300 AM
 LOWEST     21           200 PM
 AVERAGE    52

..........................................................


THE BOWLING GREEN CLIMATE NORMALS FOR TOMORROW
                         NORMAL    RECORD    YEAR
 MAXIMUM TEMPERATURE (F)   56        84      1910
 MINIMUM TEMPERATURE (F)   34         1      2015
                                             1960


SUNRISE AND SUNSET
MARCH  5 2017.........SUNRISE   611 AM CST   SUNSET   544 PM CST
MARCH  6 2017.........SUNRISE   609 AM CST   SUNSET   545 PM CST


-  INDICATES NEGATIVE NUMBERS.
R  INDICATES RECORD WAS SET OR TIED.
MM INDICATES DATA IS MISSING.
T  INDICATES TRACE AMOUNT.




$$
