000
CDUS43 KLMK 292129
CLIBWG


CLIMATE REPORT
NATIONAL WEATHER SERVICE LOUISVILLE KY
428 PM EST MON JAN 29 2018


...................................

...THE BOWLING GREEN CLIMATE SUMMARY FOR JANUARY 29 2018...
VALID TODAY AS OF 0400 PM LOCAL TIME.

CLIMATE NORMAL PERIOD 1981 TO 2010
CLIMATE RECORD PERIOD 1870 TO 2018


WEATHER ITEM   OBSERVED TIME   RECORD YEAR NORMAL DEPARTURE LAST
                VALUE   (LST)  VALUE       VALUE  FROM      YEAR
                                                  NORMAL
..................................................................
TEMPERATURE (F)
 TODAY
  MAXIMUM         45   1037 AM  74    1975  46     -1       42
  MINIMUM         31    638 AM  -4    1977  27      4       31
                                      1966
  AVERAGE         38                        36      2       37

PRECIPITATION (IN)
  TODAY            T             4.75 1956   0.12  -0.12      T
  MONTH TO DATE    2.28                      3.34  -1.06     4.16
  SINCE DEC 1      5.77                      8.14  -2.37     9.80
  SINCE JAN 1      2.28                      3.34  -1.06     4.16

SNOWFALL (IN)
  TODAY            T             4.0  1895   0.1   -0.1       T
  MONTH TO DATE    8.2                       3.0    5.2      0.7
  SINCE DEC 1      8.2                       4.2    4.0      0.7
  SINCE JUL 1      8.2                       4.2    4.0      0.7
  SNOW DEPTH       0

DEGREE DAYS
 HEATING
  TODAY           27                        29     -2       28
  MONTH TO DATE  931                       854     77      598
  SINCE DEC 1   1768                      1675     93     1393
  SINCE JUL 1   2469                      2438     31     1879

 COOLING
  TODAY            0                         0      0        0
  MONTH TO DATE    0                         0      0        0
  SINCE DEC 1      0                         1     -1        0
  SINCE JAN 1      0                         0      0        0
..................................................................


WIND (MPH)
  HIGHEST WIND SPEED    15   HIGHEST WIND DIRECTION    NW (320)
  HIGHEST GUST SPEED    23   HIGHEST GUST DIRECTION    NW (310)
  AVERAGE WIND SPEED     4.1


SKY COVER
  POSSIBLE SUNSHINE  MM
  AVERAGE SKY COVER 0.4


WEATHER CONDITIONS
 THE FOLLOWING WEATHER WAS RECORDED TODAY.
  NO SIGNIFICANT WEATHER WAS OBSERVED.


RELATIVE HUMIDITY (PERCENT)
 HIGHEST    85           600 AM
 LOWEST     70          1200 AM
 AVERAGE    78

..........................................................


THE BOWLING GREEN CLIMATE NORMALS FOR TOMORROW
                         NORMAL    RECORD    YEAR
 MAXIMUM TEMPERATURE (F)   46        72      2013
 MINIMUM TEMPERATURE (F)   27       -11      1966


SUNRISE AND SUNSET
JANUARY 29 2018.......SUNRISE   650 AM CST   SUNSET   508 PM CST
JANUARY 30 2018.......SUNRISE   650 AM CST   SUNSET   509 PM CST


-  INDICATES NEGATIVE NUMBERS.
R  INDICATES RECORD WAS SET OR TIED.
MM INDICATES DATA IS MISSING.
T  INDICATES TRACE AMOUNT.




$$
