000
CDUS43 KLMK 160643
CLIBWG


CLIMATE REPORT
NATIONAL WEATHER SERVICE LOUISVILLE KY
141 AM EST WED NOV 16 2016


...................................

...THE BOWLING GREEN KY CLIMATE SUMMARY FOR NOVEMBER 15 2016...

CLIMATE NORMAL PERIOD 1981 TO 2010
CLIMATE RECORD PERIOD 1870 TO 2016


WEATHER ITEM   OBSERVED TIME   RECORD YEAR NORMAL DEPARTURE LAST
                VALUE   (LST)  VALUE       VALUE  FROM      YEAR
                                                  NORMAL
..................................................................
TEMPERATURE (F)
 YESTERDAY
  MAXIMUM         68    252 PM  80    1931  60      8       64
  MINIMUM         35    441 AM   9    1883  38     -3       33
  AVERAGE         52                        49      3       49

PRECIPITATION (IN)
  YESTERDAY        T             1.50 1926   0.15  -0.15     0.00
                                      1924
  MONTH TO DATE    0.02                      1.95  -1.93     1.03
  SINCE SEP 1      2.15                      9.26  -7.11     9.78
  SINCE JAN 1     40.07                     42.82  -2.75    44.82

SNOWFALL (IN)
  YESTERDAY        0.0           4.5  1906   0.0    0.0      0.0
  MONTH TO DATE    0.0                       0.0    0.0      0.0
  SINCE SEP 1      0.0                       T      0.0      0.0
  SINCE JUL 1      0.0                       T      0.0      0.0
  SNOW DEPTH       0

DEGREE DAYS
 HEATING
  YESTERDAY       13                        16     -3       16
  MONTH TO DATE  154                       209    -55      137
  SINCE SEP 1    240                       471   -231      323
  SINCE JUL 1    240                       472   -232      323

 COOLING
  YESTERDAY        0                         0      0        0
  MONTH TO DATE   15                         0     15        9
  SINCE SEP 1    420                       219    201      290
  SINCE JAN 1   1979                      1488    491     1671
..................................................................


WIND (MPH)
  HIGHEST WIND SPEED    12   HIGHEST WIND DIRECTION    SW (220)
  HIGHEST GUST SPEED    14   HIGHEST GUST DIRECTION    SW (220)
  AVERAGE WIND SPEED     2.7


SKY COVER
  POSSIBLE SUNSHINE  MM
  AVERAGE SKY COVER 0.4


WEATHER CONDITIONS
 THE FOLLOWING WEATHER WAS RECORDED YESTERDAY.
  FOG


RELATIVE HUMIDITY (PERCENT)
 HIGHEST    93          1000 PM
 LOWEST     45           100 PM
 AVERAGE    69

..........................................................


THE BOWLING GREEN KY CLIMATE NORMALS FOR TODAY
                         NORMAL    RECORD    YEAR
 MAXIMUM TEMPERATURE (F)   59        79      1931
 MINIMUM TEMPERATURE (F)   37        10      1883


SUNRISE AND SUNSET
NOVEMBER 16 2016......SUNRISE   626 AM CST   SUNSET   435 PM CST
NOVEMBER 17 2016......SUNRISE   627 AM CST   SUNSET   434 PM CST


-  INDICATES NEGATIVE NUMBERS.
R  INDICATES RECORD WAS SET OR TIED.
MM INDICATES DATA IS MISSING.
T  INDICATES TRACE AMOUNT.




$$
