000
CDUS43 KLMK 080627
CLIBWG


CLIMATE REPORT
NATIONAL WEATHER SERVICE LOUISVILLE KY
127 AM EST MON DEC 8 2014


...................................

...THE BOWLING GREEN KY CLIMATE SUMMARY FOR DECEMBER 7 2014...

CLIMATE NORMAL PERIOD 1981 TO 2010
CLIMATE RECORD PERIOD 1870 TO 2014


WEATHER ITEM   OBSERVED TIME   RECORD YEAR NORMAL DEPARTURE LAST
                VALUE   (LST)  VALUE       VALUE  FROM      YEAR
                                                  NORMAL
..................................................................
TEMPERATURE (F)
 YESTERDAY
  MAXIMUM         48    239 PM  70    1951  50     -2       30
                                      1916
  MINIMUM         38   1147 PM   7    1977  31      7       26
  AVERAGE         43                        41      2       28

PRECIPITATION (IN)
  YESTERDAY        0.00          6.15 1924   0.16  -0.16     0.00
  MONTH TO DATE    1.05                      1.12  -0.07     2.12
  SINCE DEC 1      1.05                      1.12  -0.07     2.12
  SINCE JAN 1     45.48                     46.21  -0.73    56.77

SNOWFALL (IN)
  YESTERDAY        0.0           0.4  1950   0.0    0.0      0.0
  MONTH TO DATE    0.0                       0.1   -0.1      0.0
  SINCE DEC 1      0.0                       0.1   -0.1      0.0
  SINCE JUL 1      0.3                       0.1    0.2      1.1
  SNOW DEPTH       0

DEGREE DAYS
 HEATING
  YESTERDAY       22                        24     -2       37
  MONTH TO DATE  133                       163    -30      130
  SINCE DEC 1    133                       163    -30      130
  SINCE JUL 1   1030                       926    104     1010

 COOLING
  YESTERDAY        0                         0      0        0
  MONTH TO DATE    0                         0      0        0
  SINCE DEC 1      0                         0      0        0
  SINCE JAN 1   1488                      1491     -3     1499
..................................................................


WIND (MPH)
  HIGHEST WIND SPEED    16   HIGHEST WIND DIRECTION    NE (60)
  HIGHEST GUST SPEED    24   HIGHEST GUST DIRECTION     E (90)
  AVERAGE WIND SPEED     8.5


SKY COVER
  POSSIBLE SUNSHINE  MM
  AVERAGE SKY COVER 0.5


WEATHER CONDITIONS
 THE FOLLOWING WEATHER WAS RECORDED YESTERDAY.
  NO SIGNIFICANT WEATHER WAS OBSERVED.


RELATIVE HUMIDITY (PERCENT)
 HIGHEST    76           900 PM
 LOWEST     58           200 PM
 AVERAGE    67

..........................................................


THE BOWLING GREEN KY CLIMATE NORMALS FOR TODAY
                         NORMAL    RECORD    YEAR
 MAXIMUM TEMPERATURE (F)   50        76      1894
 MINIMUM TEMPERATURE (F)   31         2      1882


SUNRISE AND SUNSET
DECEMBER  8 2014......SUNRISE   646 AM CST   SUNSET   429 PM CST
DECEMBER  9 2014......SUNRISE   647 AM CST   SUNSET   429 PM CST


-  INDICATES NEGATIVE NUMBERS.
R  INDICATES RECORD WAS SET OR TIED.
MM INDICATES DATA IS MISSING.
T  INDICATES TRACE AMOUNT.




$$
