000
CDUS43 KLMK 172041
CLIBWG


CLIMATE REPORT
NATIONAL WEATHER SERVICE LOUISVILLE KY
440 PM EDT FRI MAR 17 2017


...................................

...THE BOWLING GREEN CLIMATE SUMMARY FOR MARCH 17 2017...
VALID TODAY AS OF 0400 PM LOCAL TIME.

CLIMATE NORMAL PERIOD 1981 TO 2010
CLIMATE RECORD PERIOD 1870 TO 2017


WEATHER ITEM   OBSERVED TIME   RECORD YEAR NORMAL DEPARTURE LAST
                VALUE   (LST)  VALUE       VALUE  FROM      YEAR
                                                  NORMAL
..................................................................
TEMPERATURE (F)
 TODAY
  MAXIMUM         53    212 PM  86    1894  60     -7       68
  MINIMUM         39   1234 AM  16    1900  37      2       43
  AVERAGE         46                        49     -3       56

PRECIPITATION (IN)
  TODAY            0.19          2.00 1919   0.15   0.04     0.00
  MONTH TO DATE    2.05                      2.34  -0.29     1.74
  SINCE MAR 1      2.05                      2.34  -0.29     1.74
  SINCE JAN 1      8.63                      9.91  -1.28     8.32

SNOWFALL (IN)
  TODAY            0.0           1.0  1958   0.0    0.0      0.0
  MONTH TO DATE    T                         0.6   -0.6      0.0
  SINCE MAR 1      T                         0.6   -0.6      0.0
  SINCE JUL 1      0.7                       8.4   -7.7     24.0
  SNOW DEPTH       0

DEGREE DAYS
 HEATING
  TODAY           19                        16      3        9
  MONTH TO DATE  339                       321     18      175
  SINCE MAR 1    339                       321     18      175
  SINCE JUL 1   2720                      3519   -799     2775

 COOLING
  TODAY            0                         0      0        0
  MONTH TO DATE    0                         0      0        0
  SINCE MAR 1      0                         0      0        0
  SINCE JAN 1      4                         0      4        0
..................................................................


WIND (MPH)
  HIGHEST WIND SPEED    31   HIGHEST WIND DIRECTION    SW (210)
  HIGHEST GUST SPEED    39   HIGHEST GUST DIRECTION    NE (30)
  AVERAGE WIND SPEED     7.4


SKY COVER
  POSSIBLE SUNSHINE  MM
  AVERAGE SKY COVER 1.0


WEATHER CONDITIONS
 THE FOLLOWING WEATHER WAS RECORDED TODAY.
  HEAVY RAIN
  RAIN
  LIGHT RAIN


RELATIVE HUMIDITY (PERCENT)
 HIGHEST    83           200 PM
 LOWEST     37           200 AM
 AVERAGE    60

..........................................................


THE BOWLING GREEN CLIMATE NORMALS FOR TOMORROW
                         NORMAL    RECORD    YEAR
 MAXIMUM TEMPERATURE (F)   61        87      1908
 MINIMUM TEMPERATURE (F)   38        14      1902


SUNRISE AND SUNSET
MARCH 17 2017.........SUNRISE   653 AM CDT   SUNSET   655 PM CDT
MARCH 18 2017.........SUNRISE   652 AM CDT   SUNSET   656 PM CDT


-  INDICATES NEGATIVE NUMBERS.
R  INDICATES RECORD WAS SET OR TIED.
MM INDICATES DATA IS MISSING.
T  INDICATES TRACE AMOUNT.




$$
