585
CDUS43 KLMK 142133
CLIBWG


CLIMATE REPORT
NATIONAL WEATHER SERVICE LOUISVILLE KY
431 PM EST TUE FEB 14 2017


...................................

...THE BOWLING GREEN CLIMATE SUMMARY FOR FEBRUARY 14 2017...
VALID TODAY AS OF 0400 PM LOCAL TIME.

CLIMATE NORMAL PERIOD 1981 TO 2010
CLIMATE RECORD PERIOD 1870 TO 2017


WEATHER ITEM   OBSERVED TIME   RECORD YEAR NORMAL DEPARTURE LAST
                VALUE   (LST)  VALUE       VALUE  FROM      YEAR
                                                  NORMAL
..................................................................
TEMPERATURE (F)
 TODAY
  MAXIMUM         47    300 PM  76    1921  50     -3       32
  MINIMUM         31   1251 AM  -6    1899  29      2       23
  AVERAGE         39                        40     -1       28

PRECIPITATION (IN)
  TODAY            0.02          2.93 1989   0.14  -0.12     0.38
  MONTH TO DATE    1.70                      2.02  -0.32     2.27
  SINCE DEC 1     11.50                     10.43   1.07     9.31
  SINCE JAN 1      5.86                      5.63   0.23     4.08

SNOWFALL (IN)
  TODAY            0.0           6.4  1986   0.1   -0.1      5.5
  MONTH TO DATE    0.0                       2.0   -2.0      8.9
  SINCE DEC 1      0.7                       6.5   -5.8     23.7
  SINCE JUL 1      0.7                       6.5   -5.8     23.7
  SNOW DEPTH       0

DEGREE DAYS
 HEATING
  TODAY           26                        26      0       37
  MONTH TO DATE  293                       377    -84      407
  SINCE DEC 1   1728                      2106   -378     1792
  SINCE JUL 1   2214                      2869   -655     2330

 COOLING
  TODAY            0                         0      0        0
  MONTH TO DATE    0                         0      0        0
  SINCE DEC 1      0                         1     -1        2
  SINCE JAN 1      0                         0      0        0
..................................................................


WIND (MPH)
  HIGHEST WIND SPEED    12   HIGHEST WIND DIRECTION    SW (220)
  HIGHEST GUST SPEED    13   HIGHEST GUST DIRECTION    SW (210)
  AVERAGE WIND SPEED     2.7


SKY COVER
  POSSIBLE SUNSHINE  MM
  AVERAGE SKY COVER 0.9


WEATHER CONDITIONS
 THE FOLLOWING WEATHER WAS RECORDED TODAY.
  LIGHT RAIN


RELATIVE HUMIDITY (PERCENT)
 HIGHEST    79           600 AM
 LOWEST     60           700 AM
 AVERAGE    70

..........................................................


THE BOWLING GREEN CLIMATE NORMALS FOR TOMORROW
                         NORMAL    RECORD    YEAR
 MAXIMUM TEMPERATURE (F)   50        77      1945
 MINIMUM TEMPERATURE (F)   30         2      1905


SUNRISE AND SUNSET
FEBRUARY 14 2017......SUNRISE   635 AM CST   SUNSET   525 PM CST
FEBRUARY 15 2017......SUNRISE   634 AM CST   SUNSET   526 PM CST


-  INDICATES NEGATIVE NUMBERS.
R  INDICATES RECORD WAS SET OR TIED.
MM INDICATES DATA IS MISSING.
T  INDICATES TRACE AMOUNT.




$$
