000
CDUS43 KLMK 070627
CLIBWG


CLIMATE REPORT
NATIONAL WEATHER SERVICE LOUISVILLE KY
226 AM EDT SUN MAY 7 2017


...................................

...THE BOWLING GREEN KY CLIMATE SUMMARY FOR MAY 6 2017...

CLIMATE NORMAL PERIOD 1981 TO 2010
CLIMATE RECORD PERIOD 1870 TO 2017


WEATHER ITEM   OBSERVED TIME   RECORD YEAR NORMAL DEPARTURE LAST
                VALUE   (LST)  VALUE       VALUE  FROM      YEAR
                                                  NORMAL
..................................................................
TEMPERATURE (F)
 YESTERDAY
  MAXIMUM         63    457 PM  93    1930  75    -12       72
                                      1916
  MINIMUM         40    525 AM  32    1891  52    -12       49
  AVERAGE         52                        64    -12       61

PRECIPITATION (IN)
  YESTERDAY        0.02          3.22 1984   0.19  -0.17     0.00
  MONTH TO DATE    1.13                      1.10   0.03     0.54
  SINCE MAR 1      9.50                      9.85  -0.35     5.89
  SINCE JAN 1     16.08                     17.42  -1.34    12.47

SNOWFALL (IN)
  YESTERDAY        0.0           0.0    MM   0.0    0.0      0.0
  MONTH TO DATE    0.0                       0.0    0.0      0.0
  SINCE MAR 1      T                         1.3   -1.3       T
  SINCE JUL 1      0.7                       9.1   -8.4     24.0
  SNOW DEPTH       0

DEGREE DAYS
 HEATING
  YESTERDAY       13                         4      9        4
  MONTH TO DATE   41                        25     16       32
  SINCE MAR 1    589                       796   -207      569
  SINCE JUL 1   2970                      3994  -1024     3169

 COOLING
  YESTERDAY        0                         2     -2        0
  MONTH TO DATE    0                        12    -12        8
  SINCE MAR 1     90                        48     42       52
  SINCE JAN 1     94                        48     46       52
..................................................................


WIND (MPH)
  HIGHEST WIND SPEED    15   HIGHEST WIND DIRECTION     E (80)
  HIGHEST GUST SPEED    21   HIGHEST GUST DIRECTION    NW (300)
  AVERAGE WIND SPEED     5.8


SKY COVER
  POSSIBLE SUNSHINE  MM
  AVERAGE SKY COVER 0.4


WEATHER CONDITIONS
 THE FOLLOWING WEATHER WAS RECORDED YESTERDAY.
  LIGHT RAIN


RELATIVE HUMIDITY (PERCENT)
 HIGHEST    92          1200 AM
 LOWEST     52           500 PM
 AVERAGE    72

..........................................................


THE BOWLING GREEN KY CLIMATE NORMALS FOR TODAY
                         NORMAL    RECORD    YEAR
 MAXIMUM TEMPERATURE (F)   75        92      1940
                                             1916
                                             1894
 MINIMUM TEMPERATURE (F)   52        32      1891


SUNRISE AND SUNSET
MAY  7 2017...........SUNRISE   545 AM CDT   SUNSET   740 PM CDT
MAY  8 2017...........SUNRISE   544 AM CDT   SUNSET   741 PM CDT


-  INDICATES NEGATIVE NUMBERS.
R  INDICATES RECORD WAS SET OR TIED.
MM INDICATES DATA IS MISSING.
T  INDICATES TRACE AMOUNT.




$$
