000
CDUS43 KLMK 070627
CLIBWG


CLIMATE REPORT
NATIONAL WEATHER SERVICE LOUISVILLE KY
227 AM EDT FRI APR 7 2017


...................................

...THE BOWLING GREEN KY CLIMATE SUMMARY FOR APRIL 6 2017...

CLIMATE NORMAL PERIOD 1981 TO 2010
CLIMATE RECORD PERIOD 1870 TO 2017


WEATHER ITEM   OBSERVED TIME   RECORD YEAR NORMAL DEPARTURE LAST
                VALUE   (LST)  VALUE       VALUE  FROM      YEAR
                                                  NORMAL
..................................................................
TEMPERATURE (F)
 YESTERDAY
  MAXIMUM         56    428 PM  87    2010  67    -11       67
                                      1929
  MINIMUM         42    558 AM  25    1887  43     -1       36
  AVERAGE         49                        55     -6       52

PRECIPITATION (IN)
  YESTERDAY        0.14          1.82 1935   0.13   0.01     0.08
  MONTH TO DATE    0.89                      0.78   0.11     0.09
  SINCE MAR 1      4.68                      5.19  -0.51     3.91
  SINCE JAN 1     11.26                     12.76  -1.50    10.49

SNOWFALL (IN)
  YESTERDAY        0.0           T    1920   0.0    0.0      0.0
  MONTH TO DATE    0.0                       0.1   -0.1      0.0
  SINCE MAR 1      T                         1.2   -1.2       T
  SINCE JUL 1      0.7                       9.0   -8.3     24.0
  SNOW DEPTH       0

DEGREE DAYS
 HEATING
  YESTERDAY       16                        11      5       13
  MONTH TO DATE   39                        69    -30       74
  SINCE MAR 1    478                       589   -111      423
  SINCE JUL 1   2859                      3787   -928     3023

 COOLING
  YESTERDAY        0                         1     -1        0
  MONTH TO DATE    6                         5      1        0
  SINCE MAR 1     12                        10      2        1
  SINCE JAN 1     16                        10      6        1
..................................................................


WIND (MPH)
  HIGHEST WIND SPEED    25   HIGHEST WIND DIRECTION     W (290)
  HIGHEST GUST SPEED    36   HIGHEST GUST DIRECTION     W (290)
  AVERAGE WIND SPEED    12.7


SKY COVER
  POSSIBLE SUNSHINE  MM
  AVERAGE SKY COVER 0.8


WEATHER CONDITIONS
 THE FOLLOWING WEATHER WAS RECORDED YESTERDAY.
  LIGHT RAIN
  FOG


RELATIVE HUMIDITY (PERCENT)
 HIGHEST    89           400 AM
 LOWEST     41           700 PM
 AVERAGE    65

..........................................................


THE BOWLING GREEN KY CLIMATE NORMALS FOR TODAY
                         NORMAL    RECORD    YEAR
 MAXIMUM TEMPERATURE (F)   67        88      2001
                                             1929
                                             1915
 MINIMUM TEMPERATURE (F)   43        23      1982


SUNRISE AND SUNSET
APRIL  7 2017.........SUNRISE   622 AM CDT   SUNSET   714 PM CDT
APRIL  8 2017.........SUNRISE   621 AM CDT   SUNSET   715 PM CDT


-  INDICATES NEGATIVE NUMBERS.
R  INDICATES RECORD WAS SET OR TIED.
MM INDICATES DATA IS MISSING.
T  INDICATES TRACE AMOUNT.




$$
