000
CDUS43 KLMK 010631
CLIBWG


CLIMATE REPORT
NATIONAL WEATHER SERVICE LOUISVILLE KY
131 AM EST SUN JAN 1 2017


...................................

...THE BOWLING GREEN KY CLIMATE SUMMARY FOR DECEMBER 31 2016...

CLIMATE NORMAL PERIOD 1981 TO 2010
CLIMATE RECORD PERIOD 1870 TO 2016


WEATHER ITEM   OBSERVED TIME   RECORD YEAR NORMAL DEPARTURE LAST
                VALUE   (LST)  VALUE       VALUE  FROM      YEAR
                                                  NORMAL
..................................................................
TEMPERATURE (F)
 YESTERDAY
  MAXIMUM         45    224 PM  76    1875  45      0       40
  MINIMUM         33    241 AM   1    1976  27      6       33
  AVERAGE         39                        36      3       37

PRECIPITATION (IN)
  YESTERDAY        0.24          3.59 1944   0.13   0.11     0.00
  MONTH TO DATE    4.74                      4.80  -0.06     5.23
  SINCE DEC 1      4.74                      4.80  -0.06     5.23
  SINCE JAN 1     46.70                     49.89  -3.19    54.48

SNOWFALL (IN)
  YESTERDAY        0.0           7.0  1967   0.1   -0.1      0.0
  MONTH TO DATE    T                         1.2   -1.2       T
  SINCE DEC 1      T                         1.2   -1.2       T
  SINCE JUL 1      T                         1.2   -1.2       T
  SNOW DEPTH       0

DEGREE DAYS
 HEATING
  YESTERDAY       26                        29     -3       28
  MONTH TO DATE  795                       819    -24      441
  SINCE DEC 1    795                       821    -26      441
  SINCE JUL 1   1281                      1584   -303      979

 COOLING
  YESTERDAY        0                         0      0        0
  MONTH TO DATE    0                         1     -1        2
  SINCE DEC 1      0                         1     -1        2
  SINCE JAN 1   1979                      1492    487     1673
..................................................................


WIND (MPH)
  HIGHEST WIND SPEED    21   HIGHEST WIND DIRECTION     S (200)
  HIGHEST GUST SPEED    32   HIGHEST GUST DIRECTION     S (190)
  AVERAGE WIND SPEED     8.7


SKY COVER
  POSSIBLE SUNSHINE  MM
  AVERAGE SKY COVER 0.8


WEATHER CONDITIONS
 THE FOLLOWING WEATHER WAS RECORDED YESTERDAY.
  RAIN
  LIGHT RAIN
  FOG


RELATIVE HUMIDITY (PERCENT)
 HIGHEST   100          1100 PM
 LOWEST     40           400 AM
 AVERAGE    70

..........................................................


THE BOWLING GREEN KY CLIMATE NORMALS FOR TODAY
                         NORMAL    RECORD    YEAR
 MAXIMUM TEMPERATURE (F)   45        76      1952
 MINIMUM TEMPERATURE (F)   27        -8      1881


SUNRISE AND SUNSET
JANUARY  1 2017.......SUNRISE   659 AM CST   SUNSET   440 PM CST
JANUARY  2 2017.......SUNRISE   659 AM CST   SUNSET   441 PM CST


-  INDICATES NEGATIVE NUMBERS.
R  INDICATES RECORD WAS SET OR TIED.
MM INDICATES DATA IS MISSING.
T  INDICATES TRACE AMOUNT.




$$
