000
CDUS43 KLMK 140628
CLIBWG


CLIMATE REPORT
NATIONAL WEATHER SERVICE LOUISVILLE KY
226 AM EDT TUE OCT 14 2014


...................................

...THE BOWLING GREEN KY CLIMATE SUMMARY FOR OCTOBER 13 2014...

CLIMATE NORMAL PERIOD 1981 TO 2010
CLIMATE RECORD PERIOD 1870 TO 2014


WEATHER ITEM   OBSERVED TIME   RECORD YEAR NORMAL DEPARTURE LAST
                VALUE   (LST)  VALUE       VALUE  FROM      YEAR
                                                  NORMAL
..................................................................
TEMPERATURE (F)
 YESTERDAY
  MAXIMUM         80    130 PM  92    1928  72      8       79
  MINIMUM         66   1159 PM  26    1909  47     19       56
  AVERAGE         73                        60     13       68

PRECIPITATION (IN)
  YESTERDAY        1.58R         1.00 1959   0.11   1.47      T
  MONTH TO DATE    3.72                      1.42   2.30     2.07
  SINCE SEP 1      4.09                      5.35  -1.26     7.16
  SINCE JAN 1     40.25                     38.91   1.34    49.86

SNOWFALL (IN)
  YESTERDAY        0.0           0.0    MM   0.0    0.0      0.0
  MONTH TO DATE    0.0                       0.0    0.0      0.0
  SINCE SEP 1      0.0                       0.0    0.0      0.0
  SINCE JUL 1      0.0                       0.0    0.0      0.0
  SNOW DEPTH       0

DEGREE DAYS
 HEATING
  YESTERDAY        0                         6     -6        0
  MONTH TO DATE   37                        66    -29       24
  SINCE SEP 1     61                       101    -40       36
  SINCE JUL 1     61                       102    -41       36

 COOLING
  YESTERDAY        8                         1      7        3
  MONTH TO DATE   29                        22      7       43
  SINCE SEP 1    208                       208      0      235
  SINCE JAN 1   1485                      1477      8     1495
..................................................................


WIND (MPH)
  HIGHEST WIND SPEED    29   HIGHEST WIND DIRECTION     S (160)
  HIGHEST GUST SPEED    38   HIGHEST GUST DIRECTION     S (170)
  AVERAGE WIND SPEED    12.9


SKY COVER
  POSSIBLE SUNSHINE  MM
  AVERAGE SKY COVER 0.6


WEATHER CONDITIONS
 THE FOLLOWING WEATHER WAS RECORDED YESTERDAY.
  THUNDERSTORM
  HEAVY RAIN
  RAIN
  LIGHT RAIN
  FOG


RELATIVE HUMIDITY (PERCENT)
 HIGHEST    87           700 AM
 LOWEST     62          1200 PM
 AVERAGE    75

..........................................................


THE BOWLING GREEN KY CLIMATE NORMALS FOR TODAY
                         NORMAL    RECORD    YEAR
 MAXIMUM TEMPERATURE (F)   72        94      1928
 MINIMUM TEMPERATURE (F)   47        29      1987


SUNRISE AND SUNSET
OCTOBER 14 2014.......SUNRISE   652 AM CDT   SUNSET   610 PM CDT
OCTOBER 15 2014.......SUNRISE   653 AM CDT   SUNSET   609 PM CDT


-  INDICATES NEGATIVE NUMBERS.
R  INDICATES RECORD WAS SET OR TIED.
MM INDICATES DATA IS MISSING.
T  INDICATES TRACE AMOUNT.




$$
