000
CDUS43 KLMK 060630
CLIBWG


CLIMATE REPORT
NATIONAL WEATHER SERVICE LOUISVILLE KY
230 AM EDT SUN APR 6 2014


...................................

...THE BOWLING GREEN KY CLIMATE SUMMARY FOR APRIL 5 2014...

CLIMATE NORMAL PERIOD 1981 TO 2010
CLIMATE RECORD PERIOD 1870 TO 2014


WEATHER ITEM   OBSERVED TIME   RECORD YEAR NORMAL DEPARTURE LAST
                VALUE   (LST)  VALUE       VALUE  FROM      YEAR
                                                  NORMAL
..................................................................
TEMPERATURE (F)
 YESTERDAY
  MAXIMUM         56    442 PM  88    1929  67    -11       68
  MINIMUM         39   1159 PM  25    1944  42     -3       33
  AVERAGE         48                        54     -6       51

PRECIPITATION (IN)
  YESTERDAY        0.00          1.30 1911   0.12  -0.12     0.00
  MONTH TO DATE    2.14                      0.65   1.49     0.17
  SINCE MAR 1      5.87                      5.06   0.81     5.38
  SINCE JAN 1     13.04                     12.63   0.41    13.07

SNOWFALL (IN)
  YESTERDAY        0.0           T    1920   0.0    0.0      0.0
  MONTH TO DATE    0.0                       0.1   -0.1      0.0
  SINCE MAR 1      5.1                       1.2    3.9      2.5
  SINCE JUL 1     10.4                       9.0    1.4      3.8
  SNOW DEPTH       0

DEGREE DAYS
 HEATING
  YESTERDAY       17                        11      6       14
  MONTH TO DATE   25                        58    -33       95
  SINCE MAR 1    678                       578    100      772
  SINCE JUL 1   4287                      3776    511     3667

 COOLING
  YESTERDAY        0                         1     -1        0
  MONTH TO DATE    3                         4     -1        0
  SINCE MAR 1      3                         9     -6        0
  SINCE JAN 1      3                         9     -6        0
..................................................................


WIND (MPH)
  HIGHEST WIND SPEED    13   HIGHEST WIND DIRECTION     E (70)
  HIGHEST GUST SPEED    17   HIGHEST GUST DIRECTION    NE (50)
  AVERAGE WIND SPEED     5.0


SKY COVER
  POSSIBLE SUNSHINE  MM
  AVERAGE SKY COVER 0.4


WEATHER CONDITIONS
 THE FOLLOWING WEATHER WAS RECORDED YESTERDAY.
  NO SIGNIFICANT WEATHER WAS OBSERVED.


RELATIVE HUMIDITY (PERCENT)
 HIGHEST    70          1000 PM
 LOWEST     35           500 PM
 AVERAGE    53

..........................................................


THE BOWLING GREEN KY CLIMATE NORMALS FOR TODAY
                         NORMAL    RECORD    YEAR
 MAXIMUM TEMPERATURE (F)   67        87      2010
                                             1929
 MINIMUM TEMPERATURE (F)   43        25      1887


SUNRISE AND SUNSET
APRIL  6 2014.........SUNRISE   624 AM CDT   SUNSET   713 PM CDT
APRIL  7 2014.........SUNRISE   623 AM CDT   SUNSET   713 PM CDT


-  INDICATES NEGATIVE NUMBERS.
R  INDICATES RECORD WAS SET OR TIED.
MM INDICATES DATA IS MISSING.
T  INDICATES TRACE AMOUNT.




$$
