000
CDUS43 KLMK 182030
CLIBWG


CLIMATE REPORT
NATIONAL WEATHER SERVICE LOUISVILLE KY
430 PM EDT TUE APR 18 2017


...................................

...THE BOWLING GREEN CLIMATE SUMMARY FOR APRIL 18 2017...
VALID TODAY AS OF 0400 PM LOCAL TIME.

CLIMATE NORMAL PERIOD 1981 TO 2010
CLIMATE RECORD PERIOD 1870 TO 2017


WEATHER ITEM   OBSERVED TIME   RECORD YEAR NORMAL DEPARTURE LAST
                VALUE   (LST)  VALUE       VALUE  FROM      YEAR
                                                  NORMAL
..................................................................
TEMPERATURE (F)
 TODAY
  MAXIMUM         77    204 PM  90    1917  71      6       82
                                      1909
  MINIMUM         60    539 AM  20    1875  46     14       46
  AVERAGE         69                        58     11       64

PRECIPITATION (IN)
  TODAY            0.00          1.19 1969   0.15  -0.15     0.00
  MONTH TO DATE    2.20                      2.45  -0.25     0.59
  SINCE MAR 1      5.99                      6.86  -0.87     4.41
  SINCE JAN 1     12.57                     14.43  -1.86    10.99

SNOWFALL (IN)
  TODAY            0.0           2.1  1983   0.0    0.0      0.0
  MONTH TO DATE    0.0                       0.2   -0.2      0.0
  SINCE MAR 1      T                         1.3   -1.3       T
  SINCE JUL 1      0.7                       9.1   -8.4     24.0
  SNOW DEPTH       0

DEGREE DAYS
 HEATING
  TODAY            0                         8     -8        1
  MONTH TO DATE   78                       179   -101      181
  SINCE MAR 1    517                       699   -182      530
  SINCE JUL 1   2898                      3897   -999     3130

 COOLING
  TODAY            4                         1      3        0
  MONTH TO DATE   36                        17     19        2
  SINCE MAR 1     42                        22     20        3
  SINCE JAN 1     46                        22     24        3
..................................................................


WIND (MPH)
  HIGHEST WIND SPEED    12   HIGHEST WIND DIRECTION    SW (230)
  HIGHEST GUST SPEED    16   HIGHEST GUST DIRECTION    SW (220)
  AVERAGE WIND SPEED     6.1


SKY COVER
  POSSIBLE SUNSHINE  MM
  AVERAGE SKY COVER 0.9


WEATHER CONDITIONS
 THE FOLLOWING WEATHER WAS RECORDED TODAY.
  NO SIGNIFICANT WEATHER WAS OBSERVED.


RELATIVE HUMIDITY (PERCENT)
 HIGHEST    78          1000 AM
 LOWEST     64           100 PM
 AVERAGE    71

..........................................................


THE BOWLING GREEN CLIMATE NORMALS FOR TOMORROW
                         NORMAL    RECORD    YEAR
 MAXIMUM TEMPERATURE (F)   71        87      2011
 MINIMUM TEMPERATURE (F)   47        25      1887


SUNRISE AND SUNSET
APRIL 18 2017.........SUNRISE   607 AM CDT   SUNSET   723 PM CDT
APRIL 19 2017.........SUNRISE   606 AM CDT   SUNSET   724 PM CDT


-  INDICATES NEGATIVE NUMBERS.
R  INDICATES RECORD WAS SET OR TIED.
MM INDICATES DATA IS MISSING.
T  INDICATES TRACE AMOUNT.




$$
