000
CDUS43 KLMK 270626
CLIBWG


CLIMATE REPORT
NATIONAL WEATHER SERVICE LOUISVILLE KY
226 AM EDT WED SEP 27 2017


...................................

...THE BOWLING GREEN KY CLIMATE SUMMARY FOR SEPTEMBER 26 2017...

CLIMATE NORMAL PERIOD 1981 TO 2010
CLIMATE RECORD PERIOD 1870 TO 2017


WEATHER ITEM   OBSERVED TIME   RECORD YEAR NORMAL DEPARTURE LAST
                VALUE   (LST)  VALUE       VALUE  FROM      YEAR
                                                  NORMAL
..................................................................
TEMPERATURE (F)
 YESTERDAY
  MAXIMUM         89    335 PM  93    1923  78     11       72
  MINIMUM         61    518 AM  34    2001  54      7       53
                                      1928
  AVERAGE         75                        66      9       63

PRECIPITATION (IN)
  YESTERDAY        0.00          3.66 2002   0.13  -0.13     0.31
  MONTH TO DATE    6.47                      3.40   3.07     1.33
  SINCE SEP 1      6.47                      3.40   3.07     1.33
  SINCE JAN 1     43.55                     36.96   6.59    39.25

SNOWFALL (IN)
  YESTERDAY        0.0           0.0    MM   0.0    0.0      0.0
  MONTH TO DATE    0.0                       0.0    0.0      0.0
  SINCE SEP 1      0.0                       0.0    0.0      0.0
  SINCE JUL 1      0.0                       0.0    0.0      0.0
  SNOW DEPTH       0

DEGREE DAYS
 HEATING
  YESTERDAY        0                         3     -3        2
  MONTH TO DATE   18                        20     -2        2
  SINCE SEP 1     18                        20     -2        2
  SINCE JUL 1     18                        21     -3        2

 COOLING
  YESTERDAY       10                         3      7        0
  MONTH TO DATE  153                       174    -21      303
  SINCE SEP 1    153                       174    -21      303
  SINCE JAN 1   1505                      1443     62     1862
..................................................................


WIND (MPH)
  HIGHEST WIND SPEED     9   HIGHEST WIND DIRECTION    NE (40)
  HIGHEST GUST SPEED    16   HIGHEST GUST DIRECTION    NE (40)
  AVERAGE WIND SPEED     1.4


SKY COVER
  POSSIBLE SUNSHINE  MM
  AVERAGE SKY COVER 0.1


WEATHER CONDITIONS
 THE FOLLOWING WEATHER WAS RECORDED YESTERDAY.
  FOG
  FOG W/VISIBILITY <= 1/4 MILE


RELATIVE HUMIDITY (PERCENT)
 HIGHEST   100           100 AM
 LOWEST     40           300 PM
 AVERAGE    70

..........................................................


THE BOWLING GREEN KY CLIMATE NORMALS FOR TODAY
                         NORMAL    RECORD    YEAR
 MAXIMUM TEMPERATURE (F)   78        95      1911
 MINIMUM TEMPERATURE (F)   53        35      1899


SUNRISE AND SUNSET
SEPTEMBER 27 2017.....SUNRISE   638 AM CDT   SUNSET   635 PM CDT
SEPTEMBER 28 2017.....SUNRISE   639 AM CDT   SUNSET   633 PM CDT


-  INDICATES NEGATIVE NUMBERS.
R  INDICATES RECORD WAS SET OR TIED.
MM INDICATES DATA IS MISSING.
T  INDICATES TRACE AMOUNT.




$$
