000
CDUS43 KLMK 042140
CLIBWG


CLIMATE REPORT
NATIONAL WEATHER SERVICE LOUISVILLE KY
440 PM EST WED JAN 4 2017


...................................

...THE BOWLING GREEN CLIMATE SUMMARY FOR JANUARY 4 2017...
VALID TODAY AS OF 0400 PM LOCAL TIME.

CLIMATE NORMAL PERIOD 1981 TO 2010
CLIMATE RECORD PERIOD 1870 TO 2017


WEATHER ITEM   OBSERVED TIME   RECORD YEAR NORMAL DEPARTURE LAST
                VALUE   (LST)  VALUE       VALUE  FROM      YEAR
                                                  NORMAL
..................................................................
TEMPERATURE (F)
 TODAY
  MAXIMUM         41   1207 AM  71    2004  45     -4       41
  MINIMUM         28    828 AM -12    1879  27      1       23
  AVERAGE         35                        36     -1       32

PRECIPITATION (IN)
  TODAY            0.00          1.28 1972   0.12  -0.12     0.00
  MONTH TO DATE    0.93                      0.48   0.45     0.00
  SINCE DEC 1      5.67                      5.28   0.39     5.23
  SINCE JAN 1      0.93                      0.48   0.45     0.00

SNOWFALL (IN)
  TODAY            0.0           5.0  1942   0.1   -0.1      0.0
  MONTH TO DATE    0.0                       0.3   -0.3      0.0
  SINCE DEC 1      T                         1.5   -1.5       T
  SINCE JUL 1      T                         1.5   -1.5       T
  SNOW DEPTH       0

DEGREE DAYS
 HEATING
  TODAY           30                        29      1       33
  MONTH TO DATE   69                       116    -47      114
  SINCE DEC 1    864                       937    -73      555
  SINCE JUL 1   1350                      1700   -350     1093

 COOLING
  TODAY            0                         0      0        0
  MONTH TO DATE    0                         0      0        0
  SINCE DEC 1      0                         1     -1        2
  SINCE JAN 1      0                         0      0        0
..................................................................


WIND (MPH)
  HIGHEST WIND SPEED    20   HIGHEST WIND DIRECTION    NW (310)
  HIGHEST GUST SPEED    25   HIGHEST GUST DIRECTION    NW (330)
  AVERAGE WIND SPEED     8.6


SKY COVER
  POSSIBLE SUNSHINE  MM
  AVERAGE SKY COVER 0.3


WEATHER CONDITIONS
 THE FOLLOWING WEATHER WAS RECORDED TODAY.
  NO SIGNIFICANT WEATHER WAS OBSERVED.


RELATIVE HUMIDITY (PERCENT)
 HIGHEST    85          1200 AM
 LOWEST     40           200 PM
 AVERAGE    63

..........................................................


THE BOWLING GREEN CLIMATE NORMALS FOR TOMORROW
                         NORMAL    RECORD    YEAR
 MAXIMUM TEMPERATURE (F)   45        68      2007
                                             1955
                                             1998
 MINIMUM TEMPERATURE (F)   27       -20      1884


SUNRISE AND SUNSET
JANUARY  4 2017.......SUNRISE   659 AM CST   SUNSET   443 PM CST
JANUARY  5 2017.......SUNRISE   659 AM CST   SUNSET   443 PM CST


-  INDICATES NEGATIVE NUMBERS.
R  INDICATES RECORD WAS SET OR TIED.
MM INDICATES DATA IS MISSING.
T  INDICATES TRACE AMOUNT.




$$
