000
CDUS43 KLMK 310629
CLIBWG


CLIMATE REPORT
NATIONAL WEATHER SERVICE LOUISVILLE KY
127 AM EST SUN JAN 31 2016


...................................

...THE BOWLING GREEN KY CLIMATE SUMMARY FOR JANUARY 30 2016...

CLIMATE NORMAL PERIOD 1981 TO 2010
CLIMATE RECORD PERIOD 1870 TO 2016


WEATHER ITEM   OBSERVED TIME   RECORD YEAR NORMAL DEPARTURE LAST
                VALUE   (LST)  VALUE       VALUE  FROM      YEAR
                                                  NORMAL
..................................................................
TEMPERATURE (F)
 YESTERDAY
  MAXIMUM         70    306 PM  72    2013  46     24       44
  MINIMUM         27    509 AM -11    1966  27      0       25
  AVERAGE         49                        37     12       35

PRECIPITATION (IN)
  YESTERDAY        0.00          2.41 1939   0.13  -0.13     0.00
  MONTH TO DATE    1.79                      3.47  -1.68     1.88
  SINCE DEC 1      7.02                      8.27  -1.25     3.57
  SINCE JAN 1      1.79                      3.47  -1.68     1.88

SNOWFALL (IN)
  YESTERDAY        0.0           4.0  1981   0.2   -0.2      0.0
  MONTH TO DATE   14.8                       3.2   11.6      3.4
  SINCE DEC 1     14.8                       4.4   10.4      3.4
  SINCE JUL 1     14.8                       4.4   10.4      3.7
  SNOW DEPTH       0

DEGREE DAYS
 HEATING
  YESTERDAY       16                        28    -12       30
  MONTH TO DATE  942                       882     60      900
  SINCE DEC 1   1383                      1703   -320     1616
  SINCE JUL 1   1921                      2466   -545     2513

 COOLING
  YESTERDAY        0                         0      0        0
  MONTH TO DATE    0                         0      0        0
  SINCE DEC 1      2                         1      1        0
  SINCE JAN 1      0                         0      0        0
..................................................................


WIND (MPH)
  HIGHEST WIND SPEED    24   HIGHEST WIND DIRECTION     S (200)
  HIGHEST GUST SPEED    32   HIGHEST GUST DIRECTION    SW (210)
  AVERAGE WIND SPEED    10.3


SKY COVER
  POSSIBLE SUNSHINE  MM
  AVERAGE SKY COVER 0.0


WEATHER CONDITIONS
 THE FOLLOWING WEATHER WAS RECORDED YESTERDAY.
  NO SIGNIFICANT WEATHER WAS OBSERVED.


RELATIVE HUMIDITY (PERCENT)
 HIGHEST    85           500 AM
 LOWEST     31           300 PM
 AVERAGE    58

..........................................................


THE BOWLING GREEN KY CLIMATE NORMALS FOR TODAY
                         NORMAL    RECORD    YEAR
 MAXIMUM TEMPERATURE (F)   46        72      2002
 MINIMUM TEMPERATURE (F)   27        -8      1965


SUNRISE AND SUNSET
JANUARY 31 2016.......SUNRISE   649 AM CST   SUNSET   509 PM CST
FEBRUARY  1 2016......SUNRISE   649 AM CST   SUNSET   510 PM CST


-  INDICATES NEGATIVE NUMBERS.
R  INDICATES RECORD WAS SET OR TIED.
MM INDICATES DATA IS MISSING.
T  INDICATES TRACE AMOUNT.

$$

SCHOETTMER
