000
CDUS43 KLMK 142028 RRC
CLIBWG

CLIMATE REPORT
NATIONAL WEATHER SERVICE LOUISVILLE KY
427 PM EDT THU SEP 14 2017


...................................

...THE BOWLING GREEN CLIMATE SUMMARY FOR SEPTEMBER 14 2017...
VALID TODAY AS OF 0400 PM LOCAL TIME.

CLIMATE NORMAL PERIOD 1981 TO 2010
CLIMATE RECORD PERIOD 1870 TO 2017


WEATHER ITEM   OBSERVED TIME   RECORD YEAR NORMAL DEPARTURE LAST
                VALUE   (LST)  VALUE       VALUE  FROM      YEAR
                                                  NORMAL
..................................................................
TEMPERATURE (F)
 TODAY
  MAXIMUM         76    200 PM 103    1939  83     -7       91
  MINIMUM         64    200 AM  35    1902  59      5       68
  AVERAGE         70                        71     -1       80

PRECIPITATION (IN)
  TODAY            0.06          1.61 1901   0.13  -0.07     0.00
  MONTH TO DATE    5.76                      1.84   3.92     0.03
  SINCE SEP 1      5.76                      1.84   3.92     0.03
  SINCE JAN 1     42.84                     35.40   7.44    37.95

SNOWFALL (IN)
  TODAY            0.0           0.0    MM   0.0    0.0      0.0
  MONTH TO DATE    0.0                       0.0    0.0      0.0
  SINCE SEP 1      0.0                       0.0    0.0      0.0
  SINCE JUL 1      0.0                       0.0    0.0      0.0
  SNOW DEPTH       0

DEGREE DAYS
 HEATING
  TODAY            0                         1     -1        0
  MONTH TO DATE   18                         1     17        0
  SINCE SEP 1     18                         1     17        0
  SINCE JUL 1     18                         2     16        0

 COOLING
  TODAY            5                         6     -1       15
  MONTH TO DATE   24                       117    -93      168
  SINCE SEP 1     24                       117    -93      168
  SINCE JAN 1   1376                      1386    -10     1727
..................................................................


WIND (MPH)
  HIGHEST WIND SPEED     9   HIGHEST WIND DIRECTION    SW (230)
  HIGHEST GUST SPEED    14   HIGHEST GUST DIRECTION    SW (220)
  AVERAGE WIND SPEED     5.8


SKY COVER
  POSSIBLE SUNSHINE  MM
  AVERAGE SKY COVER 0.9


WEATHER CONDITIONS
 THE FOLLOWING WEATHER WAS RECORDED TODAY.
  RAIN
  LIGHT RAIN
  FOG


RELATIVE HUMIDITY (PERCENT)
 HIGHEST   100           200 AM
 LOWEST     74           200 PM
 AVERAGE    87

..........................................................


THE BOWLING GREEN CLIMATE NORMALS FOR TOMORROW
                         NORMAL    RECORD    YEAR
 MAXIMUM TEMPERATURE (F)   82       102      1927
 MINIMUM TEMPERATURE (F)   58        39      1902


SUNRISE AND SUNSET
SEPTEMBER 14 2017.....SUNRISE   627 AM CDT   SUNSET   654 PM CDT
SEPTEMBER 15 2017.....SUNRISE   628 AM CDT   SUNSET   653 PM CDT


-  INDICATES NEGATIVE NUMBERS.
R  INDICATES RECORD WAS SET OR TIED.
MM INDICATES DATA IS MISSING.
T  INDICATES TRACE AMOUNT.




$$
