000
CDUS43 KLMK 050627
CLIBWG


CLIMATE REPORT
NATIONAL WEATHER SERVICE LOUISVILLE KY
227 AM EDT SAT APR 5 2014


...................................

...THE BOWLING GREEN KY CLIMATE SUMMARY FOR APRIL 4 2014...

CLIMATE NORMAL PERIOD 1981 TO 2010
CLIMATE RECORD PERIOD 1870 TO 2014


WEATHER ITEM   OBSERVED TIME   RECORD YEAR NORMAL DEPARTURE LAST
                VALUE   (LST)  VALUE       VALUE  FROM      YEAR
                                                  NORMAL
..................................................................
TEMPERATURE (F)
 YESTERDAY
  MAXIMUM         70    110 AM  86    1909  66      4       50
                                      1934
  MINIMUM         43   1144 PM  26    1904  42      1       40
  AVERAGE         57                        54      3       45

PRECIPITATION (IN)
  YESTERDAY        0.72          4.61 1968   0.13   0.59     0.17
  MONTH TO DATE    2.14                      0.53   1.61     0.17
  SINCE MAR 1      5.87                      4.94   0.93     5.38
  SINCE JAN 1     13.04                     12.51   0.53    13.07

SNOWFALL (IN)
  YESTERDAY        0.0           T    1920   0.1   -0.1      0.0
  MONTH TO DATE    0.0                       0.1   -0.1      0.0
  SINCE MAR 1      5.1                       1.2    3.9      2.5
  SINCE JUL 1     10.4                       9.0    1.4      3.8
  SNOW DEPTH       0

DEGREE DAYS
 HEATING
  YESTERDAY        8                        11     -3       20
  MONTH TO DATE    8                        47    -39       81
  SINCE MAR 1    661                       567     94      758
  SINCE JUL 1   4270                      3765    505     3653

 COOLING
  YESTERDAY        0                         1     -1        0
  MONTH TO DATE    3                         3      0        0
  SINCE MAR 1      3                         8     -5        0
  SINCE JAN 1      3                         8     -5        0
..................................................................


WIND (MPH)
  HIGHEST WIND SPEED    24   HIGHEST WIND DIRECTION     W (270)
  HIGHEST GUST SPEED    31   HIGHEST GUST DIRECTION     W (270)
  AVERAGE WIND SPEED    10.2


SKY COVER
  POSSIBLE SUNSHINE  MM
  AVERAGE SKY COVER 0.7


WEATHER CONDITIONS
 THE FOLLOWING WEATHER WAS RECORDED YESTERDAY.
  THUNDERSTORM
  HEAVY RAIN
  RAIN
  LIGHT RAIN
  FOG


RELATIVE HUMIDITY (PERCENT)
 HIGHEST   100           500 AM
 LOWEST     56           700 PM
 AVERAGE    78

..........................................................


THE BOWLING GREEN KY CLIMATE NORMALS FOR TODAY
                         NORMAL    RECORD    YEAR
 MAXIMUM TEMPERATURE (F)   67        88      1929
 MINIMUM TEMPERATURE (F)   42        25      1944


SUNRISE AND SUNSET
APRIL  5 2014.........SUNRISE   626 AM CDT   SUNSET   712 PM CDT
APRIL  6 2014.........SUNRISE   624 AM CDT   SUNSET   713 PM CDT


-  INDICATES NEGATIVE NUMBERS.
R  INDICATES RECORD WAS SET OR TIED.
MM INDICATES DATA IS MISSING.
T  INDICATES TRACE AMOUNT.




$$
