000
CDUS43 KLMK 110645
CLIBWG


CLIMATE REPORT
NATIONAL WEATHER SERVICE LOUISVILLE KY
245 AM EDT THU MAY 11 2017


...................................

...THE BOWLING GREEN KY CLIMATE SUMMARY FOR MAY 10 2017...

CLIMATE NORMAL PERIOD 1981 TO 2010
CLIMATE RECORD PERIOD 1870 TO 2017


WEATHER ITEM   OBSERVED TIME   RECORD YEAR NORMAL DEPARTURE LAST
                VALUE   (LST)  VALUE       VALUE  FROM      YEAR
                                                  NORMAL
..................................................................
TEMPERATURE (F)
 YESTERDAY
  MAXIMUM         85   1248 PM  96    1936  76      9       81
  MINIMUM         58    124 AM  32    1885  53      5       65
  AVERAGE         72                        65      7       73

PRECIPITATION (IN)
  YESTERDAY        0.00          1.30 1973   0.19  -0.19     0.11
  MONTH TO DATE    1.13                      1.85  -0.72     0.66
  SINCE MAR 1      9.50                     10.60  -1.10     6.01
  SINCE JAN 1     16.08                     18.17  -2.09    12.59

SNOWFALL (IN)
  YESTERDAY        0.0           0.0    MM   0.0    0.0      0.0
  MONTH TO DATE    0.0                       0.0    0.0      0.0
  SINCE MAR 1      T                         1.3   -1.3       T
  SINCE JUL 1      0.7                       9.1   -8.4     24.0
  SNOW DEPTH       0

DEGREE DAYS
 HEATING
  YESTERDAY        0                         3     -3        0
  MONTH TO DATE   56                        37     19       32
  SINCE MAR 1    604                       808   -204      569
  SINCE JUL 1   2985                      4006  -1021     3169

 COOLING
  YESTERDAY        7                         3      4        8
  MONTH TO DATE   14                        22     -8       31
  SINCE MAR 1    104                        58     46       75
  SINCE JAN 1    108                        58     50       75
..................................................................


WIND (MPH)
  HIGHEST WIND SPEED    17   HIGHEST WIND DIRECTION    SW (210)
  HIGHEST GUST SPEED    24   HIGHEST GUST DIRECTION     S (190)
  AVERAGE WIND SPEED     8.0


SKY COVER
  POSSIBLE SUNSHINE  MM
  AVERAGE SKY COVER 0.2


WEATHER CONDITIONS
 THE FOLLOWING WEATHER WAS RECORDED YESTERDAY.
  NO SIGNIFICANT WEATHER WAS OBSERVED.


RELATIVE HUMIDITY (PERCENT)
 HIGHEST    93           400 AM
 LOWEST     51          1100 AM
 AVERAGE    72

..........................................................


THE BOWLING GREEN KY CLIMATE NORMALS FOR TODAY
                         NORMAL    RECORD    YEAR
 MAXIMUM TEMPERATURE (F)   76        94      1936
                                             1922
 MINIMUM TEMPERATURE (F)   54        32      1885


SUNRISE AND SUNSET
MAY 11 2017...........SUNRISE   541 AM CDT   SUNSET   744 PM CDT
MAY 12 2017...........SUNRISE   540 AM CDT   SUNSET   745 PM CDT


-  INDICATES NEGATIVE NUMBERS.
R  INDICATES RECORD WAS SET OR TIED.
MM INDICATES DATA IS MISSING.
T  INDICATES TRACE AMOUNT.




$$
