000
CDUS43 KLMK 132033
CLIBWG


CLIMATE REPORT
NATIONAL WEATHER SERVICE LOUISVILLE KY
431 PM EDT WED APR 13 2016


...................................

...THE BOWLING GREEN CLIMATE SUMMARY FOR APRIL 13 2016...
VALID TODAY AS OF 0400 PM LOCAL TIME.

CLIMATE NORMAL PERIOD 1981 TO 2010
CLIMATE RECORD PERIOD 1870 TO 2016


WEATHER ITEM   OBSERVED TIME   RECORD YEAR NORMAL DEPARTURE LAST
                VALUE   (LST)  VALUE       VALUE  FROM      YEAR
                                                  NORMAL
..................................................................
TEMPERATURE (F)
 TODAY
  MAXIMUM         69    220 PM  91    1930  69      0       77
  MINIMUM         37    343 AM  24    1950  45     -8       56
  AVERAGE         53                        57     -4       67

PRECIPITATION (IN)
  TODAY            0.00          1.19 1923   0.13  -0.13     0.64
  MONTH TO DATE    0.51                      1.75  -1.24     4.15
  SINCE MAR 1      4.33                      6.16  -1.83    10.42
  SINCE JAN 1     10.91                     13.73  -2.82    16.30

SNOWFALL (IN)
  TODAY            0.0           T    2004   0.0    0.0      0.0
  MONTH TO DATE    0.0                       0.2   -0.2      0.0
  SINCE MAR 1      T                         1.3   -1.3      7.2
  SINCE JUL 1     24.0                       9.1   14.9     23.5
  SNOW DEPTH       0

DEGREE DAYS
 HEATING
  TODAY           12                         9      3        0
  MONTH TO DATE  173                       138     35       66
  SINCE MAR 1    522                       658   -136      606
  SINCE JUL 1   3122                      3856   -734     4141

 COOLING
  TODAY            0                         1     -1        2
  MONTH TO DATE    0                        12    -12       28
  SINCE MAR 1      1                        17    -16       28
  SINCE JAN 1      1                        17    -16       28
..................................................................


WIND (MPH)
  HIGHEST WIND SPEED    13   HIGHEST WIND DIRECTION    NE (60)
  HIGHEST GUST SPEED    16   HIGHEST GUST DIRECTION     E (70)
  AVERAGE WIND SPEED     6.6


SKY COVER
  POSSIBLE SUNSHINE   0 PERCENT
  AVERAGE SKY COVER 0.0


WEATHER CONDITIONS
 THE FOLLOWING WEATHER WAS RECORDED TODAY.
  NO SIGNIFICANT WEATHER WAS OBSERVED.


RELATIVE HUMIDITY (PERCENT)
 HIGHEST     0          1200 AM
 LOWEST      0          1200 AM
 AVERAGE     0

..........................................................


THE BOWLING GREEN CLIMATE NORMALS FOR TOMORROW
                         NORMAL    RECORD    YEAR
 MAXIMUM TEMPERATURE (F)   69        88      1919
 MINIMUM TEMPERATURE (F)   45        22      1950


SUNRISE AND SUNSET
APRIL 13 2016.........SUNRISE   614 AM CDT   SUNSET   719 PM CDT
APRIL 14 2016.........SUNRISE   612 AM CDT   SUNSET   720 PM CDT


-  INDICATES NEGATIVE NUMBERS.
R  INDICATES RECORD WAS SET OR TIED.
MM INDICATES DATA IS MISSING.
T  INDICATES TRACE AMOUNT.




$$
