000
CDUS43 KLMK 062130
CLIBWG


CLIMATE REPORT
NATIONAL WEATHER SERVICE LOUISVILLE KY
429 PM EST THU NOV 6 2014


...................................

...THE BOWLING GREEN CLIMATE SUMMARY FOR NOVEMBER 6 2014...
VALID TODAY AS OF 0400 PM LOCAL TIME.

CLIMATE NORMAL PERIOD 1981 TO 2010
CLIMATE RECORD PERIOD 1870 TO 2014


WEATHER ITEM   OBSERVED TIME   RECORD YEAR NORMAL DEPARTURE LAST
                VALUE   (LST)  VALUE       VALUE  FROM      YEAR
                                                  NORMAL
..................................................................
TEMPERATURE (F)
 TODAY
  MAXIMUM         57   1206 PM  81    1915  64     -7       71
  MINIMUM         51    636 AM  20    1901  40     11       45
  AVERAGE         54                        52      2       58

PRECIPITATION (IN)
  TODAY            0.01          2.25 1911   0.13  -0.12     0.56
  MONTH TO DATE    0.84                      0.78   0.06     0.67
  SINCE SEP 1      6.59                      8.09  -1.50     9.80
  SINCE JAN 1     42.75                     41.65   1.10    52.50

SNOWFALL (IN)
  TODAY            0.0           T    1959   0.0    0.0      0.0
  MONTH TO DATE    0.0                       0.0    0.0      0.0
  SINCE SEP 1      0.0                       T      0.0      0.0
  SINCE JUL 1      0.0                       T      0.0      0.0
  SNOW DEPTH       0

DEGREE DAYS
 HEATING
  TODAY           11                        13     -2        7
  MONTH TO DATE   93                        75     18       73
  SINCE SEP 1    311                       337    -26      323
  SINCE JUL 1    311                       338    -27      323

 COOLING
  TODAY            0                         0      0        0
  MONTH TO DATE    0                         0      0        0
  SINCE SEP 1    211                       219     -8      239
  SINCE JAN 1   1488                      1488      0     1499
..................................................................


WIND (MPH)
  HIGHEST WIND SPEED    23   HIGHEST WIND DIRECTION    NW (310)
  HIGHEST GUST SPEED    34   HIGHEST GUST DIRECTION    NW (300)
  AVERAGE WIND SPEED    12.5


SKY COVER
  POSSIBLE SUNSHINE   0 PERCENT
  AVERAGE SKY COVER 0.0


WEATHER CONDITIONS
 THE FOLLOWING WEATHER WAS RECORDED TODAY.
  NO SIGNIFICANT WEATHER WAS OBSERVED.


RELATIVE HUMIDITY (PERCENT)
 HIGHEST     0          1200 AM
 LOWEST      0          1200 AM
 AVERAGE     0

..........................................................


THE BOWLING GREEN CLIMATE NORMALS FOR TOMORROW
                         NORMAL    RECORD    YEAR
 MAXIMUM TEMPERATURE (F)   63        82      1909
 MINIMUM TEMPERATURE (F)   40        20      1953
                                             1886


SUNRISE AND SUNSET
NOVEMBER  6 2014......SUNRISE   615 AM CST   SUNSET   443 PM CST
NOVEMBER  7 2014......SUNRISE   616 AM CST   SUNSET   443 PM CST


-  INDICATES NEGATIVE NUMBERS.
R  INDICATES RECORD WAS SET OR TIED.
MM INDICATES DATA IS MISSING.
T  INDICATES TRACE AMOUNT.




$$
