000
CDUS43 KLMK 052128
CLIBWG


CLIMATE REPORT
NATIONAL WEATHER SERVICE LOUISVILLE KY
428 PM EST FRI DEC 5 2014


...................................

...THE BOWLING GREEN CLIMATE SUMMARY FOR DECEMBER 5 2014...
VALID TODAY AS OF 0400 PM LOCAL TIME.

CLIMATE NORMAL PERIOD 1981 TO 2010
CLIMATE RECORD PERIOD 1870 TO 2014


WEATHER ITEM   OBSERVED TIME   RECORD YEAR NORMAL DEPARTURE LAST
                VALUE   (LST)  VALUE       VALUE  FROM      YEAR
                                                  NORMAL
..................................................................
TEMPERATURE (F)
 TODAY
  MAXIMUM         64    326 PM  72    2001  51     13       68
  MINIMUM         46    403 AM   6    1871  32     14       35
  AVERAGE         55                        41     14       52

PRECIPITATION (IN)
  TODAY            0.02          2.50 2011   0.16  -0.14     1.48
  MONTH TO DATE    0.25                      0.80  -0.55     1.48
  SINCE DEC 1      0.25                      0.80  -0.55     1.48
  SINCE JAN 1     44.68                     45.89  -1.21    56.13

SNOWFALL (IN)
  TODAY            0.0           1.8  1898   0.0    0.0      0.0
  MONTH TO DATE    0.0                       0.1   -0.1      0.0
  SINCE DEC 1      0.0                       0.1   -0.1      0.0
  SINCE JUL 1      0.3                       0.1    0.2      1.1
  SNOW DEPTH       0

DEGREE DAYS
 HEATING
  TODAY           10                        24    -14       13
  MONTH TO DATE   98                       115    -17       60
  SINCE DEC 1     98                       115    -17       60
  SINCE JUL 1    995                       878    117      940

 COOLING
  TODAY            0                         0      0        0
  MONTH TO DATE    0                         0      0        0
  SINCE DEC 1      0                         0      0        0
  SINCE JAN 1   1488                      1491     -3     1499
..................................................................


WIND (MPH)
  HIGHEST WIND SPEED     5   HIGHEST WIND DIRECTION    SE (120)
  HIGHEST GUST SPEED    MM   HIGHEST GUST DIRECTION    MM
  AVERAGE WIND SPEED     1.3


SKY COVER
  POSSIBLE SUNSHINE  MM
  AVERAGE SKY COVER 1.0


WEATHER CONDITIONS
 THE FOLLOWING WEATHER WAS RECORDED TODAY.
  LIGHT RAIN
  FOG


RELATIVE HUMIDITY (PERCENT)
 HIGHEST    93           400 AM
 LOWEST     86          1200 AM
 AVERAGE    90

..........................................................


THE BOWLING GREEN CLIMATE NORMALS FOR TOMORROW
                         NORMAL    RECORD    YEAR
 MAXIMUM TEMPERATURE (F)   51        75      1998
 MINIMUM TEMPERATURE (F)   31         6      1886


SUNRISE AND SUNSET
DECEMBER  5 2014......SUNRISE   644 AM CST   SUNSET   429 PM CST
DECEMBER  6 2014......SUNRISE   645 AM CST   SUNSET   429 PM CST


-  INDICATES NEGATIVE NUMBERS.
R  INDICATES RECORD WAS SET OR TIED.
MM INDICATES DATA IS MISSING.
T  INDICATES TRACE AMOUNT.




$$
