000
CDUS43 KLMK 192131
CLIBWG


CLIMATE REPORT
NATIONAL WEATHER SERVICE LOUISVILLE KY
429 PM EST THU FEB 19 2015


...................................

...THE BOWLING GREEN CLIMATE SUMMARY FOR FEBRUARY 19 2015...
VALID TODAY AS OF 0400 PM LOCAL TIME.

CLIMATE NORMAL PERIOD 1981 TO 2010
CLIMATE RECORD PERIOD 1870 TO 2015


WEATHER ITEM   OBSERVED TIME   RECORD YEAR NORMAL DEPARTURE LAST
                VALUE   (LST)  VALUE       VALUE  FROM      YEAR
                                                  NORMAL
..................................................................
TEMPERATURE (F)
 TODAY
  MAXIMUM         14    300 PM  73    1994  51    -37       60
                                      1939
                                      1913
  MINIMUM         -7R   254 AM   2    1958  31    -38       42
  AVERAGE          4                        41    -37       51

PRECIPITATION (IN)
  TODAY            0.00          1.85 1996   0.14  -0.14     0.05
  MONTH TO DATE    1.74                      2.71  -0.97     4.85
  SINCE DEC 1      5.31                     11.12  -5.81    11.61
  SINCE JAN 1      3.62                      6.32  -2.70     6.60

SNOWFALL (IN)
  TODAY            0.0           2.0  1963   0.1   -0.1      0.0
                                      1921
                                      1905
  MONTH TO DATE   11.6                       2.6    9.0      2.0
  SINCE DEC 1     15.0                       7.1    7.9      4.2
  SINCE JUL 1     15.3                       7.1    8.2      5.3
  SNOW DEPTH       8

DEGREE DAYS
 HEATING
  TODAY           61                        24     37       14
  MONTH TO DATE  654                       500    154      593
  SINCE DEC 1   2302                      2229     73     2496
  SINCE JUL 1   3199                      2992    207     3376

 COOLING
  TODAY            0                         0      0        0
  MONTH TO DATE    0                         0      0        0
  SINCE DEC 1      0                         1     -1        2
  SINCE JAN 1      0                         0      0        0
..................................................................


WIND (MPH)
  HIGHEST WIND SPEED    15   HIGHEST WIND DIRECTION     W (280)
  HIGHEST GUST SPEED    20   HIGHEST GUST DIRECTION     W (290)
  AVERAGE WIND SPEED     6.0


SKY COVER
  POSSIBLE SUNSHINE  MM
  AVERAGE SKY COVER 0.0


WEATHER CONDITIONS
 THE FOLLOWING WEATHER WAS RECORDED TODAY.
  NO SIGNIFICANT WEATHER WAS OBSERVED.


RELATIVE HUMIDITY (PERCENT)
 HIGHEST    83           300 AM
 LOWEST     38          1200 PM
 AVERAGE    61

..........................................................


THE BOWLING GREEN CLIMATE NORMALS FOR TOMORROW
                         NORMAL    RECORD    YEAR
 MAXIMUM TEMPERATURE (F)   51        75      2014
                                             1997
 MINIMUM TEMPERATURE (F)   31        -3      1885


SUNRISE AND SUNSET
FEBRUARY 19 2015......SUNRISE   630 AM CST   SUNSET   530 PM CST
FEBRUARY 20 2015......SUNRISE   629 AM CST   SUNSET   531 PM CST


-  INDICATES NEGATIVE NUMBERS.
R  INDICATES RECORD WAS SET OR TIED.
MM INDICATES DATA IS MISSING.
T  INDICATES TRACE AMOUNT.




$$
