000
CDUS43 KLMK 260627
CLIBWG


CLIMATE REPORT
NATIONAL WEATHER SERVICE LOUISVILLE KY
226 AM EDT TUE SEP 26 2017


...................................

...THE BOWLING GREEN KY CLIMATE SUMMARY FOR SEPTEMBER 25 2017...

CLIMATE NORMAL PERIOD 1981 TO 2010
CLIMATE RECORD PERIOD 1870 TO 2017


WEATHER ITEM   OBSERVED TIME   RECORD YEAR NORMAL DEPARTURE LAST
                VALUE   (LST)  VALUE       VALUE  FROM      YEAR
                                                  NORMAL
..................................................................
TEMPERATURE (F)
 YESTERDAY
  MAXIMUM         90    239 PM  96    2007  79     11       92
                                      1931
  MINIMUM         64    612 AM  34    1887  54     10       64
  AVERAGE         77                        66     11       78

PRECIPITATION (IN)
  YESTERDAY        0.00          1.80 1940   0.14  -0.14     0.00
  MONTH TO DATE    6.47                      3.27   3.20     1.02
  SINCE SEP 1      6.47                      3.27   3.20     1.02
  SINCE JAN 1     43.55                     36.83   6.72    38.94

SNOWFALL (IN)
  YESTERDAY        0.0           0.0    MM   0.0    0.0      0.0
  MONTH TO DATE    0.0                       0.0    0.0      0.0
  SINCE SEP 1      0.0                       0.0    0.0      0.0
  SINCE JUL 1      0.0                       0.0    0.0      0.0
  SNOW DEPTH       0

DEGREE DAYS
 HEATING
  YESTERDAY        0                         2     -2        0
  MONTH TO DATE   18                        17      1        0
  SINCE SEP 1     18                        17      1        0
  SINCE JUL 1     18                        18      0        0

 COOLING
  YESTERDAY       12                         4      8       13
  MONTH TO DATE  143                       171    -28      303
  SINCE SEP 1    143                       171    -28      303
  SINCE JAN 1   1495                      1440     55     1862
..................................................................


WIND (MPH)
  HIGHEST WIND SPEED     9   HIGHEST WIND DIRECTION     E (90)
  HIGHEST GUST SPEED    13   HIGHEST GUST DIRECTION     E (110)
  AVERAGE WIND SPEED     0.8


SKY COVER
  POSSIBLE SUNSHINE  MM
  AVERAGE SKY COVER 0.0


WEATHER CONDITIONS
 THE FOLLOWING WEATHER WAS RECORDED YESTERDAY.
  FOG
  FOG W/VISIBILITY <= 1/4 MILE


RELATIVE HUMIDITY (PERCENT)
 HIGHEST   100          1200 AM
 LOWEST     41           200 PM
 AVERAGE    71

..........................................................


THE BOWLING GREEN KY CLIMATE NORMALS FOR TODAY
                         NORMAL    RECORD    YEAR
 MAXIMUM TEMPERATURE (F)   78        93      1923
 MINIMUM TEMPERATURE (F)   54        34      2001
                                             1928


SUNRISE AND SUNSET
SEPTEMBER 26 2017.....SUNRISE   637 AM CDT   SUNSET   636 PM CDT
SEPTEMBER 27 2017.....SUNRISE   638 AM CDT   SUNSET   635 PM CDT


-  INDICATES NEGATIVE NUMBERS.
R  INDICATES RECORD WAS SET OR TIED.
MM INDICATES DATA IS MISSING.
T  INDICATES TRACE AMOUNT.




$$
