000
CDUS43 KLMK 212131
CLIBWG


CLIMATE REPORT
NATIONAL WEATHER SERVICE LOUISVILLE KY
431 PM EST SAT FEB 21 2015


...................................

...THE BOWLING GREEN CLIMATE SUMMARY FOR FEBRUARY 21 2015...
VALID TODAY AS OF 0400 PM LOCAL TIME.

CLIMATE NORMAL PERIOD 1981 TO 2010
CLIMATE RECORD PERIOD 1870 TO 2015


WEATHER ITEM   OBSERVED TIME   RECORD YEAR NORMAL DEPARTURE LAST
                VALUE   (LST)  VALUE       VALUE  FROM      YEAR
                                                  NORMAL
..................................................................
TEMPERATURE (F)
 TODAY
  MAXIMUM         43    151 PM  75    1930  52     -9       53
                                      1897
  MINIMUM         32   1200 AM  -2    1870  31      1       32
  AVERAGE         38                        41     -3       43

PRECIPITATION (IN)
  TODAY            1.88          2.60 1929   0.14   1.74     0.00
  MONTH TO DATE    3.84                      2.99   0.85     5.34
  SINCE DEC 1      7.41                     11.40  -3.99    12.10
  SINCE JAN 1      5.72                      6.60  -0.88     7.09

SNOWFALL (IN)
  TODAY            0.0          10.0  1929   0.1   -0.1      0.0
  MONTH TO DATE   12.6                       2.8    9.8      2.0
  SINCE DEC 1     16.0                       7.3    8.7      4.2
  SINCE JUL 1     16.3                       7.3    9.0      5.3
  SNOW DEPTH       6

DEGREE DAYS
 HEATING
  TODAY           27                        24      3       22
  MONTH TO DATE  732                       548    184      621
  SINCE DEC 1   2380                      2277    103     2524
  SINCE JUL 1   3277                      3040    237     3404

 COOLING
  TODAY            0                         0      0        0
  MONTH TO DATE    0                         0      0        0
  SINCE DEC 1      0                         1     -1        2
  SINCE JAN 1      0                         0      0        0
..................................................................


WIND (MPH)
  HIGHEST WIND SPEED    25   HIGHEST WIND DIRECTION     S (190)
  HIGHEST GUST SPEED    34   HIGHEST GUST DIRECTION     S (180)
  AVERAGE WIND SPEED    12.9


SKY COVER
  POSSIBLE SUNSHINE  MM
  AVERAGE SKY COVER 1.0


WEATHER CONDITIONS
 THE FOLLOWING WEATHER WAS RECORDED TODAY.
  HEAVY RAIN
  RAIN
  LIGHT RAIN
  FREEZING RAIN
  LT FREEZING RAIN
  FOG


RELATIVE HUMIDITY (PERCENT)
 HIGHEST    93           300 PM
 LOWEST     82           400 AM
 AVERAGE    88

..........................................................


THE BOWLING GREEN CLIMATE NORMALS FOR TOMORROW
                         NORMAL    RECORD    YEAR
 MAXIMUM TEMPERATURE (F)   52        74      1922
 MINIMUM TEMPERATURE (F)   31         0      1963


SUNRISE AND SUNSET
FEBRUARY 21 2015......SUNRISE   627 AM CST   SUNSET   532 PM CST
FEBRUARY 22 2015......SUNRISE   626 AM CST   SUNSET   533 PM CST


-  INDICATES NEGATIVE NUMBERS.
R  INDICATES RECORD WAS SET OR TIED.
MM INDICATES DATA IS MISSING.
T  INDICATES TRACE AMOUNT.




$$
