000
CDUS43 KLMK 122038
CLIBWG


CLIMATE REPORT
NATIONAL WEATHER SERVICE LOUISVILLE KY
437 PM EDT SUN OCT 12 2014


...................................

...THE BOWLING GREEN CLIMATE SUMMARY FOR OCTOBER 12 2014...
VALID TODAY AS OF 0400 PM LOCAL TIME.

CLIMATE NORMAL PERIOD 1981 TO 2010
CLIMATE RECORD PERIOD 1870 TO 2014


WEATHER ITEM   OBSERVED TIME   RECORD YEAR NORMAL DEPARTURE LAST
                VALUE   (LST)  VALUE       VALUE  FROM      YEAR
                                                  NORMAL
..................................................................
TEMPERATURE (F)
 TODAY
  MAXIMUM         76    142 PM  94    1930  73      3       80
  MINIMUM         56    418 AM  30    1906  47      9       48
  AVERAGE         66                        60      6       64

PRECIPITATION (IN)
  TODAY            0.00          1.77 2004   0.10  -0.10     0.00
  MONTH TO DATE    2.14                      1.31   0.83     2.07
  SINCE SEP 1      2.51                      5.24  -2.73     7.16
  SINCE JAN 1     38.67                     38.80  -0.13    49.86

SNOWFALL (IN)
  TODAY            0.0           0.0    MM   0.0    0.0     MM
  MONTH TO DATE    0.0                       0.0    0.0      0.0
  SINCE SEP 1      0.0                       0.0    0.0      0.0
  SINCE JUL 1      0.0                       0.0    0.0      0.0
  SNOW DEPTH       0

DEGREE DAYS
 HEATING
  TODAY            0                         6     -6        1
  MONTH TO DATE   37                        60    -23       24
  SINCE SEP 1     61                        95    -34       36
  SINCE JUL 1     61                        96    -35       36

 COOLING
  TODAY            1                         1      0        0
  MONTH TO DATE   21                        21      0       40
  SINCE SEP 1    200                       207     -7      232
  SINCE JAN 1   1477                      1476      1     1492
..................................................................


WIND (MPH)
  HIGHEST WIND SPEED    12   HIGHEST WIND DIRECTION     S (180)
  HIGHEST GUST SPEED    14   HIGHEST GUST DIRECTION     S (200)
  AVERAGE WIND SPEED     4.4


SKY COVER
  POSSIBLE SUNSHINE  MM
  AVERAGE SKY COVER 0.9


WEATHER CONDITIONS
 THE FOLLOWING WEATHER WAS RECORDED TODAY.
  FOG


RELATIVE HUMIDITY (PERCENT)
 HIGHEST    93           100 AM
 LOWEST     64           200 PM
 AVERAGE    79

..........................................................


THE BOWLING GREEN CLIMATE NORMALS FOR TOMORROW
                         NORMAL    RECORD    YEAR
 MAXIMUM TEMPERATURE (F)   72        92      1928
 MINIMUM TEMPERATURE (F)   47        26      1909


SUNRISE AND SUNSET
OCTOBER 12 2014.......SUNRISE   651 AM CDT   SUNSET   613 PM CDT
OCTOBER 13 2014.......SUNRISE   652 AM CDT   SUNSET   612 PM CDT


-  INDICATES NEGATIVE NUMBERS.
R  INDICATES RECORD WAS SET OR TIED.
MM INDICATES DATA IS MISSING.
T  INDICATES TRACE AMOUNT.




$$
