000
CDUS43 KLMK 082028
CLIBWG


CLIMATE REPORT
NATIONAL WEATHER SERVICE LOUISVILLE KY
428 PM EDT SAT APR 8 2017


...................................

...THE BOWLING GREEN CLIMATE SUMMARY FOR APRIL 8 2017...
VALID TODAY AS OF 0400 PM LOCAL TIME.

CLIMATE NORMAL PERIOD 1981 TO 2010
CLIMATE RECORD PERIOD 1870 TO 2017


WEATHER ITEM   OBSERVED TIME   RECORD YEAR NORMAL DEPARTURE LAST
                VALUE   (LST)  VALUE       VALUE  FROM      YEAR
                                                  NORMAL
..................................................................
TEMPERATURE (F)
 TODAY
  MAXIMUM         68    200 PM  86    1978  68      0       55
                                      1922
  MINIMUM         35    711 AM  23    2007  43     -8       37
  AVERAGE         52                        55     -3       46

PRECIPITATION (IN)
  TODAY            0.00          1.44 1926   0.14  -0.14      T
  MONTH TO DATE    0.89                      1.06  -0.17     0.09
  SINCE MAR 1      4.68                      5.47  -0.79     3.91
  SINCE JAN 1     11.26                     13.04  -1.78    10.49

SNOWFALL (IN)
  TODAY            0.0           0.0    MM   0.0    0.0      0.0
  MONTH TO DATE    0.0                       0.1   -0.1      0.0
  SINCE MAR 1      T                         1.2   -1.2       T
  SINCE JUL 1      0.7                       9.0   -8.3     24.0
  SNOW DEPTH       0

DEGREE DAYS
 HEATING
  TODAY           13                        10      3       19
  MONTH TO DATE   67                        90    -23      105
  SINCE MAR 1    506                       610   -104      454
  SINCE JUL 1   2887                      3808   -921     3054

 COOLING
  TODAY            0                         1     -1        0
  MONTH TO DATE    6                         7     -1        0
  SINCE MAR 1     12                        12      0        1
  SINCE JAN 1     16                        12      4        1
..................................................................


WIND (MPH)
  HIGHEST WIND SPEED     8   HIGHEST WIND DIRECTION     W (250)
  HIGHEST GUST SPEED     9   HIGHEST GUST DIRECTION    SE (140)
  AVERAGE WIND SPEED     1.5


SKY COVER
  POSSIBLE SUNSHINE  MM
  AVERAGE SKY COVER 0.0


WEATHER CONDITIONS
 THE FOLLOWING WEATHER WAS RECORDED TODAY.
  NO SIGNIFICANT WEATHER WAS OBSERVED.


RELATIVE HUMIDITY (PERCENT)
 HIGHEST    85           300 AM
 LOWEST     22           200 PM
 AVERAGE    54

..........................................................


THE BOWLING GREEN CLIMATE NORMALS FOR TOMORROW
                         NORMAL    RECORD    YEAR
 MAXIMUM TEMPERATURE (F)   68        89      2011
                                             1978
 MINIMUM TEMPERATURE (F)   44        22      1914


SUNRISE AND SUNSET
APRIL  8 2017.........SUNRISE   621 AM CDT   SUNSET   715 PM CDT
APRIL  9 2017.........SUNRISE   620 AM CDT   SUNSET   715 PM CDT


-  INDICATES NEGATIVE NUMBERS.
R  INDICATES RECORD WAS SET OR TIED.
MM INDICATES DATA IS MISSING.
T  INDICATES TRACE AMOUNT.




$$
