000
CDUS43 KLMK 012029
CLIBWG

CLIMATE REPORT
NATIONAL WEATHER SERVICE LOUISVILLE KY
425 PM EDT TUE JUL 1 2014


...................................

...THE BOWLING GREEN CLIMATE SUMMARY FOR JULY 1 2014...
VALID TODAY AS OF 0400 PM LOCAL TIME.

CLIMATE NORMAL PERIOD 1981 TO 2010
CLIMATE RECORD PERIOD 1870 TO 2014


WEATHER ITEM   OBSERVED TIME   RECORD YEAR NORMAL DEPARTURE LAST
                VALUE   (LST)  VALUE       VALUE  FROM      YEAR
                                                  NORMAL
..................................................................
TEMPERATURE (F)
 TODAY
  MAXIMUM         94    100 PM 105    2012  89      5       81
  MINIMUM         75        MM  53    1923  67      8       63
  AVERAGE         85                        78      7       72

PRECIPITATION (IN)
  TODAY            0.00          2.96 2013   0.14  -0.14     2.96
  MONTH TO DATE    0.00                      0.14  -0.14     2.96
  SINCE JUN 1      1.72                      4.34  -2.62     5.33
  SINCE JAN 1     22.30                     26.27  -3.97    29.86

SNOWFALL (IN)
  TODAY            0.0           0.0    MM   0.0    0.0      0.0
  MONTH TO DATE    0.0                       0.0    0.0      0.0
  SINCE JUN 1      0.0                       0.0    0.0      0.0
  SINCE JUL 1      0.0                       0.0    0.0      0.0
  SNOW DEPTH       0

DEGREE DAYS
 HEATING
  TODAY            0                         0      0        0
  MONTH TO DATE    0                         0      0        0
  SINCE JUN 1      0                         5     -5        0
  SINCE JUL 1      0                         0      0        0

 COOLING
  TODAY           20                        13      7        7
  MONTH TO DATE   20                        13      7        7
  SINCE JUN 1    369                       318     51      341
  SINCE JAN 1    566                       471     95      554
..................................................................


WIND (MPH)
  HIGHEST WIND SPEED    14   HIGHEST WIND DIRECTION    SW (220)
  HIGHEST GUST SPEED    21   HIGHEST GUST DIRECTION     W (270)
  AVERAGE WIND SPEED     9.5


SKY COVER
  POSSIBLE SUNSHINE  MM
  AVERAGE SKY COVER 0.4


WEATHER CONDITIONS
 THE FOLLOWING WEATHER WAS RECORDED TODAY.
  NO SIGNIFICANT WEATHER WAS OBSERVED.


RELATIVE HUMIDITY (PERCENT)
 HIGHEST    87           300 AM
 LOWEST     46           200 PM
 AVERAGE    67

..........................................................


THE BOWLING GREEN CLIMATE NORMALS FOR TOMORROW
                         NORMAL    RECORD    YEAR
 MAXIMUM TEMPERATURE (F)   89       104      1925
 MINIMUM TEMPERATURE (F)   67        48      1988


SUNRISE AND SUNSET
JULY  1 2014..........SUNRISE   530 AM CDT   SUNSET   809 PM CDT
JULY  2 2014..........SUNRISE   530 AM CDT   SUNSET   809 PM CDT


-  INDICATES NEGATIVE NUMBERS.
R  INDICATES RECORD WAS SET OR TIED.
MM INDICATES DATA IS MISSING.
T  INDICATES TRACE AMOUNT.




$$
