000
CDUS43 KLMK 110627
CLIBWG


CLIMATE REPORT
NATIONAL WEATHER SERVICE LOUISVILLE KY
127 AM EST SUN FEB 11 2018


...................................

...THE BOWLING GREEN KY CLIMATE SUMMARY FOR FEBRUARY 10 2018...

CLIMATE NORMAL PERIOD 1981 TO 2010
CLIMATE RECORD PERIOD 1870 TO 2018


WEATHER ITEM   OBSERVED TIME   RECORD YEAR NORMAL DEPARTURE LAST
                VALUE   (LST)  VALUE       VALUE  FROM      YEAR
                                                  NORMAL
..................................................................
TEMPERATURE (F)
 YESTERDAY
  MAXIMUM         57    239 PM  79    1932  49      8       66
  MINIMUM         44    723 PM -16    1899  29     15       23
  AVERAGE         51                        38     13       45

PRECIPITATION (IN)
  YESTERDAY        1.13          1.43 1966   0.15   0.98     0.00
  MONTH TO DATE    2.75                      1.46   1.29     1.68
  SINCE DEC 1      8.52                      9.87  -1.35    11.48
  SINCE JAN 1      5.03                      5.07  -0.04     5.84

SNOWFALL (IN)
  YESTERDAY        0.0           5.0  1986   0.2   -0.2      0.0
  MONTH TO DATE    0.2                       1.5   -1.3      0.0
  SINCE DEC 1      8.4                       6.0    2.4      0.7
  SINCE JUL 1      8.4                       6.0    2.4      0.7
  SNOW DEPTH       0

DEGREE DAYS
 HEATING
  YESTERDAY       14                        26    -12       20
  MONTH TO DATE  289                       273     16      229
  SINCE DEC 1   2113                      2002    111     1664
  SINCE JUL 1   2814                      2765     49     2150

 COOLING
  YESTERDAY        0                         0      0        0
  MONTH TO DATE    0                         0      0        0
  SINCE DEC 1      0                         1     -1        0
  SINCE JAN 1      0                         0      0        0
..................................................................


WIND (MPH)
  HIGHEST WIND SPEED    13   HIGHEST WIND DIRECTION     S (170)
  HIGHEST GUST SPEED    18   HIGHEST GUST DIRECTION     S (160)
  AVERAGE WIND SPEED     3.0


SKY COVER
  POSSIBLE SUNSHINE  MM
  AVERAGE SKY COVER 1.0


WEATHER CONDITIONS
 THE FOLLOWING WEATHER WAS RECORDED YESTERDAY.
  HEAVY RAIN
  RAIN
  LIGHT RAIN
  FOG
  FOG W/VISIBILITY <= 1/4 MILE


RELATIVE HUMIDITY (PERCENT)
 HIGHEST   100           400 AM
 LOWEST     54          1200 AM
 AVERAGE    77

..........................................................


THE BOWLING GREEN KY CLIMATE NORMALS FOR TODAY
                         NORMAL    RECORD    YEAR
 MAXIMUM TEMPERATURE (F)   49        72      1999
                                             1938
 MINIMUM TEMPERATURE (F)   29        -4      1885


SUNRISE AND SUNSET
FEBRUARY 11 2018......SUNRISE   639 AM CST   SUNSET   522 PM CST
FEBRUARY 12 2018......SUNRISE   638 AM CST   SUNSET   523 PM CST


-  INDICATES NEGATIVE NUMBERS.
R  INDICATES RECORD WAS SET OR TIED.
MM INDICATES DATA IS MISSING.
T  INDICATES TRACE AMOUNT.




$$
