938
CDUS43 KLMK 030631
CLIBWG


CLIMATE REPORT
NATIONAL WEATHER SERVICE LOUISVILLE KY
129 AM EST WED FEB 3 2016


...................................

...THE BOWLING GREEN KY CLIMATE SUMMARY FOR FEBRUARY 2 2016...

CLIMATE NORMAL PERIOD 1981 TO 2010
CLIMATE RECORD PERIOD 1870 TO 2016


WEATHER ITEM   OBSERVED TIME   RECORD YEAR NORMAL DEPARTURE LAST
                VALUE   (LST)  VALUE       VALUE  FROM      YEAR
                                                  NORMAL
..................................................................
TEMPERATURE (F)
 YESTERDAY
  MAXIMUM         73R   115 PM  71    1903  47     26       42
  MINIMUM         40    110 AM -20    1951  27     13       24
  AVERAGE         57                        37     20       33

PRECIPITATION (IN)
  YESTERDAY        1.40          1.54 2014   0.14   1.26     0.03
  MONTH TO DATE    1.69                      0.29   1.40     1.00
  SINCE DEC 1      8.73                      8.70   0.03     4.57
  SINCE JAN 1      3.50                      3.90  -0.40     2.88

SNOWFALL (IN)
  YESTERDAY        0.0           4.8  1936   0.1   -0.1       T
  MONTH TO DATE    0.0                       0.3   -0.3       T
  SINCE DEC 1     14.8                       4.8   10.0      3.4
  SINCE JUL 1     14.8                       4.8   10.0      3.7
  SNOW DEPTH       0

DEGREE DAYS
 HEATING
  YESTERDAY        8                        28    -20       32
  MONTH TO DATE   23                        56    -33       51
  SINCE DEC 1   1408                      1785   -377     1699
  SINCE JUL 1   1946                      2548   -602     2596

 COOLING
  YESTERDAY        0                         0      0        0
  MONTH TO DATE    0                         0      0        0
  SINCE DEC 1      2                         1      1        0
  SINCE JAN 1      0                         0      0        0
..................................................................


WIND (MPH)
  HIGHEST WIND SPEED    30   HIGHEST WIND DIRECTION     S (170)
  HIGHEST GUST SPEED    44   HIGHEST GUST DIRECTION     S (170)
  AVERAGE WIND SPEED    13.3


SKY COVER
  POSSIBLE SUNSHINE  MM
  AVERAGE SKY COVER 0.8


WEATHER CONDITIONS
 THE FOLLOWING WEATHER WAS RECORDED YESTERDAY.
  HEAVY RAIN
  RAIN
  LIGHT RAIN
  FOG


RELATIVE HUMIDITY (PERCENT)
 HIGHEST   100           600 AM
 LOWEST     53           100 PM
 AVERAGE    77

..........................................................


THE BOWLING GREEN KY CLIMATE NORMALS FOR TODAY
                         NORMAL    RECORD    YEAR
 MAXIMUM TEMPERATURE (F)   47        71      1927
                                             1924
 MINIMUM TEMPERATURE (F)   27       -18      1951


SUNRISE AND SUNSET
FEBRUARY  3 2016......SUNRISE   647 AM CST   SUNSET   513 PM CST
FEBRUARY  4 2016......SUNRISE   646 AM CST   SUNSET   514 PM CST


-  INDICATES NEGATIVE NUMBERS.
R  INDICATES RECORD WAS SET OR TIED.
MM INDICATES DATA IS MISSING.
T  INDICATES TRACE AMOUNT.




$$
