000
CDUS43 KLMK 100632
CLIBWG


CLIMATE REPORT
NATIONAL WEATHER SERVICE LOUISVILLE KY
231 AM EDT SUN APR 10 2016


...................................

...THE BOWLING GREEN KY CLIMATE SUMMARY FOR APRIL 9 2016...

CLIMATE NORMAL PERIOD 1981 TO 2010
CLIMATE RECORD PERIOD 1870 TO 2016


WEATHER ITEM   OBSERVED TIME   RECORD YEAR NORMAL DEPARTURE LAST
                VALUE   (LST)  VALUE       VALUE  FROM      YEAR
                                                  NORMAL
..................................................................
TEMPERATURE (F)
 YESTERDAY
  MAXIMUM         51    255 PM  89    2011  68    -17       83
                                      1978
  MINIMUM         33   1058 PM  22    1914  44    -11       69
  AVERAGE         42                        56    -14       76

PRECIPITATION (IN)
  YESTERDAY        0.00          2.30 1942   0.14  -0.14      T
  MONTH TO DATE    0.09                      1.20  -1.11     2.85
  SINCE MAR 1      3.91                      5.61  -1.70     9.12
  SINCE JAN 1     10.49                     13.18  -2.69    15.00

SNOWFALL (IN)
  YESTERDAY        0.0           0.0    MM   0.0    0.0      0.0
  MONTH TO DATE    0.0                       0.1   -0.1      0.0
  SINCE MAR 1      T                         1.2   -1.2      7.2
  SINCE JUL 1     24.0                       9.0   15.0     23.5
  SNOW DEPTH       0

DEGREE DAYS
 HEATING
  YESTERDAY       23                        10     13        0
  MONTH TO DATE  128                       100     28       52
  SINCE MAR 1    477                       620   -143      592
  SINCE JUL 1   3077                      3818   -741     4127

 COOLING
  YESTERDAY        0                         1     -1       11
  MONTH TO DATE    0                         8     -8       26
  SINCE MAR 1      1                        13    -12       26
  SINCE JAN 1      1                        13    -12       26
..................................................................


WIND (MPH)
  HIGHEST WIND SPEED    17   HIGHEST WIND DIRECTION    NW (300)
  HIGHEST GUST SPEED    27   HIGHEST GUST DIRECTION    NW (330)
  AVERAGE WIND SPEED     5.9


SKY COVER
  POSSIBLE SUNSHINE  MM
  AVERAGE SKY COVER 0.1


WEATHER CONDITIONS
 THE FOLLOWING WEATHER WAS RECORDED YESTERDAY.
  NO SIGNIFICANT WEATHER WAS OBSERVED.


RELATIVE HUMIDITY (PERCENT)
 HIGHEST    75          1100 PM
 LOWEST     24           400 PM
 AVERAGE    50

..........................................................


THE BOWLING GREEN KY CLIMATE NORMALS FOR TODAY
                         NORMAL    RECORD    YEAR
 MAXIMUM TEMPERATURE (F)   68        90      1995
 MINIMUM TEMPERATURE (F)   44        24      1966
                                             1892


SUNRISE AND SUNSET
APRIL 10 2016.........SUNRISE   618 AM CDT   SUNSET   717 PM CDT
APRIL 11 2016.........SUNRISE   616 AM CDT   SUNSET   717 PM CDT


-  INDICATES NEGATIVE NUMBERS.
R  INDICATES RECORD WAS SET OR TIED.
MM INDICATES DATA IS MISSING.
T  INDICATES TRACE AMOUNT.




$$
