000
CDUS43 KLMK 172029
CLIBWG

CLIMATE REPORT
NATIONAL WEATHER SERVICE LOUISVILLE KY
426 PM EDT FRI JUL 17 2015


...................................

...THE BOWLING GREEN CLIMATE SUMMARY FOR JULY 17 2015...
VALID TODAY AS OF 0400 PM LOCAL TIME.

CLIMATE NORMAL PERIOD 1981 TO 2010
CLIMATE RECORD PERIOD 1870 TO 2015


WEATHER ITEM   OBSERVED TIME   RECORD YEAR NORMAL DEPARTURE LAST
                VALUE   (LST)  VALUE       VALUE  FROM      YEAR
                                                  NORMAL
..................................................................
TEMPERATURE (F)
 TODAY
  MAXIMUM         93    100 PM 107    1902  90      3       82
  MINIMUM         71    712 AM  52    1945  68      3       55
  AVERAGE         82                        79      3       69

PRECIPITATION (IN)
  TODAY            0.00          2.00 1906   0.14  -0.14     0.00
  MONTH TO DATE    5.22                      2.44   2.78     2.28
  SINCE JUN 1      8.33                      6.64   1.69     4.00
  SINCE JAN 1     32.52                     28.57   3.95    24.58

SNOWFALL (IN)
  TODAY            0.0           0.0    MM   0.0    0.0      0.0
  MONTH TO DATE    0.0                       0.0    0.0      0.0
  SINCE JUN 1      0.0                       0.0    0.0      0.0
  SINCE JUL 1      0.0                       0.0    0.0      0.0
  SNOW DEPTH       0

DEGREE DAYS
 HEATING
  TODAY            0                         0      0        0
  MONTH TO DATE    0                         0      0        0
  SINCE JUN 1      3                         5     -2        0
  SINCE JUL 1      0                         0      0        0

 COOLING
  TODAY           17                        14      3        4
  MONTH TO DATE  263                       233     30      179
  SINCE JUN 1    642                       538    104      528
  SINCE JAN 1    845                       691    154      725
..................................................................


WIND (MPH)
  HIGHEST WIND SPEED    15   HIGHEST WIND DIRECTION    SW (220)
  HIGHEST GUST SPEED    22   HIGHEST GUST DIRECTION    SW (210)
  AVERAGE WIND SPEED     7.1


SKY COVER
  POSSIBLE SUNSHINE  MM
  AVERAGE SKY COVER 0.3


WEATHER CONDITIONS
 THE FOLLOWING WEATHER WAS RECORDED TODAY.
  NO SIGNIFICANT WEATHER WAS OBSERVED.


RELATIVE HUMIDITY (PERCENT)
 HIGHEST    90           200 AM
 LOWEST     49           100 PM
 AVERAGE    70

..........................................................


THE BOWLING GREEN CLIMATE NORMALS FOR TOMORROW
                         NORMAL    RECORD    YEAR
 MAXIMUM TEMPERATURE (F)   90       103      1913
 MINIMUM TEMPERATURE (F)   68        56      1892
                                             1886


SUNRISE AND SUNSET
JULY 17 2015..........SUNRISE   539 AM CDT   SUNSET   804 PM CDT
JULY 18 2015..........SUNRISE   540 AM CDT   SUNSET   804 PM CDT


-  INDICATES NEGATIVE NUMBERS.
R  INDICATES RECORD WAS SET OR TIED.
MM INDICATES DATA IS MISSING.
T  INDICATES TRACE AMOUNT.




$$
