000
CDUS43 KLMK 292028 RRB
CLIBWG

CLIMATE REPORT
NATIONAL WEATHER SERVICE LOUISVILLE KY
427 PM EDT WED JUN 29 2016


...................................

...THE BOWLING GREEN CLIMATE SUMMARY FOR JUNE 29 2016...
VALID TODAY AS OF 0400 PM LOCAL TIME.

CLIMATE NORMAL PERIOD 1981 TO 2010
CLIMATE RECORD PERIOD 1870 TO 2016


WEATHER ITEM   OBSERVED TIME   RECORD YEAR NORMAL DEPARTURE LAST
                VALUE   (LST)  VALUE       VALUE  FROM      YEAR
                                                  NORMAL
..................................................................
TEMPERATURE (F)
 TODAY
  MAXIMUM         81    200 PM 110    2012  89     -8       87
  MINIMUM         66    412 AM  53    1926  67     -1       70
  AVERAGE         74                        78     -4       79

PRECIPITATION (IN)
  TODAY            0.00          2.21 1928   0.13  -0.13     0.30
  MONTH TO DATE    2.47                      4.07  -1.60     3.11
  SINCE JUN 1      2.47                      4.07  -1.60     3.11
  SINCE JAN 1     21.64                     26.00  -4.36    27.30

SNOWFALL (IN)
  TODAY            0.0           0.0    MM   0.0    0.0      0.0
  MONTH TO DATE    0.0                       0.0    0.0      0.0
  SINCE JUN 1      0.0                       0.0    0.0      0.0
  SINCE JUL 1     24.0                       9.1   14.9     23.5
  SNOW DEPTH       0

DEGREE DAYS
 HEATING
  TODAY            0                         0      0        0
  MONTH TO DATE    0                         3     -3        3
  SINCE JUN 1      0                         3     -3        3
  SINCE JUL 1   3230                      4046   -816     4288

 COOLING
  TODAY            9                        13     -4       14
  MONTH TO DATE  387                       292     95      367
  SINCE JUN 1    387                       292     95      367
  SINCE JAN 1    553                       445    108      570
..................................................................


WIND (MPH)
  HIGHEST WIND SPEED     8   HIGHEST WIND DIRECTION    NE (50)
  HIGHEST GUST SPEED    12   HIGHEST GUST DIRECTION    NE (40)
  AVERAGE WIND SPEED     5.6


SKY COVER
  POSSIBLE SUNSHINE   0 PERCENT
  AVERAGE SKY COVER 0.0


WEATHER CONDITIONS
 THE FOLLOWING WEATHER WAS RECORDED TODAY.
  NO SIGNIFICANT WEATHER WAS OBSERVED.


RELATIVE HUMIDITY (PERCENT)
 HIGHEST     0          1200 AM
 LOWEST      0          1200 AM
 AVERAGE     0

..........................................................


THE BOWLING GREEN CLIMATE NORMALS FOR TOMORROW
                         NORMAL    RECORD    YEAR
 MAXIMUM TEMPERATURE (F)   89       108      2012
 MINIMUM TEMPERATURE (F)   67        49      1923


SUNRISE AND SUNSET
JUNE 29 2016..........SUNRISE   529 AM CDT   SUNSET   809 PM CDT
JUNE 30 2016..........SUNRISE   530 AM CDT   SUNSET   809 PM CDT


-  INDICATES NEGATIVE NUMBERS.
R  INDICATES RECORD WAS SET OR TIED.
MM INDICATES DATA IS MISSING.
T  INDICATES TRACE AMOUNT.




$$
