167
CDUS43 KLMK 112029
CLIBWG


CLIMATE REPORT
NATIONAL WEATHER SERVICE LOUISVILLE KY
428 PM EDT WED OCT 11 2017


...................................

...THE BOWLING GREEN CLIMATE SUMMARY FOR OCTOBER 11 2017...
VALID TODAY AS OF 0400 PM LOCAL TIME.

CLIMATE NORMAL PERIOD 1981 TO 2010
CLIMATE RECORD PERIOD 1870 TO 2017


WEATHER ITEM   OBSERVED TIME   RECORD YEAR NORMAL DEPARTURE LAST
                VALUE   (LST)  VALUE       VALUE  FROM      YEAR
                                                  NORMAL
..................................................................
TEMPERATURE (F)
 TODAY
  MAXIMUM         75    346 AM  90    1963  73      2       81
  MINIMUM         57   1212 PM  28    1906  48      9       50
  AVERAGE         66                        60      6       66

PRECIPITATION (IN)
  TODAY            0.00          1.26 1926   0.10  -0.10     0.00
  MONTH TO DATE    1.12                      1.21  -0.09      T
  SINCE SEP 1      7.59                      5.14   2.45     1.57
  SINCE JAN 1     44.67                     38.70   5.97    39.49

SNOWFALL (IN)
  TODAY            0.0           0.0    MM   0.0    0.0      0.0
  MONTH TO DATE    0.0                       0.0    0.0      0.0
  SINCE SEP 1      0.0                       0.0    0.0      0.0
  SINCE JUL 1      0.0                       0.0    0.0      0.0
  SNOW DEPTH       0

DEGREE DAYS
 HEATING
  TODAY            0                         6     -6        0
  MONTH TO DATE    0                        54    -54       13
  SINCE SEP 1     19                        89    -70       32
  SINCE JUL 1     19                        90    -71       32

 COOLING
  TODAY            1                         1      0        1
  MONTH TO DATE   56                        20     36       34
  SINCE SEP 1    226                       206     20      339
  SINCE JAN 1   1578                      1475    103     1898
..................................................................


WIND (MPH)
  HIGHEST WIND SPEED    13   HIGHEST WIND DIRECTION    NW (300)
  HIGHEST GUST SPEED    19   HIGHEST GUST DIRECTION     W (280)
  AVERAGE WIND SPEED     7.3


SKY COVER
  POSSIBLE SUNSHINE  MM
  AVERAGE SKY COVER 1.0


WEATHER CONDITIONS
 THE FOLLOWING WEATHER WAS RECORDED TODAY.
  FOG


RELATIVE HUMIDITY (PERCENT)
 HIGHEST   100           800 AM
 LOWEST     87           200 PM
 AVERAGE    94

..........................................................


THE BOWLING GREEN CLIMATE NORMALS FOR TOMORROW
                         NORMAL    RECORD    YEAR
 MAXIMUM TEMPERATURE (F)   73        94      1930
 MINIMUM TEMPERATURE (F)   47        30      1906


SUNRISE AND SUNSET
OCTOBER 11 2017.......SUNRISE   650 AM CDT   SUNSET   614 PM CDT
OCTOBER 12 2017.......SUNRISE   651 AM CDT   SUNSET   613 PM CDT


-  INDICATES NEGATIVE NUMBERS.
R  INDICATES RECORD WAS SET OR TIED.
MM INDICATES DATA IS MISSING.
T  INDICATES TRACE AMOUNT.




$$
