678
CDUS43 KLMK 050627
CLIBWG


CLIMATE REPORT
NATIONAL WEATHER SERVICE LOUISVILLE KY
226 AM EDT THU MAY 5 2016


...................................

...THE BOWLING GREEN KY CLIMATE SUMMARY FOR MAY 4 2016...

CLIMATE NORMAL PERIOD 1981 TO 2010
CLIMATE RECORD PERIOD 1870 TO 2016


WEATHER ITEM   OBSERVED TIME   RECORD YEAR NORMAL DEPARTURE LAST
                VALUE   (LST)  VALUE       VALUE  FROM      YEAR
                                                  NORMAL
..................................................................
TEMPERATURE (F)
 YESTERDAY
  MAXIMUM         66    441 PM  95    1901  75     -9       83
  MINIMUM         47    457 AM  32    1976  51     -4       53
                                      1954
  AVERAGE         57                        63     -6       68

PRECIPITATION (IN)
  YESTERDAY        0.13          1.65 2013   0.19  -0.06     0.00
  MONTH TO DATE    0.54                      0.72  -0.18     0.00
  SINCE MAR 1      5.89                      9.47  -3.58    15.35
  SINCE JAN 1     12.47                     17.04  -4.57    21.23

SNOWFALL (IN)
  YESTERDAY        0.0           0.0    MM   0.0    0.0      0.0
  MONTH TO DATE    0.0                       0.0    0.0      0.0
  SINCE MAR 1      T                         1.3   -1.3      7.2
  SINCE JUL 1     24.0                       9.1   14.9     23.5
  SNOW DEPTH       0

DEGREE DAYS
 HEATING
  YESTERDAY        8                         4      4        0
  MONTH TO DATE   17                        17      0       16
  SINCE MAR 1    554                       788   -234      728
  SINCE JUL 1   3154                      3986   -832     4263

 COOLING
  YESTERDAY        0                         2     -2        3
  MONTH TO DATE    8                         8      0        3
  SINCE MAR 1     52                        44      8       38
  SINCE JAN 1     52                        44      8       38
..................................................................


WIND (MPH)
  HIGHEST WIND SPEED    17   HIGHEST WIND DIRECTION     W (280)
  HIGHEST GUST SPEED    24   HIGHEST GUST DIRECTION    NW (320)
  AVERAGE WIND SPEED     7.8


SKY COVER
  POSSIBLE SUNSHINE  MM
  AVERAGE SKY COVER 0.5


WEATHER CONDITIONS
 THE FOLLOWING WEATHER WAS RECORDED YESTERDAY.
  THUNDERSTORM
  RAIN
  LIGHT RAIN
  FOG


RELATIVE HUMIDITY (PERCENT)
 HIGHEST    86           300 AM
 LOWEST     43           500 PM
 AVERAGE    65

..........................................................


THE BOWLING GREEN KY CLIMATE NORMALS FOR TODAY
                         NORMAL    RECORD    YEAR
 MAXIMUM TEMPERATURE (F)   75        94      1952
 MINIMUM TEMPERATURE (F)   52        35      1907
                                             1903


SUNRISE AND SUNSET
MAY  5 2016...........SUNRISE   547 AM CDT   SUNSET   739 PM CDT
MAY  6 2016...........SUNRISE   546 AM CDT   SUNSET   740 PM CDT


-  INDICATES NEGATIVE NUMBERS.
R  INDICATES RECORD WAS SET OR TIED.
MM INDICATES DATA IS MISSING.
T  INDICATES TRACE AMOUNT.




$$
