000
CDUS43 KLMK 290630
CLIBWG


CLIMATE REPORT
NATIONAL WEATHER SERVICE LOUISVILLE KY
228 AM EDT WED OCT 29 2014


...................................

...THE BOWLING GREEN KY CLIMATE SUMMARY FOR OCTOBER 28 2014...

CLIMATE NORMAL PERIOD 1981 TO 2010
CLIMATE RECORD PERIOD 1870 TO 2014


WEATHER ITEM   OBSERVED TIME   RECORD YEAR NORMAL DEPARTURE LAST
                VALUE   (LST)  VALUE       VALUE  FROM      YEAR
                                                  NORMAL
..................................................................
TEMPERATURE (F)
 YESTERDAY
  MAXIMUM         73    928 AM  86    1927  67      6       64
  MINIMUM         51    809 PM  20    1878  43      8       51
  AVERAGE         62                        55      7       58

PRECIPITATION (IN)
  YESTERDAY        0.34          1.32 1931   0.12   0.22     0.11
  MONTH TO DATE    5.32                      3.04   2.28     2.91
  SINCE SEP 1      5.69                      6.97  -1.28     8.00
  SINCE JAN 1     41.85                     40.53   1.32    50.70

SNOWFALL (IN)
  YESTERDAY        0.0           T    1910   0.0    0.0      0.0
  MONTH TO DATE    0.0                       0.0    0.0      0.0
  SINCE SEP 1      0.0                       0.0    0.0      0.0
  SINCE JUL 1      0.0                       0.0    0.0      0.0
  SNOW DEPTH       0

DEGREE DAYS
 HEATING
  YESTERDAY        3                        10     -7        7
  MONTH TO DATE  147                       194    -47      231
  SINCE SEP 1    171                       229    -58      243
  SINCE JUL 1    171                       230    -59      243

 COOLING
  YESTERDAY        0                         0      0        0
  MONTH TO DATE   32                        33     -1       43
  SINCE SEP 1    211                       219     -8      235
  SINCE JAN 1   1488                      1488      0     1495
..................................................................


WIND (MPH)
  HIGHEST WIND SPEED    18   HIGHEST WIND DIRECTION    SW (220)
  HIGHEST GUST SPEED    27   HIGHEST GUST DIRECTION     W (290)
  AVERAGE WIND SPEED     7.0


SKY COVER
  POSSIBLE SUNSHINE  MM
  AVERAGE SKY COVER 0.6


WEATHER CONDITIONS
 THE FOLLOWING WEATHER WAS RECORDED YESTERDAY.
  HEAVY RAIN
  LIGHT RAIN
  FOG


RELATIVE HUMIDITY (PERCENT)
 HIGHEST    89           900 PM
 LOWEST     61          1200 AM
 AVERAGE    75

..........................................................


THE BOWLING GREEN KY CLIMATE NORMALS FOR TODAY
                         NORMAL    RECORD    YEAR
 MAXIMUM TEMPERATURE (F)   67        86      1927
 MINIMUM TEMPERATURE (F)   43        20      1906


SUNRISE AND SUNSET
OCTOBER 29 2014.......SUNRISE   707 AM CDT   SUNSET   552 PM CDT
OCTOBER 30 2014.......SUNRISE   708 AM CDT   SUNSET   551 PM CDT


-  INDICATES NEGATIVE NUMBERS.
R  INDICATES RECORD WAS SET OR TIED.
MM INDICATES DATA IS MISSING.
T  INDICATES TRACE AMOUNT.




$$
