000
CDUS43 KLMK 290628
CLIBWG


CLIMATE REPORT
NATIONAL WEATHER SERVICE LOUISVILLE KY
228 AM EDT MON SEP 29 2014


...................................

...THE BOWLING GREEN KY CLIMATE SUMMARY FOR SEPTEMBER 28 2014...

CLIMATE NORMAL PERIOD 1981 TO 2010
CLIMATE RECORD PERIOD 1870 TO 2014


WEATHER ITEM   OBSERVED TIME   RECORD YEAR NORMAL DEPARTURE LAST
                VALUE   (LST)  VALUE       VALUE  FROM      YEAR
                                                  NORMAL
..................................................................
TEMPERATURE (F)
 YESTERDAY
  MAXIMUM         83    215 PM  95    1939  78      5       81
                                      1911
  MINIMUM         61   1159 PM  32    1889  53      8       55
  AVERAGE         72                        65      7       68

PRECIPITATION (IN)
  YESTERDAY        0.00          1.69 1916   0.14  -0.14     0.00
  MONTH TO DATE    0.37                      3.67  -3.30     4.98
  SINCE SEP 1      0.37                      3.67  -3.30     4.98
  SINCE JAN 1     36.53                     37.23  -0.70    47.68

SNOWFALL (IN)
  YESTERDAY        0.0           0.0    MM   0.0    0.0      0.0
  MONTH TO DATE    0.0                       0.0    0.0      0.0
  SINCE SEP 1      0.0                       0.0    0.0      0.0
  SINCE JUL 1      0.0                       0.0    0.0      0.0
  SNOW DEPTH       0

DEGREE DAYS
 HEATING
  YESTERDAY        0                         3     -3        0
  MONTH TO DATE   24                        26     -2       12
  SINCE SEP 1     24                        26     -2       12
  SINCE JUL 1     24                        27     -3       12

 COOLING
  YESTERDAY        7                         3      4        3
  MONTH TO DATE  167                       180    -13      187
  SINCE SEP 1    167                       180    -13      187
  SINCE JAN 1   1444                      1449     -5     1447
..................................................................


WIND (MPH)
  HIGHEST WIND SPEED    10   HIGHEST WIND DIRECTION     S (180)
  HIGHEST GUST SPEED    15   HIGHEST GUST DIRECTION     S (170)
  AVERAGE WIND SPEED     2.7


SKY COVER
  POSSIBLE SUNSHINE  MM
  AVERAGE SKY COVER 0.3


WEATHER CONDITIONS
 THE FOLLOWING WEATHER WAS RECORDED YESTERDAY.
  FOG


RELATIVE HUMIDITY (PERCENT)
 HIGHEST    93           200 AM
 LOWEST     43           200 PM
 AVERAGE    68

..........................................................


THE BOWLING GREEN KY CLIMATE NORMALS FOR TODAY
                         NORMAL    RECORD    YEAR
 MAXIMUM TEMPERATURE (F)   77        98      1953
 MINIMUM TEMPERATURE (F)   52        31      1888


SUNRISE AND SUNSET
SEPTEMBER 29 2014.....SUNRISE   639 AM CDT   SUNSET   632 PM CDT
SEPTEMBER 30 2014.....SUNRISE   640 AM CDT   SUNSET   631 PM CDT


-  INDICATES NEGATIVE NUMBERS.
R  INDICATES RECORD WAS SET OR TIED.
MM INDICATES DATA IS MISSING.
T  INDICATES TRACE AMOUNT.




$$
