000
CDUS43 KLMK 190630
CLIBWG


CLIMATE REPORT
NATIONAL WEATHER SERVICE LOUISVILLE KY
227 AM EDT SUN OCT 19 2014


...................................

...THE BOWLING GREEN KY CLIMATE SUMMARY FOR OCTOBER 18 2014...

CLIMATE NORMAL PERIOD 1981 TO 2010
CLIMATE RECORD PERIOD 1870 TO 2014


WEATHER ITEM   OBSERVED TIME   RECORD YEAR NORMAL DEPARTURE LAST
                VALUE   (LST)  VALUE       VALUE  FROM      YEAR
                                                  NORMAL
..................................................................
TEMPERATURE (F)
 YESTERDAY
  MAXIMUM         62    959 AM  88    1963  71     -9       67
                                      1920
  MINIMUM         50    602 AM  27    1948  46      4       39
  AVERAGE         56                        58     -2       53

PRECIPITATION (IN)
  YESTERDAY        0.00          2.22 2004   0.11  -0.11     0.00
  MONTH TO DATE    4.98                      1.95   3.03     2.51
  SINCE SEP 1      5.35                      5.88  -0.53     7.60
  SINCE JAN 1     41.51                     39.44   2.07    50.30

SNOWFALL (IN)
  YESTERDAY        0.0           T    1989   0.0    0.0      0.0
  MONTH TO DATE    0.0                       0.0    0.0      0.0
  SINCE SEP 1      0.0                       0.0    0.0      0.0
  SINCE JUL 1      0.0                       0.0    0.0      0.0
  SNOW DEPTH       0

DEGREE DAYS
 HEATING
  YESTERDAY        9                         8      1       12
  MONTH TO DATE   72                       102    -30       53
  SINCE SEP 1     96                       137    -41       65
  SINCE JUL 1     96                       138    -42       65

 COOLING
  YESTERDAY        0                         1     -1        0
  MONTH TO DATE   29                        27      2       43
  SINCE SEP 1    208                       213     -5      235
  SINCE JAN 1   1485                      1482      3     1495
..................................................................


WIND (MPH)
  HIGHEST WIND SPEED    13   HIGHEST WIND DIRECTION    NW (310)
  HIGHEST GUST SPEED    19   HIGHEST GUST DIRECTION    NW (300)
  AVERAGE WIND SPEED     5.0


SKY COVER
  POSSIBLE SUNSHINE  MM
  AVERAGE SKY COVER 0.5


WEATHER CONDITIONS
 THE FOLLOWING WEATHER WAS RECORDED YESTERDAY.
  NO SIGNIFICANT WEATHER WAS OBSERVED.


RELATIVE HUMIDITY (PERCENT)
 HIGHEST    83           300 AM
 LOWEST     53           400 PM
 AVERAGE    68

..........................................................


THE BOWLING GREEN KY CLIMATE NORMALS FOR TODAY
                         NORMAL    RECORD    YEAR
 MAXIMUM TEMPERATURE (F)   70        89      2005
 MINIMUM TEMPERATURE (F)   45        28      1903
                                             1895


SUNRISE AND SUNSET
OCTOBER 19 2014.......SUNRISE   657 AM CDT   SUNSET   604 PM CDT
OCTOBER 20 2014.......SUNRISE   658 AM CDT   SUNSET   602 PM CDT


-  INDICATES NEGATIVE NUMBERS.
R  INDICATES RECORD WAS SET OR TIED.
MM INDICATES DATA IS MISSING.
T  INDICATES TRACE AMOUNT.




$$
