000
CDUS43 KLMK 120627
CLIBWG


CLIMATE REPORT
NATIONAL WEATHER SERVICE LOUISVILLE KY
226 AM EDT TUE MAY 12 2015


...................................

...THE BOWLING GREEN KY CLIMATE SUMMARY FOR MAY 11 2015...

CLIMATE NORMAL PERIOD 1981 TO 2010
CLIMATE RECORD PERIOD 1870 TO 2015


WEATHER ITEM   OBSERVED TIME   RECORD YEAR NORMAL DEPARTURE LAST
                VALUE   (LST)  VALUE       VALUE  FROM      YEAR
                                                  NORMAL
..................................................................
TEMPERATURE (F)
 YESTERDAY
  MAXIMUM         86   1150 AM  94    1936  76     10       85
                                      1922
  MINIMUM         66   1159 PM  32    1885  54     12       60
  AVERAGE         76                        65     11       73

PRECIPITATION (IN)
  YESTERDAY        0.08          1.54 1894   0.18  -0.10      T
  MONTH TO DATE    0.08                      2.03  -1.95     1.28
  SINCE MAR 1     15.43                     10.78   4.65    11.58
  SINCE JAN 1     21.31                     18.35   2.96    18.75

SNOWFALL (IN)
  YESTERDAY        0.0           0.0    MM   0.0    0.0      0.0
  MONTH TO DATE    0.0                       0.0    0.0      0.0
  SINCE MAR 1      7.2                       1.3    5.9      5.1
  SINCE JUL 1     23.5                       9.1   14.4     10.4
  SNOW DEPTH       0

DEGREE DAYS
 HEATING
  YESTERDAY        0                         3     -3        0
  MONTH TO DATE   16                        40    -24       28
  SINCE MAR 1    728                       811    -83      876
  SINCE JUL 1   4263                      4009    254     4485

 COOLING
  YESTERDAY       11                         3      8        8
  MONTH TO DATE   62                        25     37       49
  SINCE MAR 1     97                        61     36       63
  SINCE JAN 1     97                        61     36       63
..................................................................


WIND (MPH)
  HIGHEST WIND SPEED    25   HIGHEST WIND DIRECTION    SW (220)
  HIGHEST GUST SPEED    32   HIGHEST GUST DIRECTION     S (180)
  AVERAGE WIND SPEED     9.5


SKY COVER
  POSSIBLE SUNSHINE  MM
  AVERAGE SKY COVER 0.2


WEATHER CONDITIONS
 THE FOLLOWING WEATHER WAS RECORDED YESTERDAY.
  RAIN
  LIGHT RAIN


RELATIVE HUMIDITY (PERCENT)
 HIGHEST    81           200 AM
 LOWEST     42          1100 AM
 AVERAGE    62

..........................................................


THE BOWLING GREEN KY CLIMATE NORMALS FOR TODAY
                         NORMAL    RECORD    YEAR
 MAXIMUM TEMPERATURE (F)   77        93      1914
 MINIMUM TEMPERATURE (F)   54        37      1951


SUNRISE AND SUNSET
MAY 12 2015...........SUNRISE   541 AM CDT   SUNSET   744 PM CDT
MAY 13 2015...........SUNRISE   540 AM CDT   SUNSET   745 PM CDT


-  INDICATES NEGATIVE NUMBERS.
R  INDICATES RECORD WAS SET OR TIED.
MM INDICATES DATA IS MISSING.
T  INDICATES TRACE AMOUNT.




$$
