000
CDUS43 KLMK 082030
CLIBWG


CLIMATE REPORT
NATIONAL WEATHER SERVICE LOUISVILLE KY
429 PM EDT FRI SEP 8 2017


...................................

...THE BOWLING GREEN CLIMATE SUMMARY FOR SEPTEMBER 8 2017...
VALID TODAY AS OF 0400 PM LOCAL TIME.

CLIMATE NORMAL PERIOD 1981 TO 2010
CLIMATE RECORD PERIOD 1870 TO 2017


WEATHER ITEM   OBSERVED TIME   RECORD YEAR NORMAL DEPARTURE LAST
                VALUE   (LST)  VALUE       VALUE  FROM      YEAR
                                                  NORMAL
..................................................................
TEMPERATURE (F)
 TODAY
  MAXIMUM         77    202 PM 103    1939  85     -8       93
  MINIMUM         48    530 AM  47    1956  61    -13       68
                                      1898
  AVERAGE         63                        73    -10       81

PRECIPITATION (IN)
  TODAY            0.00          1.32 1914   0.13  -0.13     0.00
  MONTH TO DATE    5.18                      1.00   4.18     0.00
  SINCE SEP 1      5.18                      1.00   4.18     0.00
  SINCE JAN 1     42.26                     34.56   7.70    37.92

SNOWFALL (IN)
  TODAY            0.0           0.0    MM   0.0    0.0      0.0
  MONTH TO DATE    0.0                       0.0    0.0      0.0
  SINCE SEP 1      0.0                       0.0    0.0      0.0
  SINCE JUL 1      0.0                       0.0    0.0      0.0
  SNOW DEPTH       0

DEGREE DAYS
 HEATING
  TODAY            2                         0      2        0
  MONTH TO DATE   14                         0     14        0
  SINCE SEP 1     14                         0     14        0
  SINCE JUL 1     14                         1     13        0

 COOLING
  TODAY            0                         8     -8       16
  MONTH TO DATE   17                        74    -57       97
  SINCE SEP 1     17                        74    -57       97
  SINCE JAN 1   1369                      1343     26     1656
..................................................................


WIND (MPH)
  HIGHEST WIND SPEED     9   HIGHEST WIND DIRECTION     E (70)
  HIGHEST GUST SPEED    11   HIGHEST GUST DIRECTION     E (80)
  AVERAGE WIND SPEED     3.7


SKY COVER
  POSSIBLE SUNSHINE  MM
  AVERAGE SKY COVER 0.0


WEATHER CONDITIONS
 THE FOLLOWING WEATHER WAS RECORDED TODAY.
  NO SIGNIFICANT WEATHER WAS OBSERVED.


RELATIVE HUMIDITY (PERCENT)
 HIGHEST    49          1000 AM
 LOWEST     38          1200 PM
 AVERAGE    44

..........................................................


THE BOWLING GREEN CLIMATE NORMALS FOR TOMORROW
                         NORMAL    RECORD    YEAR
 MAXIMUM TEMPERATURE (F)   85       103      1939
 MINIMUM TEMPERATURE (F)   61        44      1958


SUNRISE AND SUNSET
SEPTEMBER  8 2017.....SUNRISE   622 AM CDT   SUNSET   703 PM CDT
SEPTEMBER  9 2017.....SUNRISE   623 AM CDT   SUNSET   702 PM CDT


-  INDICATES NEGATIVE NUMBERS.
R  INDICATES RECORD WAS SET OR TIED.
MM INDICATES DATA IS MISSING.
T  INDICATES TRACE AMOUNT.




$$
