000
CDUS43 KLMK 142137
CLIBWG


CLIMATE REPORT
NATIONAL WEATHER SERVICE LOUISVILLE KY
436 PM EST FRI NOV 14 2014


...................................

...THE BOWLING GREEN CLIMATE SUMMARY FOR NOVEMBER 14 2014...
VALID TODAY AS OF 0400 PM LOCAL TIME.

CLIMATE NORMAL PERIOD 1981 TO 2010
CLIMATE RECORD PERIOD 1870 TO 2014


WEATHER ITEM   OBSERVED TIME   RECORD YEAR NORMAL DEPARTURE LAST
                VALUE   (LST)  VALUE       VALUE  FROM      YEAR
                                                  NORMAL
..................................................................
TEMPERATURE (F)
 TODAY
  MAXIMUM         37    257 PM  80    1964  60    -23       55
  MINIMUM         20    620 AM  15    1986  38    -18       21
                                      1886
  AVERAGE         29                        49    -20       38

PRECIPITATION (IN)
  TODAY            0.00          1.13 1993   0.14  -0.14     0.00
  MONTH TO DATE    0.92                      1.80  -0.88     0.73
  SINCE SEP 1      6.67                      9.11  -2.44     9.86
  SINCE JAN 1     42.83                     42.67   0.16    52.56

SNOWFALL (IN)
  TODAY            0.0           0.5  1906   0.0    0.0      0.0
  MONTH TO DATE    0.0                       0.0    0.0       T
  SINCE SEP 1      0.0                       T      0.0       T
  SINCE JUL 1      0.0                       T      0.0       T
  SNOW DEPTH       0

DEGREE DAYS
 HEATING
  TODAY           36                        16     20       27
  MONTH TO DATE  285                       193     92      251
  SINCE SEP 1    503                       455     48      501
  SINCE JUL 1    503                       456     47      501

 COOLING
  TODAY            0                         0      0        0
  MONTH TO DATE    0                         0      0        0
  SINCE SEP 1    211                       219     -8      239
  SINCE JAN 1   1488                      1488      0     1499
..................................................................


WIND (MPH)
  HIGHEST WIND SPEED     9   HIGHEST WIND DIRECTION    NE (30)
  HIGHEST GUST SPEED    13   HIGHEST GUST DIRECTION    NW (330)
  AVERAGE WIND SPEED     3.1


SKY COVER
  POSSIBLE SUNSHINE  MM
  AVERAGE SKY COVER 0.3


WEATHER CONDITIONS
 THE FOLLOWING WEATHER WAS RECORDED TODAY.
  NO SIGNIFICANT WEATHER WAS OBSERVED.


RELATIVE HUMIDITY (PERCENT)
 HIGHEST    81           700 AM
 LOWEST     38           200 PM
 AVERAGE    60

..........................................................


THE BOWLING GREEN CLIMATE NORMALS FOR TOMORROW
                         NORMAL    RECORD    YEAR
 MAXIMUM TEMPERATURE (F)   60        80      1931
 MINIMUM TEMPERATURE (F)   38         9      1883


SUNRISE AND SUNSET
NOVEMBER 14 2014......SUNRISE   623 AM CST   SUNSET   437 PM CST
NOVEMBER 15 2014......SUNRISE   624 AM CST   SUNSET   436 PM CST


-  INDICATES NEGATIVE NUMBERS.
R  INDICATES RECORD WAS SET OR TIED.
MM INDICATES DATA IS MISSING.
T  INDICATES TRACE AMOUNT.




$$
