000
CDUS43 KLMK 310446 CCA
CLIBWG

CLIMATE REPORT
NATIONAL WEATHER SERVICE LOUISVILLE KY
439 PM EST FRI DEC 30 2016


...................................

...THE BOWLING GREEN CLIMATE SUMMARY FOR DECEMBER 30 2016...
VALID TODAY AS OF 0400 PM LOCAL TIME.

CLIMATE NORMAL PERIOD 1981 TO 2010
CLIMATE RECORD PERIOD 1870 TO 2016


WEATHER ITEM   OBSERVED TIME   RECORD YEAR NORMAL DEPARTURE LAST
                VALUE   (LST)  VALUE       VALUE  FROM      YEAR
                                                  NORMAL
..................................................................
TEMPERATURE (F)
 TODAY
  MAXIMUM         46    300 PM  71    1923  45      1       49
  MINIMUM         33    723 AM -12    1880  27      6       39
  AVERAGE         40                        36      4       44

PRECIPITATION (IN)
  TODAY            0.00          2.28 1990   0.13  -0.13      T
  MONTH TO DATE    4.50                      4.67  -0.17     5.23
  SINCE DEC 1      4.50                      4.67  -0.17     5.23
  SINCE JAN 1     46.46                     49.76  -3.30    54.48

SNOWFALL (IN)
  TODAY            0.0           1.0  1970   0.0    0.0      0.0
  MONTH TO DATE    T                         1.1   -1.1       T
  SINCE DEC 1      T                         1.1   -1.1       T
  SINCE JUL 1      T                         1.1   -1.1       T
  SNOW DEPTH       0

DEGREE DAYS
 HEATING
  TODAY           25                        29     -4       21
  MONTH TO DATE  769                       790    -21      413
  SINCE DEC 1    769                       790    -21      413
  SINCE JUL 1   1255                      1553   -298      951

 COOLING
  TODAY            0                         0      0        0
  MONTH TO DATE    0                         0      0        2
  SINCE DEC 1      0                         0      0        2
  SINCE JAN 1   1979                      1491    488     1673
..................................................................


WIND (MPH)
  HIGHEST WIND SPEED    18   HIGHEST WIND DIRECTION    NW (320)
  HIGHEST GUST SPEED    23   HIGHEST GUST DIRECTION    NW (310)
  AVERAGE WIND SPEED     8.8


SKY COVER
  POSSIBLE SUNSHINE  MM
  AVERAGE SKY COVER 0.0


WEATHER CONDITIONS
 THE FOLLOWING WEATHER WAS RECORDED TODAY.
  HAZE


RELATIVE HUMIDITY (PERCENT)
 HIGHEST    52           200 AM
 LOWEST     26           300 PM
 AVERAGE    39

..........................................................


THE BOWLING GREEN CLIMATE NORMALS FOR TOMORROW
                         NORMAL    RECORD    YEAR
 MAXIMUM TEMPERATURE (F)   45        76      1875
 MINIMUM TEMPERATURE (F)   27         1      1976


SUNRISE AND SUNSET
DECEMBER 30 2016......SUNRISE   659 AM CST   SUNSET   439 PM CST
DECEMBER 31 2016......SUNRISE   659 AM CST   SUNSET   439 PM CST


-  INDICATES NEGATIVE NUMBERS.
R  INDICATES RECORD WAS SET OR TIED.
MM INDICATES DATA IS MISSING.
T  INDICATES TRACE AMOUNT.




$$
