000
CDUS43 KLMK 310645
CLIBWG


CLIMATE REPORT
NATIONAL WEATHER SERVICE LOUISVILLE KY
245 AM EDT MON MAR 31 2014


...................................

...THE BOWLING GREEN KY CLIMATE SUMMARY FOR MARCH 30 2014...

CLIMATE NORMAL PERIOD 1981 TO 2010
CLIMATE RECORD PERIOD 1870 TO 2014


WEATHER ITEM   OBSERVED TIME   RECORD YEAR NORMAL DEPARTURE LAST
                VALUE   (LST)  VALUE       VALUE  FROM      YEAR
                                                  NORMAL
..................................................................
TEMPERATURE (F)
 YESTERDAY
  MAXIMUM         60    430 PM  87    1910  65     -5       59
  MINIMUM         36   1159 PM  22    1964  41     -5       44
  AVERAGE         48                        53     -5       52

PRECIPITATION (IN)
  YESTERDAY        0.00          2.70 1914   0.15  -0.15     0.43
  MONTH TO DATE    3.73                      4.26  -0.53     5.20
  SINCE MAR 1      3.73                      4.26  -0.53     5.20
  SINCE JAN 1     10.90                     11.83  -0.93    12.89

SNOWFALL (IN)
  YESTERDAY        0.0           7.5  1987   0.1   -0.1      0.0
  MONTH TO DATE    5.1                       1.1    4.0      2.5
  SINCE MAR 1      5.1                       1.1    4.0      2.5
  SINCE JUL 1     10.4                       8.9    1.5      3.8
  SNOW DEPTH       0

DEGREE DAYS
 HEATING
  YESTERDAY       17                        13      4       13
  MONTH TO DATE  638                       508    130      667
  SINCE MAR 1    638                       508    130      667
  SINCE JUL 1   4247                      3706    541     3562

 COOLING
  YESTERDAY        0                         0      0        0
  MONTH TO DATE    0                         0      0        0
  SINCE MAR 1      0                         0      0        0
  SINCE JAN 1      0                         0      0        0
..................................................................


WIND (MPH)
  HIGHEST WIND SPEED    12   HIGHEST WIND DIRECTION    NW (330)
  HIGHEST GUST SPEED    16   HIGHEST GUST DIRECTION    NW (330)
  AVERAGE WIND SPEED     3.4


SKY COVER
  POSSIBLE SUNSHINE  MM
  AVERAGE SKY COVER 0.3


WEATHER CONDITIONS
 THE FOLLOWING WEATHER WAS RECORDED YESTERDAY.
  NO SIGNIFICANT WEATHER WAS OBSERVED.


RELATIVE HUMIDITY (PERCENT)
 HIGHEST    79          1100 PM
 LOWEST     28           400 PM
 AVERAGE    54

..........................................................


THE BOWLING GREEN KY CLIMATE NORMALS FOR TODAY
                         NORMAL    RECORD    YEAR
 MAXIMUM TEMPERATURE (F)   65        83      1929
                                             1963
                                             1978
 MINIMUM TEMPERATURE (F)   41        19      1923


SUNRISE AND SUNSET
MARCH 31 2014.........SUNRISE   633 AM CDT   SUNSET   707 PM CDT
APRIL  1 2014.........SUNRISE   632 AM CDT   SUNSET   708 PM CDT


-  INDICATES NEGATIVE NUMBERS.
R  INDICATES RECORD WAS SET OR TIED.
MM INDICATES DATA IS MISSING.
T  INDICATES TRACE AMOUNT.




$$
