000
CDUS43 KLMK 022026
CLIBWG


CLIMATE REPORT
NATIONAL WEATHER SERVICE LOUISVILLE KY
426 PM EDT THU NOV 2 2017


...................................

...THE BOWLING GREEN CLIMATE SUMMARY FOR NOVEMBER 2 2017...
VALID TODAY AS OF 0400 PM LOCAL TIME.

CLIMATE NORMAL PERIOD 1981 TO 2010
CLIMATE RECORD PERIOD 1870 TO 2017


WEATHER ITEM   OBSERVED TIME   RECORD YEAR NORMAL DEPARTURE LAST
                VALUE   (LST)  VALUE       VALUE  FROM      YEAR
                                                  NORMAL
..................................................................
TEMPERATURE (F)
 TODAY
  MAXIMUM         71    200 PM  85    2016  65      6       85
                                      1946
  MINIMUM         61    612 AM  20    1954  42     19       53
  AVERAGE         66                        53     13       69

PRECIPITATION (IN)
  TODAY            0.00          2.28 1945   0.13  -0.13     0.00
  MONTH TO DATE    0.17                      0.26  -0.09     0.00
  SINCE SEP 1     10.11                      7.57   2.54     2.13
  SINCE JAN 1     47.19                     41.13   6.06    40.05

SNOWFALL (IN)
  TODAY            0.0           8.0  1966   0.0    0.0      0.0
  MONTH TO DATE    0.0                       0.0    0.0      0.0
  SINCE SEP 1      T                         T      0.0      0.0
  SINCE JUL 1      T                         T      0.0      0.0
  SNOW DEPTH       0

DEGREE DAYS
 HEATING
  TODAY            0                        12    -12        0
  MONTH TO DATE   11                        24    -13        0
  SINCE SEP 1    231                       286    -55       86
  SINCE JUL 1    231                       287    -56       86

 COOLING
  TODAY            1                         0      1        4
  MONTH TO DATE    1                         0      1       11
  SINCE SEP 1    237                       219     18      416
  SINCE JAN 1   1589                      1488    101     1975
..................................................................


WIND (MPH)
  HIGHEST WIND SPEED    17   HIGHEST WIND DIRECTION     S (190)
  HIGHEST GUST SPEED    25   HIGHEST GUST DIRECTION     S (200)
  AVERAGE WIND SPEED    13.4


SKY COVER
  POSSIBLE SUNSHINE  MM
  AVERAGE SKY COVER 0.9


WEATHER CONDITIONS
 THE FOLLOWING WEATHER WAS RECORDED TODAY.
  NO SIGNIFICANT WEATHER WAS OBSERVED.


RELATIVE HUMIDITY (PERCENT)
 HIGHEST    78           100 AM
 LOWEST     67           400 AM
 AVERAGE    73

..........................................................


THE BOWLING GREEN CLIMATE NORMALS FOR TOMORROW
                         NORMAL    RECORD    YEAR
 MAXIMUM TEMPERATURE (F)   65        82      1974
                                             1946
 MINIMUM TEMPERATURE (F)   41        13      1951


SUNRISE AND SUNSET
NOVEMBER  2 2017......SUNRISE   711 AM CDT   SUNSET   547 PM CDT
NOVEMBER  3 2017......SUNRISE   712 AM CDT   SUNSET   546 PM CDT


-  INDICATES NEGATIVE NUMBERS.
R  INDICATES RECORD WAS SET OR TIED.
MM INDICATES DATA IS MISSING.
T  INDICATES TRACE AMOUNT.




$$
