000
CDUS43 KLMK 270630
CLIBWG


CLIMATE REPORT
NATIONAL WEATHER SERVICE LOUISVILLE KY
129 AM EST THU NOV 27 2014


...................................

...THE BOWLING GREEN KY CLIMATE SUMMARY FOR NOVEMBER 26 2014...

CLIMATE NORMAL PERIOD 1981 TO 2010
CLIMATE RECORD PERIOD 1870 TO 2014


WEATHER ITEM   OBSERVED TIME   RECORD YEAR NORMAL DEPARTURE LAST
                VALUE   (LST)  VALUE       VALUE  FROM      YEAR
                                                  NORMAL
..................................................................
TEMPERATURE (F)
 YESTERDAY
  MAXIMUM         47    254 PM  75    1935  55     -8       37
                                      1927
                                      1921
  MINIMUM         26    644 AM  14    1898  34     -8       33
  AVERAGE         37                        44     -7       35

PRECIPITATION (IN)
  YESTERDAY        0.17          2.07 1919   0.16   0.01     0.07
  MONTH TO DATE    2.51                      3.59  -1.08     2.82
  SINCE SEP 1      8.26                     10.90  -2.64    11.95
  SINCE JAN 1     44.42                     44.46  -0.04    54.65

SNOWFALL (IN)
  YESTERDAY        T   R         T    2013   0.1   -0.1       T
                                      2010
                                      1956
  MONTH TO DATE    0.3                       0.1    0.2      1.1
  SINCE SEP 1      0.3                       0.1    0.2      1.1
  SINCE JUL 1      0.3                       0.1    0.2      1.1
  SNOW DEPTH       0

DEGREE DAYS
 HEATING
  YESTERDAY       28                        21      7       30
  MONTH TO DATE  598                       414    184      499
  SINCE SEP 1    816                       676    140      749
  SINCE JUL 1    816                       677    139      749

 COOLING
  YESTERDAY        0                         0      0        0
  MONTH TO DATE    0                         0      0        0
  SINCE SEP 1    211                       219     -8      239
  SINCE JAN 1   1488                      1488      0     1499
..................................................................


WIND (MPH)
  HIGHEST WIND SPEED    10   HIGHEST WIND DIRECTION     S (190)
  HIGHEST GUST SPEED    14   HIGHEST GUST DIRECTION    SE (120)
  AVERAGE WIND SPEED     2.8


SKY COVER
  POSSIBLE SUNSHINE  MM
  AVERAGE SKY COVER 0.3


WEATHER CONDITIONS
 THE FOLLOWING WEATHER WAS RECORDED YESTERDAY.
  LIGHT RAIN
  LIGHT SNOW
  FOG
  HAZE


RELATIVE HUMIDITY (PERCENT)
 HIGHEST    85           200 AM
 LOWEST     33           200 PM
 AVERAGE    59

..........................................................


THE BOWLING GREEN KY CLIMATE NORMALS FOR TODAY
                         NORMAL    RECORD    YEAR
 MAXIMUM TEMPERATURE (F)   54        78      1990
                                             1927
 MINIMUM TEMPERATURE (F)   34        13      1903


SUNRISE AND SUNSET
NOVEMBER 27 2014......SUNRISE   636 AM CST   SUNSET   430 PM CST
NOVEMBER 28 2014......SUNRISE   637 AM CST   SUNSET   430 PM CST


-  INDICATES NEGATIVE NUMBERS.
R  INDICATES RECORD WAS SET OR TIED.
MM INDICATES DATA IS MISSING.
T  INDICATES TRACE AMOUNT.




$$
