000
CDUS43 KLMK 182031
CLIBWG


CLIMATE REPORT
NATIONAL WEATHER SERVICE LOUISVILLE KY
430 PM EDT THU SEP 18 2014


...................................

...THE BOWLING GREEN CLIMATE SUMMARY FOR SEPTEMBER 18 2014...
VALID TODAY AS OF 0400 PM LOCAL TIME.

CLIMATE NORMAL PERIOD 1981 TO 2010
CLIMATE RECORD PERIOD 1870 TO 2014


WEATHER ITEM   OBSERVED TIME   RECORD YEAR NORMAL DEPARTURE LAST
                VALUE   (LST)  VALUE       VALUE  FROM      YEAR
                                                  NORMAL
..................................................................
TEMPERATURE (F)
 TODAY
  MAXIMUM         77    209 PM 100    1931  81     -4       81
  MINIMUM         52    527 AM  35    1903  57     -5       63
  AVERAGE         65                        69     -4       72

PRECIPITATION (IN)
  TODAY            0.00          1.85 1915   0.13  -0.13     0.00
  MONTH TO DATE    0.14                      2.36  -2.22     3.50
  SINCE SEP 1      0.14                      2.36  -2.22     3.50
  SINCE JAN 1     36.30                     35.92   0.38    46.20

SNOWFALL (IN)
  TODAY            0.0           0.0    MM   0.0    0.0      0.0
  MONTH TO DATE    0.0                       0.0    0.0      0.0
  SINCE SEP 1      0.0                       0.0    0.0      0.0
  SINCE JUL 1      0.0                       0.0    0.0      0.0
  SNOW DEPTH       0

DEGREE DAYS
 HEATING
  TODAY            0                         1     -1        0
  MONTH TO DATE   15                         5     10        6
  SINCE SEP 1     15                         5     10        6
  SINCE JUL 1     15                         6      9        6

 COOLING
  TODAY            0                         5     -5        7
  MONTH TO DATE  127                       140    -13      151
  SINCE SEP 1    127                       140    -13      151
  SINCE JAN 1   1404                      1409     -5     1411
..................................................................


WIND (MPH)
  HIGHEST WIND SPEED    13   HIGHEST WIND DIRECTION    NE (40)
  HIGHEST GUST SPEED    19   HIGHEST GUST DIRECTION    NE (30)
  AVERAGE WIND SPEED     2.7


SKY COVER
  POSSIBLE SUNSHINE   0 PERCENT
  AVERAGE SKY COVER 0.0


WEATHER CONDITIONS
 THE FOLLOWING WEATHER WAS RECORDED TODAY.
  NO SIGNIFICANT WEATHER WAS OBSERVED.


RELATIVE HUMIDITY (PERCENT)
 HIGHEST    MM
 LOWEST     MM
 AVERAGE    MM

..........................................................


THE BOWLING GREEN CLIMATE NORMALS FOR TOMORROW
                         NORMAL    RECORD    YEAR
 MAXIMUM TEMPERATURE (F)   81       100      1931
                                             1925
 MINIMUM TEMPERATURE (F)   57        36      1903


SUNRISE AND SUNSET
SEPTEMBER 18 2014.....SUNRISE   630 AM CDT   SUNSET   649 PM CDT
SEPTEMBER 19 2014.....SUNRISE   631 AM CDT   SUNSET   647 PM CDT


-  INDICATES NEGATIVE NUMBERS.
R  INDICATES RECORD WAS SET OR TIED.
MM INDICATES DATA IS MISSING.
T  INDICATES TRACE AMOUNT.




$$
