000
CDUS43 KLMK 212026
CLIBWG


CLIMATE REPORT
NATIONAL WEATHER SERVICE LOUISVILLE KY
425 PM EDT MON APR 21 2014


...................................

...THE BOWLING GREEN CLIMATE SUMMARY FOR APRIL 21 2014...
VALID TODAY AS OF 0400 PM LOCAL TIME.

CLIMATE NORMAL PERIOD 1981 TO 2010
CLIMATE RECORD PERIOD 1870 TO 2014


WEATHER ITEM   OBSERVED TIME   RECORD YEAR NORMAL DEPARTURE LAST
                VALUE   (LST)  VALUE       VALUE  FROM      YEAR
                                                  NORMAL
..................................................................
TEMPERATURE (F)
 TODAY
  MAXIMUM         77    200 PM  89    1963  71      6       65
  MINIMUM         47        MM  24    1888  47      0       37
  AVERAGE         62                        59      3       51

PRECIPITATION (IN)
  TODAY            0.00          1.89 1967   0.15  -0.15     0.00
  MONTH TO DATE    3.05                      2.91   0.14     3.29
  SINCE MAR 1      6.78                      7.32  -0.54     8.50
  SINCE JAN 1     13.95                     14.89  -0.94    16.19

SNOWFALL (IN)
  TODAY            0.0           0.0    MM   0.0    0.0      0.0
  MONTH TO DATE    T                         0.2   -0.2      0.0
  SINCE MAR 1      5.1                       1.3    3.8      2.5
  SINCE JUL 1     10.4                       9.1    1.3      3.8
  SNOW DEPTH       0

DEGREE DAYS
 HEATING
  TODAY            3                         7     -4       14
  MONTH TO DATE  163                       200    -37      180
  SINCE MAR 1    816                       720     96      857
  SINCE JUL 1   4425                      3918    507     3752

 COOLING
  TODAY            0                         1     -1        0
  MONTH TO DATE   12                        20     -8       53
  SINCE MAR 1     12                        25    -13       53
  SINCE JAN 1     12                        25    -13       53
..................................................................


WIND (MPH)
  HIGHEST WIND SPEED    13   HIGHEST WIND DIRECTION    SW (230)
  HIGHEST GUST SPEED    MM   HIGHEST GUST DIRECTION    MM
  AVERAGE WIND SPEED     4.5


SKY COVER
  POSSIBLE SUNSHINE  MM
  AVERAGE SKY COVER 0.0


WEATHER CONDITIONS
 THE FOLLOWING WEATHER WAS RECORDED TODAY.
  NO SIGNIFICANT WEATHER WAS OBSERVED.


RELATIVE HUMIDITY (PERCENT)
 HIGHEST    86           200 AM
 LOWEST     33           200 PM
 AVERAGE    60

..........................................................


THE BOWLING GREEN CLIMATE NORMALS FOR TOMORROW
                         NORMAL    RECORD    YEAR
 MAXIMUM TEMPERATURE (F)   72        89      1873
 MINIMUM TEMPERATURE (F)   48        31      1927


SUNRISE AND SUNSET
APRIL 21 2014.........SUNRISE   604 AM CDT   SUNSET   726 PM CDT
APRIL 22 2014.........SUNRISE   602 AM CDT   SUNSET   727 PM CDT


-  INDICATES NEGATIVE NUMBERS.
R  INDICATES RECORD WAS SET OR TIED.
MM INDICATES DATA IS MISSING.
T  INDICATES TRACE AMOUNT.




$$
