000
CDUS43 KLMK 302033
CLIBWG


CLIMATE REPORT
NATIONAL WEATHER SERVICE LOUISVILLE KY
433 PM EDT SUN AUG 30 2015


...................................

...THE BOWLING GREEN CLIMATE SUMMARY FOR AUGUST 30 2015...
VALID TODAY AS OF 0400 PM LOCAL TIME.

CLIMATE NORMAL PERIOD 1981 TO 2010
CLIMATE RECORD PERIOD 1870 TO 2015


WEATHER ITEM   OBSERVED TIME   RECORD YEAR NORMAL DEPARTURE LAST
                VALUE   (LST)  VALUE       VALUE  FROM      YEAR
                                                  NORMAL
..................................................................
TEMPERATURE (F)
 TODAY
  MAXIMUM         88    151 PM  99    1993  87      1       85
                                      1924
  MINIMUM         65    356 AM  46    1946  64      1       69
  AVERAGE         77                        76      1       77

PRECIPITATION (IN)
  TODAY            0.00          3.48 1982   0.12  -0.12     0.99
  MONTH TO DATE    1.54                      3.21  -1.67    10.25
  SINCE JUN 1     10.82                     11.51  -0.69    14.50
  SINCE JAN 1     35.01                     33.44   1.57    35.08

SNOWFALL (IN)
  TODAY            0.0           0.0    MM   0.0    0.0      0.0
  MONTH TO DATE    0.0                       0.0    0.0      0.0
  SINCE JUN 1      0.0                       0.0    0.0      0.0
  SINCE JUL 1      0.0                       0.0    0.0      0.0
  SNOW DEPTH       0

DEGREE DAYS
 HEATING
  TODAY            0                         0      0        0
  MONTH TO DATE    0                         0      0        0
  SINCE JUN 1      3                         5     -2        0
  SINCE JUL 1      0                         0      0        0

 COOLING
  TODAY           12                        11      1       12
  MONTH TO DATE  308                       376    -68      403
  SINCE JUN 1   1169                      1104     65     1069
  SINCE JAN 1   1372                      1257    115     1266
..................................................................


WIND (MPH)
  HIGHEST WIND SPEED    15   HIGHEST WIND DIRECTION    SW (220)
  HIGHEST GUST SPEED    21   HIGHEST GUST DIRECTION     S (170)
  AVERAGE WIND SPEED     6.0


SKY COVER
  POSSIBLE SUNSHINE  MM
  AVERAGE SKY COVER 0.3


WEATHER CONDITIONS
 THE FOLLOWING WEATHER WAS RECORDED TODAY.
  FOG


RELATIVE HUMIDITY (PERCENT)
 HIGHEST   100           400 AM
 LOWEST     48           200 PM
 AVERAGE    74

..........................................................


THE BOWLING GREEN CLIMATE NORMALS FOR TOMORROW
                         NORMAL    RECORD    YEAR
 MAXIMUM TEMPERATURE (F)   87       102      1932
 MINIMUM TEMPERATURE (F)   64        42      1946


SUNRISE AND SUNSET
AUGUST 30 2015........SUNRISE   615 AM CDT   SUNSET   717 PM CDT
AUGUST 31 2015........SUNRISE   616 AM CDT   SUNSET   716 PM CDT


-  INDICATES NEGATIVE NUMBERS.
R  INDICATES RECORD WAS SET OR TIED.
MM INDICATES DATA IS MISSING.
T  INDICATES TRACE AMOUNT.




$$
