000
CDUS43 KLMK 270633
CLIBWG


CLIMATE REPORT
NATIONAL WEATHER SERVICE LOUISVILLE KY
131 AM EST TUE JAN 27 2015


...................................

...THE BOWLING GREEN KY CLIMATE SUMMARY FOR JANUARY 26 2015...

CLIMATE NORMAL PERIOD 1981 TO 2010
CLIMATE RECORD PERIOD 1870 TO 2015


WEATHER ITEM   OBSERVED TIME   RECORD YEAR NORMAL DEPARTURE LAST
                VALUE   (LST)  VALUE       VALUE  FROM      YEAR
                                                  NORMAL
..................................................................
TEMPERATURE (F)
 YESTERDAY
  MAXIMUM         41    111 AM  71    1962  46     -5       60
  MINIMUM         30    920 AM -10    1948  27      3       16
  AVERAGE         36                        36      0       38

PRECIPITATION (IN)
  YESTERDAY        0.07          1.90 1902   0.12  -0.05     0.00
  MONTH TO DATE    1.84                      2.98  -1.14     1.75
  SINCE DEC 1      3.53                      7.78  -4.25     6.76
  SINCE JAN 1      1.84                      2.98  -1.14     1.75

SNOWFALL (IN)
  YESTERDAY        1.1           8.0  1907   0.1    1.0      0.0
  MONTH TO DATE    3.4                       2.6    0.8      2.1
  SINCE DEC 1      3.4                       3.8   -0.4      2.2
  SINCE JUL 1      3.7                       3.8   -0.1      3.3
  SNOW DEPTH       0

DEGREE DAYS
 HEATING
  YESTERDAY       29                        29      0       27
  MONTH TO DATE  793                       767     26      888
  SINCE DEC 1   1509                      1588    -79     1695
  SINCE JUL 1   2406                      2351     55     2575

 COOLING
  YESTERDAY        0                         0      0        0
  MONTH TO DATE    0                         0      0        0
  SINCE DEC 1      0                         1     -1        2
  SINCE JAN 1      0                         0      0        0
..................................................................


WIND (MPH)
  HIGHEST WIND SPEED    18   HIGHEST WIND DIRECTION    NW (310)
  HIGHEST GUST SPEED    30   HIGHEST GUST DIRECTION    NW (300)
  AVERAGE WIND SPEED     6.8


SKY COVER
  POSSIBLE SUNSHINE  MM
  AVERAGE SKY COVER 1.0


WEATHER CONDITIONS
 THE FOLLOWING WEATHER WAS RECORDED YESTERDAY.
  LIGHT SNOW
  FOG


RELATIVE HUMIDITY (PERCENT)
 HIGHEST    92           600 PM
 LOWEST     69           100 PM
 AVERAGE    81

..........................................................


THE BOWLING GREEN KY CLIMATE NORMALS FOR TODAY
                         NORMAL    RECORD    YEAR
 MAXIMUM TEMPERATURE (F)   46        70      1944
 MINIMUM TEMPERATURE (F)   27        -9      1963


SUNRISE AND SUNSET
JANUARY 27 2015.......SUNRISE   652 AM CST   SUNSET   505 PM CST
JANUARY 28 2015.......SUNRISE   651 AM CST   SUNSET   506 PM CST


-  INDICATES NEGATIVE NUMBERS.
R  INDICATES RECORD WAS SET OR TIED.
MM INDICATES DATA IS MISSING.
T  INDICATES TRACE AMOUNT.




$$
