000
CDUS43 KLMK 252129
CLIBWG


CLIMATE REPORT
NATIONAL WEATHER SERVICE LOUISVILLE KY
429 PM EST THU DEC 25 2014


...................................

...THE BOWLING GREEN CLIMATE SUMMARY FOR DECEMBER 25 2014...
VALID TODAY AS OF 0400 PM LOCAL TIME.

CLIMATE NORMAL PERIOD 1981 TO 2010
CLIMATE RECORD PERIOD 1870 TO 2014


WEATHER ITEM   OBSERVED TIME   RECORD YEAR NORMAL DEPARTURE LAST
                VALUE   (LST)  VALUE       VALUE  FROM      YEAR
                                                  NORMAL
..................................................................
TEMPERATURE (F)
 TODAY
  MAXIMUM         48    302 PM  70    1982  46      2       43
  MINIMUM         39    716 AM  -7    1983  28     11       16
  AVERAGE         44                        36      8       30

PRECIPITATION (IN)
  TODAY            0.01          2.96 1987   0.15  -0.14     0.00
  MONTH TO DATE    1.46                      3.99  -2.53     4.54
  SINCE DEC 1      1.46                      3.99  -2.53     4.54
  SINCE JAN 1     45.89                     49.08  -3.19    59.19

SNOWFALL (IN)
  TODAY            0.0           4.5  1935   0.1   -0.1      0.0
  MONTH TO DATE    T                         0.8   -0.8      0.1
  SINCE DEC 1      T                         0.8   -0.8      0.1
  SINCE JUL 1      0.3                       0.8   -0.5      1.2
  SNOW DEPTH       0

DEGREE DAYS
 HEATING
  TODAY           21                        28     -7       35
  MONTH TO DATE  553                       645    -92      621
  SINCE DEC 1    553                       645    -92      621
  SINCE JUL 1   1450                      1408     42     1501

 COOLING
  TODAY            0                         0      0        0
  MONTH TO DATE    0                         0      0        2
  SINCE DEC 1      0                         0      0        2
  SINCE JAN 1   1488                      1491     -3     1501
..................................................................


WIND (MPH)
  HIGHEST WIND SPEED    15   HIGHEST WIND DIRECTION     S (180)
  HIGHEST GUST SPEED    18   HIGHEST GUST DIRECTION    SW (230)
  AVERAGE WIND SPEED     8.1


SKY COVER
  POSSIBLE SUNSHINE  MM
  AVERAGE SKY COVER 0.9


WEATHER CONDITIONS
 THE FOLLOWING WEATHER WAS RECORDED TODAY.
  LIGHT RAIN


RELATIVE HUMIDITY (PERCENT)
 HIGHEST    85           600 AM
 LOWEST     60           100 PM
 AVERAGE    73

..........................................................


THE BOWLING GREEN CLIMATE NORMALS FOR TOMORROW
                         NORMAL    RECORD    YEAR
 MAXIMUM TEMPERATURE (F)   46        71      1942
 MINIMUM TEMPERATURE (F)   27         3      1903


SUNRISE AND SUNSET
DECEMBER 25 2014......SUNRISE   657 AM CST   SUNSET   435 PM CST
DECEMBER 26 2014......SUNRISE   657 AM CST   SUNSET   435 PM CST


-  INDICATES NEGATIVE NUMBERS.
R  INDICATES RECORD WAS SET OR TIED.
MM INDICATES DATA IS MISSING.
T  INDICATES TRACE AMOUNT.




$$
