000
CDUS43 KLMK 300645
CLIBWG


CLIMATE REPORT
NATIONAL WEATHER SERVICE LOUISVILLE KY
245 AM EDT SAT AUG 30 2014


...................................

...THE BOWLING GREEN KY CLIMATE SUMMARY FOR AUGUST 29 2014...

CLIMATE NORMAL PERIOD 1981 TO 2010
CLIMATE RECORD PERIOD 1870 TO 2014


WEATHER ITEM   OBSERVED TIME   RECORD YEAR NORMAL DEPARTURE LAST
                VALUE   (LST)  VALUE       VALUE  FROM      YEAR
                                                  NORMAL
..................................................................
TEMPERATURE (F)
 YESTERDAY
  MAXIMUM         91    227 PM 101    1925  88      3       92
  MINIMUM         71   1159 PM  43    1986  64      7       73
  AVERAGE         81                        76      5       83

PRECIPITATION (IN)
  YESTERDAY        0.00          1.66 1994   0.12  -0.12     0.00
  MONTH TO DATE    9.26                      3.09   6.17     5.88
  SINCE JUN 1     13.51                     11.39   2.12    17.92
  SINCE JAN 1     34.09                     33.32   0.77    42.45

SNOWFALL (IN)
  YESTERDAY        0.0           0.0    MM   0.0    0.0      0.0
  MONTH TO DATE    0.0                       0.0    0.0      0.0
  SINCE JUN 1      0.0                       0.0    0.0      0.0
  SINCE JUL 1      0.0                       0.0    0.0      0.0
  SNOW DEPTH       0

DEGREE DAYS
 HEATING
  YESTERDAY        0                         0      0        0
  MONTH TO DATE    0                         0      0        0
  SINCE JUN 1      0                         5     -5        0
  SINCE JUL 1      0                         0      0        0

 COOLING
  YESTERDAY       16                        11      5       18
  MONTH TO DATE  391                       365     26      321
  SINCE JUN 1   1057                      1093    -36     1011
  SINCE JAN 1   1254                      1246      8     1224
..................................................................


WIND (MPH)
  HIGHEST WIND SPEED    16   HIGHEST WIND DIRECTION    SW (220)
  HIGHEST GUST SPEED    24   HIGHEST GUST DIRECTION    SW (220)
  AVERAGE WIND SPEED     5.4


SKY COVER
  POSSIBLE SUNSHINE  MM
  AVERAGE SKY COVER 0.0


WEATHER CONDITIONS
 THE FOLLOWING WEATHER WAS RECORDED YESTERDAY.
  FOG


RELATIVE HUMIDITY (PERCENT)
 HIGHEST   100          1200 AM
 LOWEST     34           100 PM
 AVERAGE    67

..........................................................


THE BOWLING GREEN KY CLIMATE NORMALS FOR TODAY
                         NORMAL    RECORD    YEAR
 MAXIMUM TEMPERATURE (F)   87        99      1993
                                             1924
 MINIMUM TEMPERATURE (F)   64        46      1946


SUNRISE AND SUNSET
AUGUST 30 2014........SUNRISE   615 AM CDT   SUNSET   717 PM CDT
AUGUST 31 2014........SUNRISE   616 AM CDT   SUNSET   716 PM CDT


-  INDICATES NEGATIVE NUMBERS.
R  INDICATES RECORD WAS SET OR TIED.
MM INDICATES DATA IS MISSING.
T  INDICATES TRACE AMOUNT.




$$
